000
CXUS53 KDDC 011346
CLMDGC


CLIMATE REPORT
NATIONAL WEATHER SERVICE DODGE CITY KS
845 AM CDT SAT JUN 1 2013

...................................

...THE DODGE CITY KS CLIMATE SUMMARY FOR THE MONTH OF MAY 2013...

CLIMATE NORMAL PERIOD 1981 TO 2010
CLIMATE RECORD PERIOD 1875 TO 2013

WEATHER         OBSERVED          NORMAL  DEPART  LAST YEAR`S
                 VALUE   DATE(S)  VALUE   FROM    VALUE  DATE(S)
                                          NORMAL
................................................................
TEMPERATURE (F)
RECORD
 HIGH             106   05/29/2011
 LOW               19   05/01/1909
HIGHEST           102   05/18        76      26      101  05/25
LOWEST             25   05/03        52     -27       39  05/09
AVG. MAXIMUM     80.3              76.9     3.4     85.2
AVG. MINIMUM     49.6              51.5    -1.9     53.0
MEAN             65.0              64.2     0.8     69.1
DAYS MAX >= 90      7               2.9     4.1       11
DAYS MAX <= 32      0               0.0     0.0        0
DAYS MIN <= 32      5               0.1     4.9        0
DAYS MIN <= 0       0               0.0     0.0        0

PRECIPITATION (INCHES)
RECORD
 MAXIMUM        12.82   1881
 MINIMUM         0.25   2004
TOTALS           0.91              2.85   -1.94     0.61
DAYS >= .01         5               8.9    -3.9        4
DAYS >= .10         3               5.1    -2.1        2
DAYS >= .50         0               2.0    -2.0        0
DAYS >= 1.00        0               0.6    -0.6        0
GREATEST
 24 HR. TOTAL    0.33   05/30 TO 05/30           05/30 TO 05/30
                        05/29 TO 05/30                    05/29 TO 05/30
                        05/30 TO 05/30                    05/30 TO 05/30

SNOWFALL (INCHES)
RECORDS
 TOTAL            0.9   1978
 24 HR TOTAL       MM
 SNOW DEPTH        MM   MM
TOTALS            1.0R              0.0     1.0      0.0
SINCE 7/1        26.7              21.1     5.6      7.7
SNOWDEPTH AVG.      0                MM      MM        0
DAYS >= 1.0         1               0.0     1.0        0
GREATEST
 SNOW DEPTH         1   05/02                          0  MM
 24 HR TOTAL      1.0   05/02 TO 05/02           05/31 TO 05/31
                                                          05/30 TO 05/30
                                                          05/30 TO 05/30

DEGREE_DAYS
HEATING TOTAL     138               115      23       42
 SINCE 7/1       5033              4954      79     4296
COOLING TOTAL     143                90      53      179
 SINCE 1/1        162               109      53      217
.................................................

WIND (MPH)
AVERAGE WIND SPEED              14.3
HIGHEST WIND SPEED/DIRECTION    46/320    DATE  05/08
HIGHEST GUST SPEED/DIRECTION    60/320    DATE  05/08

SKY COVER
POSSIBLE SUNSHINE (PERCENT)   MM
AVERAGE SKY COVER           0.20
NUMBER OF DAYS FAIR           22
NUMBER OF DAYS PC              7
NUMBER OF DAYS CLOUDY          2


WEATHER CONDITIONS. NUMBER OF DAYS WITH
THUNDERSTORM              0     MIXED PRECIP               0
HEAVY RAIN                3     RAIN                       1
LIGHT RAIN               10     FREEZING RAIN              0
LT FREEZING RAIN          2     HAIL                       0
HEAVY SNOW                0     SNOW                       0
LIGHT SNOW                2     SLEET                      0
FOG                      14     FOG W/VIS <= 1/4 MILE      2
HAZE                      9

-  INDICATES NEGATIVE NUMBERS.
R  INDICATES RECORD WAS SET OR TIED.
MM INDICATES DATA IS MISSING.
T  INDICATES TRACE AMOUNT.

$$
