000
CXUS53 KDDC 011503
CLMDGC


CLIMATE REPORT
NATIONAL WEATHER SERVICE DODGE CITY KS
903 AM CST SUN NOV 1 2015

...................................

...THE DODGE CITY KS CLIMATE SUMMARY FOR THE MONTH OF OCTOBER 2015...

CLIMATE NORMAL PERIOD 1981 TO 2010
CLIMATE RECORD PERIOD 1875 TO 2015

WEATHER         OBSERVED          NORMAL  DEPART  LAST YEAR`S
                 VALUE   DATE(S)  VALUE   FROM    VALUE  DATE(S)
                                          NORMAL
................................................................
TEMPERATURE (F)
RECORD
 HIGH              98   10/03/2006
 LOW               10   10/27/1878
HIGHEST            91   10/11        71      20       90  10/25
LOWEST             30   10/29        44     -14       31  10/31
AVG. MAXIMUM     70.6              69.7     0.9     73.8
AVG. MINIMUM     46.4              43.4     3.0     45.5
MEAN             58.5              56.6     1.9     59.7
DAYS MAX >= 90      1               0.8     0.2        1
DAYS MAX <= 32      0               0.1    -0.1        0
DAYS MIN <= 32      1               3.0    -2.0        1
DAYS MIN <= 0       0               0.0     0.0        0

PRECIPITATION (INCHES)
RECORD
 MAXIMUM         5.00   2008
 MINIMUM         0.00   1952
                        1879
TOTALS           3.22              1.74    1.48     2.14
DAYS >= .01         8               6.1     1.9        7
DAYS >= .10         5               3.1     1.9        3
DAYS >= .50         2               1.0     1.0        2
DAYS >= 1.00        1               0.4     0.6        1
GREATEST
 24 HR. TOTAL    1.92   10/21 TO 10/22           10/09 TO 10/10
                                                          10/31 TO 10/31
                                                          10/31 TO 10/31

SNOWFALL (INCHES)
RECORDS
 TOTAL            4.5   1991
 24 HR TOTAL       MM
 SNOW DEPTH        MM   MM
TOTALS            0.0               0.4    -0.4      0.0
SINCE 7/1         0.0               0.4    -0.4      0.0
SNOWDEPTH AVG.      0                MM      MM        0
DAYS >= 1.0         0               0.1    -0.1        0
GREATEST
 SNOW DEPTH         0   MM                             0  MM
 24 HR TOTAL      0.0   10/31 TO 10/31           10/31 TO 10/31
                                                          10/31 TO 10/31
                                                          10/31 TO 10/31

DEGREE_DAYS
HEATING TOTAL     213               291     -78      191
 SINCE 7/1        226               356    -130      253
COOLING TOTAL      22                29      -7       36
 SINCE 1/1       1512              1462      50     1475
..................................................

WIND (MPH)
AVERAGE WIND SPEED              11.5
RESULTANT WIND SPEED/DIRECTION   5/162
HIGHEST WIND SPEED/DIRECTION    36/190    DATE  10/18
HIGHEST GUST SPEED/DIRECTION    46/190    DATE  10/19

SKY COVER
POSSIBLE SUNSHINE (PERCENT)   MM
AVERAGE SKY COVER           0.30
NUMBER OF DAYS FAIR           19
NUMBER OF DAYS PC              7
NUMBER OF DAYS CLOUDY          5


WEATHER CONDITIONS. NUMBER OF DAYS WITH
THUNDERSTORM              0     MIXED PRECIP               0
HEAVY RAIN                3     RAIN                       4
LIGHT RAIN               11     FREEZING RAIN              0
LT FREEZING RAIN          0     HAIL                       0
HEAVY SNOW                0     SNOW                       0
LIGHT SNOW                0     SLEET                      0
FOG                      10     FOG W/VIS <= 1/4 MILE      0
HAZE                      8

-  INDICATES NEGATIVE NUMBERS.
R  INDICATES RECORD WAS SET OR TIED.
MM INDICATES DATA IS MISSING.
T  INDICATES TRACE AMOUNT.

$$
