000
CXUS53 KDDC 011341
CLMDGC


CLIMATE REPORT
NATIONAL WEATHER SERVICE DODGE CITY KS
835 AM CDT THU OCT 1 2015

...................................

...THE DODGE CITY KS CLIMATE SUMMARY FOR THE MONTH OF SEPTEMBER 2015...

CLIMATE NORMAL PERIOD 1981 TO 2010
CLIMATE RECORD PERIOD 1875 TO 2015

WEATHER         OBSERVED          NORMAL  DEPART  LAST YEAR`S
                 VALUE   DATE(S)  VALUE   FROM    VALUE  DATE(S)
                                          NORMAL
................................................................
TEMPERATURE (F)
RECORD
 HIGH             107   09/01/2011
 LOW               29   09/22/1995
                        09/30/1985
HIGHEST           100   09/07        81      19      100  09/09
                        09/02
LOWEST             43   09/19        57     -14       35  09/13
AVG. MAXIMUM     87.6              82.4     5.2     83.1
AVG. MINIMUM     60.7              56.0     4.7     56.1
MEAN             74.2              69.2     5.0     69.6
DAYS MAX >= 90     15               7.6     7.4        7
DAYS MAX <= 32      0               0.0     0.0        0
DAYS MIN <= 32      0               0.1    -0.1        0
DAYS MIN <= 0       0               0.0     0.0        0

PRECIPITATION (INCHES)
RECORD
 MAXIMUM         9.26   1906
 MINIMUM         0.01   1998
                        1980
                        1947
TOTALS           1.01              1.67   -0.66     1.66
DAYS >= .01         6               5.7     0.3        7
DAYS >= .10         3               3.0     0.0        3
DAYS >= .50         0               1.1    -1.1        1
DAYS >= 1.00        0               0.5    -0.5        0
GREATEST
 24 HR. TOTAL    0.67   09/07 TO 09/08           09/23 TO 09/23

SNOWFALL (INCHES)
RECORDS
 TOTAL            1.4   1995
 24 HR TOTAL      1.4   1995
 SNOW DEPTH         0
TOTALS            0.0               0.0     0.0      0.0
SINCE 7/1         0.0               0.0     0.0      0.0
SNOWDEPTH AVG.      0                MM      MM        0
DAYS >= 1.0         0               0.0     0.0        0
GREATEST
 SNOW DEPTH         0   MM                             0  MM
 24 HR TOTAL      0.0   09/30 TO 09/30           09/30 TO 09/30

DEGREE_DAYS
HEATING TOTAL      11                61     -50       49
 SINCE 7/1         13                65     -52       62
COOLING TOTAL     292               187     105      194
 SINCE 1/1       1490              1433      57     1439
.................................................

WIND (MPH)
AVERAGE WIND SPEED              12.9
RESULTANT WIND SPEED/DIRECTION   9/168
HIGHEST WIND SPEED/DIRECTION    36/170    DATE  09/15
HIGHEST GUST SPEED/DIRECTION    42/170    DATE  09/15

SKY COVER
POSSIBLE SUNSHINE (PERCENT)   MM
AVERAGE SKY COVER           0.20
NUMBER OF DAYS FAIR           21
NUMBER OF DAYS PC              9
NUMBER OF DAYS CLOUDY          0


WEATHER CONDITIONS. NUMBER OF DAYS WITH
THUNDERSTORM              6     MIXED PRECIP               0
HEAVY RAIN                3     RAIN                       3
LIGHT RAIN                7     FREEZING RAIN              0
LT FREEZING RAIN          0     HAIL                       0
HEAVY SNOW                0     SNOW                       0
LIGHT SNOW                0     SLEET                      0
FOG                      13     FOG W/VIS <= 1/4 MILE      3
HAZE                      6

-  INDICATES NEGATIVE NUMBERS.
R  INDICATES RECORD WAS SET OR TIED.
MM INDICATES DATA IS MISSING.
T  INDICATES TRACE AMOUNT.

$$
