000
CXUS53 KDDC 011654
CLMDGC


CLIMATE REPORT
NATIONAL WEATHER SERVICE DODGE CITY KS
1043 AM CST SAT MAR 1 2014

...................................

...THE DODGE CITY KS CLIMATE SUMMARY FOR THE MONTH OF FEBRUARY 2014...

CLIMATE NORMAL PERIOD 1981 TO 2010
CLIMATE RECORD PERIOD 1875 TO 2014

WEATHER         OBSERVED          NORMAL  DEPART  LAST YEAR`S
                 VALUE   DATE(S)  VALUE   FROM    VALUE  DATE(S)
                                          NORMAL
................................................................
TEMPERATURE (F)
RECORD
 HIGH              86   02/01/1963
 LOW              -26   02/12/1899
HIGHEST            73   02/18        47      26       70  02/17
LOWEST             -3   02/05        23     -26        3  02/22
AVG. MAXIMUM     39.2              48.4    -9.2     47.0
AVG. MINIMUM     17.1              23.4    -6.3     20.6
MEAN             28.2              35.9    -7.7     33.8
DAYS MAX >= 90      0               0.0     0.0        0
DAYS MAX <= 32     12               4.0     8.0        3
DAYS MIN <= 32     27              22.7     4.3       27
DAYS MIN <= 0       1               0.8     0.2        0

PRECIPITATION (INCHES)
RECORD
 MAXIMUM         2.94   1911
 MINIMUM         0.00   1991
                        1896
                        1880
TOTALS           0.60              0.68   -0.08     0.90
DAYS >= .01         5               4.8     0.2        3
DAYS >= .10         2               2.1    -0.1        3
DAYS >= .50         0               0.2    -0.2        0
DAYS >= 1.00        0               0.0     0.0        0
GREATEST
 24 HR. TOTAL    0.33   02/04 TO 02/04           02/20 TO 02/21
                                                          02/21 TO 02/21
                                                          02/21 TO 02/21

SNOWFALL (INCHES)
RECORDS
 TOTAL           27.7   1903
 24 HR TOTAL       MM
 SNOW DEPTH        MM   MM
TOTALS           10.0               3.9     6.1     14.3
SINCE 7/1        24.5              15.1     9.4     23.4
SNOWDEPTH AVG.      2                MM      MM        2
DAYS >= 1.0         3               1.1     1.9        3
GREATEST
 SNOW DEPTH         7   02/11                         11  02/23
                                                          02/22
 24 HR TOTAL      5.5   02/04 TO 02/04           02/20 TO 02/21
                                                          02/21 TO 02/21
                                                          02/21 TO 02/21

DEGREE_DAYS
HEATING TOTAL    1022               815     207      863
 SINCE 7/1       4157              3847     310     3711
COOLING TOTAL       0                 0       0        0
 SINCE 1/1          0                 0       0        0
..................................................

WIND (MPH)
AVERAGE WIND SPEED              12.8
RESULTANT WIND SPEED/DIRECTION   1/029
HIGHEST WIND SPEED/DIRECTION    48/360    DATE  02/20
HIGHEST GUST SPEED/DIRECTION    60/360    DATE  02/20

SKY COVER
POSSIBLE SUNSHINE (PERCENT)   MM
AVERAGE SKY COVER           0.40
NUMBER OF DAYS FAIR           17
NUMBER OF DAYS PC              5
NUMBER OF DAYS CLOUDY          6


WEATHER CONDITIONS. NUMBER OF DAYS WITH
THUNDERSTORM              0     MIXED PRECIP               0
HEAVY RAIN                0     RAIN                       0
LIGHT RAIN                0     FREEZING RAIN              0
LT FREEZING RAIN          0     HAIL                       0
HEAVY SNOW                0     SNOW                       2
LIGHT SNOW               10     SLEET                      0
FOG                      11     FOG W/VIS <= 1/4 MILE      3
HAZE                      9

-  INDICATES NEGATIVE NUMBERS.
R  INDICATES RECORD WAS SET OR TIED.
MM INDICATES DATA IS MISSING.
T  INDICATES TRACE AMOUNT.

$$
