575
CXUS53 KDDC 011440
CLMDGC


CLIMATE REPORT
NATIONAL WEATHER SERVICE DODGE CITY KS
935 AM CDT THU SEP 1 2016

...................................

...THE DODGE CITY KS CLIMATE SUMMARY FOR THE MONTH OF AUGUST 2016...

CLIMATE NORMAL PERIOD 1981 TO 2010
CLIMATE RECORD PERIOD 1875 TO 2016

WEATHER         OBSERVED          NORMAL  DEPART  LAST YEAR`S
                 VALUE   DATE(S)  VALUE   FROM    VALUE  DATE(S)
                                          NORMAL
................................................................
TEMPERATURE (F)
RECORD
 HIGH             109   08/13/1936
                        08/12/1936
 LOW               43   08/30/1915
HIGHEST           100   08/01        91       9      104  08/08
LOWEST             52   08/21        66     -14       49  08/24
AVG. MAXIMUM     88.9              90.8    -1.9     88.9
AVG. MINIMUM     64.3              65.3    -1.0     62.5
MEAN             76.6              78.1    -1.5     75.7
DAYS MAX >= 90     13              18.4    -5.4       17
DAYS MAX <= 32      0               0.0     0.0        0
DAYS MIN <= 32      0               0.0     0.0        0
DAYS MIN <= 0       0               0.0     0.0        0

PRECIPITATION (INCHES)
RECORD
 MAXIMUM         7.44   1977
 MINIMUM         0.15   1894
TOTALS           2.88              2.75    0.13     1.75
DAYS >= .01         8               8.0     0.0       10
DAYS >= .10         6               4.8     1.2        6
DAYS >= .50         3               1.7     1.3        1
DAYS >= 1.00        0               0.6    -0.6        0
GREATEST
 24 HR. TOTAL    0.97   08/06 TO 08/07           08/17 TO 08/18

SNOWFALL (INCHES)
RECORDS
 TOTAL              T   2005
                        2002
 24 HR TOTAL       MM
 SNOW DEPTH        MM   MM
TOTALS            0.0               0.0     0.0      0.0
SINCE 7/1         0.0               0.0     0.0      0.0
SNOWDEPTH AVG.      0                MM      MM        0
DAYS >= 1.0         0               0.0     0.0        0
GREATEST
 SNOW DEPTH         0   MM                             0  MM
 24 HR TOTAL      0.0   08/31 TO 08/31           08/31 TO 08/31

DEGREE_DAYS
HEATING TOTAL       0                 3      -3        1
 SINCE 7/1          0                 4      -4        2
COOLING TOTAL     369               407     -38      338
 SINCE 1/1       1254              1246       8     1198
..................................................

WIND (MPH)
AVERAGE WIND SPEED              9.9
RESULTANT WIND SPEED/DIRECTION   5/168
HIGHEST WIND SPEED/DIRECTION    30/010    DATE  08/27
HIGHEST GUST SPEED/DIRECTION    39/190    DATE  08/23

SKY COVER
POSSIBLE SUNSHINE (PERCENT)   MM
AVERAGE SKY COVER           0.20
NUMBER OF DAYS FAIR           22
NUMBER OF DAYS PC              8
NUMBER OF DAYS CLOUDY          1


WEATHER CONDITIONS. NUMBER OF DAYS WITH
THUNDERSTORM             10     MIXED PRECIP               0
HEAVY RAIN                5     RAIN                       5
LIGHT RAIN               13     FREEZING RAIN              0
LT FREEZING RAIN          0     HAIL                       0
HEAVY SNOW                0     SNOW                       0
LIGHT SNOW                0     SLEET                      0
FOG                      10     FOG W/VIS <= 1/4 MILE      2
HAZE                      4

-  INDICATES NEGATIVE NUMBERS.
R  INDICATES RECORD WAS SET OR TIED.
MM INDICATES DATA IS MISSING.
T  INDICATES TRACE AMOUNT.

$$
