000
CXUS53 KDDC 011455
CLMDGC


CLIMATE REPORT
NATIONAL WEATHER SERVICE DODGE CITY KS
946 AM CDT TUE SEP 1 2015

...................................

...THE DODGE CITY KS CLIMATE SUMMARY FOR THE MONTH OF AUGUST 2015...

CLIMATE NORMAL PERIOD 1981 TO 2010
CLIMATE RECORD PERIOD 1875 TO 2015

WEATHER         OBSERVED          NORMAL  DEPART  LAST YEAR`S
                 VALUE   DATE(S)  VALUE   FROM    VALUE  DATE(S)
                                          NORMAL
................................................................
TEMPERATURE (F)
RECORD
 HIGH             109   08/13/1936
                        08/12/1936
 LOW               43   08/30/1915
HIGHEST           104   08/08        91      13      101  08/22
                                                          08/18
LOWEST             49   08/24        66     -17       60  08/02
AVG. MAXIMUM     88.9              90.8    -1.9     92.5
AVG. MINIMUM     62.5              65.3    -2.8     65.6
MEAN             75.7              78.1    -2.4     79.1
DAYS MAX >= 90     17              18.4    -1.4       21
DAYS MAX <= 32      0               0.0     0.0        0
DAYS MIN <= 32      0               0.0     0.0        0
DAYS MIN <= 0       0               0.0     0.0        0

PRECIPITATION (INCHES)
RECORD
 MAXIMUM         7.44   1977
 MINIMUM         0.15   1894
TOTALS           1.75              2.75   -1.00     2.61
DAYS >= .01        10               8.0     2.0       10
DAYS >= .10         6               4.8     1.2        6
DAYS >= .50         1               1.7    -0.7        2
DAYS >= 1.00        0               0.6    -0.6        0
GREATEST
 24 HR. TOTAL    0.77   08/17 TO 08/18           08/07 TO 08/08

SNOWFALL (INCHES)
RECORDS
 TOTAL              T   2005
                        2002
 24 HR TOTAL       MM
 SNOW DEPTH        MM   MM
TOTALS            0.0               0.0     0.0      0.0
SINCE 7/1         0.0               0.0     0.0      0.0
SNOWDEPTH AVG.      0                MM      MM        0
DAYS >= 1.0         0               0.0     0.0        0
GREATEST
 SNOW DEPTH         0   MM                             0  MM
 24 HR TOTAL      0.0   08/31 TO 08/31           08/31 TO 08/31

DEGREE_DAYS
HEATING TOTAL       1                 3      -2        0
 SINCE 7/1          2                 4      -2       13
COOLING TOTAL     338               407     -69      445
 SINCE 1/1       1198              1246     -48     1245
..................................................

WIND (MPH)
AVERAGE WIND SPEED              10.9
RESULTANT WIND SPEED/DIRECTION   6/160
HIGHEST WIND SPEED/DIRECTION    30/220    DATE  08/27
HIGHEST GUST SPEED/DIRECTION    38/050    DATE  08/23

SKY COVER
POSSIBLE SUNSHINE (PERCENT)   MM
AVERAGE SKY COVER           0.20
NUMBER OF DAYS FAIR           25
NUMBER OF DAYS PC              6
NUMBER OF DAYS CLOUDY          0


WEATHER CONDITIONS. NUMBER OF DAYS WITH
THUNDERSTORM             12     MIXED PRECIP               0
HEAVY RAIN                3     RAIN                       6
LIGHT RAIN                9     FREEZING RAIN              0
LT FREEZING RAIN          0     HAIL                       0
HEAVY SNOW                0     SNOW                       0
LIGHT SNOW                0     SLEET                      0
FOG                      19     FOG W/VIS <= 1/4 MILE      4
HAZE                      9

-  INDICATES NEGATIVE NUMBERS.
R  INDICATES RECORD WAS SET OR TIED.
MM INDICATES DATA IS MISSING.
T  INDICATES TRACE AMOUNT.

$$
