000
CXUS53 KDDC 011517
CLMDGC


CLIMATE REPORT
NATIONAL WEATHER SERVICE DODGE CITY KS
958 AM CDT TUE NOV 1 2016

...................................

...THE DODGE CITY KS CLIMATE SUMMARY FOR THE MONTH OF OCTOBER 2016...

CLIMATE NORMAL PERIOD 1981 TO 2010
CLIMATE RECORD PERIOD 1875 TO 2016

WEATHER         OBSERVED          NORMAL  DEPART  LAST YEAR`S
                 VALUE   DATE(S)  VALUE   FROM    VALUE  DATE(S)
                                          NORMAL
................................................................
TEMPERATURE (F)
RECORD
 HIGH             101   10/17/2016
 LOW               10   10/27/1878
HIGHEST           101R  10/17        71      30       91  10/11
LOWEST             32   10/07        44     -12       30  10/29
AVG. MAXIMUM     80.2              69.7    10.5     70.6
AVG. MINIMUM     46.9              43.4     3.5     46.4
MEAN             63.6              56.6     7.0     58.5
DAYS MAX >= 90      4               0.8     3.2        1
DAYS MAX <= 32      0               0.1    -0.1        0
DAYS MIN <= 32      1               3.0    -2.0        1
DAYS MIN <= 0       0               0.0     0.0        0

PRECIPITATION (INCHES)
RECORD
 MAXIMUM         6.00   1942
 MINIMUM            T   1952
                        1879
TOTALS           0.09              1.74   -1.65     3.22
DAYS >= .01         1               6.1    -5.1        8
DAYS >= .10         0               3.1    -3.1        5
DAYS >= .50         0               1.0    -1.0        2
DAYS >= 1.00        0               0.4    -0.4        1
GREATEST
 24 HR. TOTAL    0.09   10/09 TO 10/09           1.92  10/21 TO 10/22
                        10/08 TO 10/09
                        10/09 TO 10/09

SNOWFALL (INCHES)
RECORDS
 TOTAL            4.5   1991
 24 HR TOTAL      4.3   10/21/1996
 SNOW DEPTH       3.0   10/27/1926
TOTALS            0.0               0.4    -0.4      0.0
SINCE 7/1         0.0               0.4    -0.4      0.0
SNOWDEPTH AVG.      0                MM      MM        0
DAYS >= 1.0         0               0.1    -0.1        0
GREATEST
 SNOW DEPTH         0   MM                             0  MM
 24 HR TOTAL      0.0   10/31 TO 10/31           10/31 TO 10/31



DEGREE_DAYS
HEATING TOTAL     122               291    -169      213
 SINCE 7/1        148               356    -208      226
COOLING TOTAL      84                29      55       22
 SINCE 1/1       1580              1462     118     1512
..................................................

WIND (MPH)
AVERAGE WIND SPEED              13.1
RESULTANT WIND SPEED/DIRECTION   6/174
HIGHEST WIND SPEED/DIRECTION    39/170    DATE  10/03
HIGHEST GUST SPEED/DIRECTION    50/170    DATE  10/03

SKY COVER
POSSIBLE SUNSHINE (PERCENT)   MM
AVERAGE SKY COVER           0.10
NUMBER OF DAYS FAIR           28
NUMBER OF DAYS PC              3
NUMBER OF DAYS CLOUDY          0


WEATHER CONDITIONS. NUMBER OF DAYS WITH
THUNDERSTORM              1     MIXED PRECIP               0
HEAVY RAIN                0     RAIN                       1
LIGHT RAIN                5     FREEZING RAIN              0
LT FREEZING RAIN          0     HAIL                       0
HEAVY SNOW                0     SNOW                       0
LIGHT SNOW                0     SLEET                      0
FOG                       9     FOG W/VIS <= 1/4 MILE      2
HAZE                      7

-  INDICATES NEGATIVE NUMBERS.
R  INDICATES RECORD WAS SET OR TIED.
MM INDICATES DATA IS MISSING.
T  INDICATES TRACE AMOUNT.

$$
