000
CXUS53 KDDC 011357
CLMDGC


CLIMATE REPORT
NATIONAL WEATHER SERVICE DODGE CITY KS
851 AM CDT FRI SEP 1 2017

...................................

...THE DODGE CITY KS CLIMATE SUMMARY FOR THE MONTH OF AUGUST 2017...

CLIMATE NORMAL PERIOD 1981 TO 2010
CLIMATE RECORD PERIOD 1875 TO 2017

WEATHER         OBSERVED          NORMAL  DEPART  LAST YEAR`S
                 VALUE   DATE(S)  VALUE   FROM    VALUE  DATE(S)
                                          NORMAL
................................................................
TEMPERATURE (F)
RECORD
 HIGH             109   08/13/1936
                        08/12/1936
 LOW               43   08/30/1915
HIGHEST           100   08/19        91       9      100  08/01
LOWEST             51   08/23        66     -15       52  08/21
AVG. MAXIMUM     88.2              90.8    -2.6     88.9
AVG. MINIMUM     61.9              65.3    -3.4     64.3
MEAN             75.1              78.1    -3.0     76.6
DAYS MAX >= 90     11              18.4    -7.4       13
DAYS MAX <= 32      0               0.0     0.0        0
DAYS MIN <= 32      0               0.0     0.0        0
DAYS MIN <= 0       0               0.0     0.0        0

PRECIPITATION (INCHES)
RECORD
 MAXIMUM         7.44   1977
 MINIMUM         0.15   1894
TOTALS           0.94              2.75   -1.81     2.88
DAYS >= .01         4               8.0    -4.0        8
DAYS >= .10         4               4.8    -0.8        6
DAYS >= .50         0               1.7    -1.7        3
DAYS >= 1.00        0               0.6    -0.6        0
GREATEST
 24 HR. TOTAL    0.53   08/10 TO 08/11           08/06 TO 08/07

SNOWFALL (INCHES)
RECORDS
 TOTAL              T   2005
                        2002
 24 HR TOTAL       MM
 SNOW DEPTH        MM   MM
TOTALS            0.0               0.0     0.0      0.0
SINCE 7/1         0.0               0.0     0.0      0.0
SNOWDEPTH AVG.      0                MM      MM        0
DAYS >= 1.0         0               0.0     0.0        0
GREATEST
 SNOW DEPTH         0   MM                             0  MM
 24 HR TOTAL      0.0   08/31 TO 08/31           08/31 TO 08/31

DEGREE_DAYS
HEATING TOTAL       0                 3      -3        0
 SINCE 7/1          0                 4      -4        0
COOLING TOTAL     319               407     -88      369
 SINCE 1/1       1232              1246     -14     1254
..................................................

WIND (MPH)
AVERAGE WIND SPEED              9.7
RESULTANT WIND SPEED/DIRECTION   5/159
HIGHEST WIND SPEED/DIRECTION    31/210    DATE  08/21
HIGHEST GUST SPEED/DIRECTION    40/190    DATE  08/21

SKY COVER
POSSIBLE SUNSHINE (PERCENT)   MM
AVERAGE SKY COVER           0.20
NUMBER OF DAYS FAIR           20
NUMBER OF DAYS PC             10
NUMBER OF DAYS CLOUDY          1


WEATHER CONDITIONS. NUMBER OF DAYS WITH
THUNDERSTORM              3     MIXED PRECIP               0
HEAVY RAIN                1     RAIN                       3
LIGHT RAIN                6     FREEZING RAIN              0
LT FREEZING RAIN          0     HAIL                       0
HEAVY SNOW                0     SNOW                       0
LIGHT SNOW                0     SLEET                      0
FOG                      17     FOG W/VIS <= 1/4 MILE      3
HAZE                     13

-  INDICATES NEGATIVE NUMBERS.
R  INDICATES RECORD WAS SET OR TIED.
MM INDICATES DATA IS MISSING.
T  INDICATES TRACE AMOUNT.

$$
