000
CXUS53 KDDC 012142 CCA
CLMDGC

CLIMATE REPORT
NATIONAL WEATHER SERVICE DODGE CITY KS
1037 AM CDT MON JUN 1 2015

...................................

...THE DODGE CITY KS CLIMATE SUMMARY FOR THE MONTH OF MAY 2015...

CLIMATE NORMAL PERIOD 1981 TO 2010
CLIMATE RECORD PERIOD 1875 TO 2015

WEATHER         OBSERVED          NORMAL  DEPART  LAST YEAR`S
                 VALUE   DATE(S)  VALUE   FROM    VALUE  DATE(S)
                                          NORMAL
................................................................
TEMPERATURE (F)
RECORD
 HIGH             106   05/29/2011
 LOW               19   05/01/1909
HIGHEST            89   05/03        76      13       98  05/19
                                                          05/04
LOWEST             38   05/12        52     -14       30  05/02
                        05/11
AVG. MAXIMUM     72.1              76.9    -4.8     81.6
AVG. MINIMUM     51.0              51.5    -0.5     50.0
MEAN             61.6              64.2    -2.6     65.8
DAYS MAX >= 90      0               2.9    -2.9       10
DAYS MAX <= 32      0               0.0     0.0        0
DAYS MIN <= 32      0               0.1    -0.1        1
DAYS MIN <= 0       0               0.0     0.0        0

PRECIPITATION (INCHES)
RECORD
 MAXIMUM        12.82   1881
 MINIMUM         0.25   2004
TOTALS          10.33              2.85    7.48     1.67
DAYS >= .01        15               8.9     6.1        5
DAYS >= .10        12               5.1     6.9        2
DAYS >= .50         9               2.0     7.0        1
DAYS >= 1.00        5               0.6     4.4        1
GREATEST
 24 HR. TOTAL    2.25   05/24 TO 05/25           05/11 TO 05/11
                                                          05/11 TO 05/11
                                                          05/11 TO 05/11

SNOWFALL (INCHES)
RECORDS
 TOTAL            1.0   2013
 24 HR TOTAL       MM
 SNOW DEPTH        MM   MM
TOTALS            0.0               0.0     0.0      0.0
SINCE 7/1        21.4              21.1     0.3     31.1
SNOWDEPTH AVG.      0                MM      MM        0
DAYS >= 1.0         0               0.0     0.0        0
GREATEST
 SNOW DEPTH         0   MM                             0  MM
 24 HR TOTAL      0.0   05/31 TO 05/31           05/11 TO 05/11
                                                          05/11 TO 05/11
                                                          05/11 TO 05/11

DEGREE_DAYS
HEATING TOTAL     146               115      31      116
 SINCE 7/1       4655              4954    -299     5371
COOLING TOTAL      46                90     -44      149
 SINCE 1/1         61               109     -48      172
..................................................

WIND (MPH)
AVERAGE WIND SPEED              13.1
RESULTANT WIND SPEED/DIRECTION   4/145
HIGHEST WIND SPEED/DIRECTION    44/260    DATE  05/27
HIGHEST GUST SPEED/DIRECTION    59/250    DATE  05/27

SKY COVER
POSSIBLE SUNSHINE (PERCENT)   MM
AVERAGE SKY COVER           0.40
NUMBER OF DAYS FAIR           14
NUMBER OF DAYS PC             10
NUMBER OF DAYS CLOUDY          7


WEATHER CONDITIONS. NUMBER OF DAYS WITH
THUNDERSTORM             12     MIXED PRECIP               0
HEAVY RAIN               11     RAIN                      12
LIGHT RAIN               18     FREEZING RAIN              0
LT FREEZING RAIN          0     HAIL                       0
HEAVY SNOW                0     SNOW                       0
LIGHT SNOW                0     SLEET                      0
FOG                      21     FOG W/VIS <= 1/4 MILE      3
HAZE                      5

-  INDICATES NEGATIVE NUMBERS.
R  INDICATES RECORD WAS SET OR TIED.
MM INDICATES DATA IS MISSING.
T  INDICATES TRACE AMOUNT.

$$
