000
CXUS53 KDDC 012208 CCA
CLMDGC

CLIMATE REPORT
NATIONAL WEATHER SERVICE DODGE CITY KS
730 AM CDT SUN MAY 1 2016

...................................

...THE DODGE CITY KS CLIMATE SUMMARY FOR THE MONTH OF APRIL 2016...

CLIMATE NORMAL PERIOD 1981 TO 2010
CLIMATE RECORD PERIOD 1875 TO 2016

WEATHER         OBSERVED          NORMAL  DEPART  LAST YEAR`S
                 VALUE   DATE(S)  VALUE   FROM    VALUE  DATE(S)
                                          NORMAL
................................................................
TEMPERATURE (F)
RECORD
 HIGH             100   04/22/1989
 LOW                9   04/02/1936
HIGHEST            89   04/05        68      21       89  04/06
LOWEST             26   04/02        41     -15       27  04/10
AVG. MAXIMUM     67.8              67.5     0.3     70.9
AVG. MINIMUM     41.5              40.2     1.3     42.6
MEAN             54.7              53.9     0.8     56.8
DAYS MAX >= 90      0               0.7    -0.7        0
DAYS MAX <= 32      0               0.0     0.0        0
DAYS MIN <= 32      2               5.1    -3.1        4
DAYS MIN <= 0       0               0.0     0.0        0

PRECIPITATION (INCHES)
RECORD
 MAXIMUM         6.26   1976
 MINIMUM         0.02   1909
TOTALS           8.08R             1.82    6.26     1.80
DAYS >= .01         6               7.1    -1.1        7
DAYS >= .10         6               4.0     2.0        5
DAYS >= .50         3               1.1     1.9        1
DAYS >= 1.00        2               0.4     1.6        0
GREATEST
 24 HR. TOTAL    4.57   04/16 TO 04/17           04/16 TO 04/17
                                                          04/30 TO 04/30
                                                          04/30 TO 04/30

SNOWFALL (INCHES)
RECORDS
 TOTAL           14.3   1938
 24 HR TOTAL      9.8   MM
 SNOW DEPTH         6   04/14/2007
TOTALS            0.0               1.1    -1.1      0.0
SINCE 7/1        10.4              21.1   -10.7     21.4
SNOWDEPTH AVG.      0                MM      MM        0
DAYS >= 1.0         0               0.3    -0.3        0
GREATEST
 SNOW DEPTH         0   MM                             0  MM
 24 HR TOTAL      0.0   04/30 TO 04/30           04/30 TO 04/30
                                                          04/30 TO 04/30
                                                          04/30 TO 04/30

DEGREE_DAYS
HEATING TOTAL     309               352     -43      257
 SINCE 7/1       4177              4839    -662     4509
COOLING TOTAL       7                18     -11       15
 SINCE 1/1         11                19      -8       15
.................................................

WIND (MPH)
AVERAGE WIND SPEED              14.2
RESULTANT WIND SPEED/DIRECTION   1/221
HIGHEST WIND SPEED/DIRECTION    48/010    DATE  04/05
HIGHEST GUST SPEED/DIRECTION    58/010    DATE  04/05

SKY COVER
POSSIBLE SUNSHINE (PERCENT)   MM
AVERAGE SKY COVER           0.30
NUMBER OF DAYS FAIR           19
NUMBER OF DAYS PC              5
NUMBER OF DAYS CLOUDY          6


WEATHER CONDITIONS. NUMBER OF DAYS WITH
THUNDERSTORM              4     MIXED PRECIP               0
HEAVY RAIN                4     RAIN                       4
LIGHT RAIN               10     FREEZING RAIN              0
LT FREEZING RAIN          0     HAIL                       0
HEAVY SNOW                0     SNOW                       0
LIGHT SNOW                0     SLEET                      0
FOG                      11     FOG W/VIS <= 1/4 MILE      2
HAZE                      3

-  INDICATES NEGATIVE NUMBERS.
R  INDICATES RECORD WAS SET OR TIED.
MM INDICATES DATA IS MISSING.
T  INDICATES TRACE AMOUNT.

$$
