000
CXUS53 KDDC 020015 CCA
CLMDGC

CLIMATE REPORT
NATIONAL WEATHER SERVICE DODGE CITY KS
318 PM CST TUE MAR 1 2016

...................................

...THE DODGE CITY KS CLIMATE SUMMARY FOR THE MONTH OF FEBRUARY 2016...

CLIMATE NORMAL PERIOD 1981 TO 2010
CLIMATE RECORD PERIOD 1875 TO 2016

WEATHER         OBSERVED          NORMAL  DEPART  LAST YEAR`S
                 VALUE   DATE(S)  VALUE   FROM    VALUE  DATE(S)
                                          NORMAL
................................................................
TEMPERATURE (F)
RECORD
 HIGH              88   02/18/2016
 LOW              -26   02/12/1899
HIGHEST            88R  02/18        47      41       79  02/07
LOWEST             15   02/04        23      -8        6  02/24
AVG. MAXIMUM     55.9              48.4     7.5     48.0
AVG. MINIMUM     26.6              23.4     3.2     19.9
MEAN             41.3              35.9     5.4     34.0
DAYS MAX >= 90      0               0.0     0.0        0
DAYS MAX <= 32      2               4.0    -2.0        6
DAYS MIN <= 32     26              22.7     3.3       27
DAYS MIN <= 0       0               0.8    -0.8        0

PRECIPITATION (INCHES)
RECORD
 MAXIMUM         2.94   1911
 MINIMUM         0.00   1991
                        1896
                        1880
TOTALS           0.31              0.68   -0.37     0.64
DAYS >= .01         2               4.8    -2.8        8
DAYS >= .10         1               2.1    -1.1        2
DAYS >= .50         0               0.2    -0.2        0
DAYS >= 1.00        0               0.0     0.0        0
GREATEST
 24 HR. TOTAL    0.31   02/01 TO 02/02           02/21 TO 02/22

SNOWFALL (INCHES)
RECORDS
 TOTAL           27.7   1903
 24 HR TOTAL     15.0   02/25/1912
 SNOW DEPTH        13   02/18/1993
TOTALS            0.1               3.9    -3.8     10.9
SINCE 7/1        10.0              15.1    -5.1     21.4
SNOWDEPTH AVG.      0                MM      MM        1
DAYS >= 1.0         0               1.1    -1.1        6
GREATEST
 SNOW DEPTH         T   02/02                          6  02/24
 24 HR TOTAL      0.1   02/01 TO 02/01           02/22 TO 02/22

DEGREE_DAYS
HEATING TOTAL     685               840    -155      863
 SINCE 7/1       3362              3897    -535     3748
COOLING TOTAL       2                 0       2        0
 SINCE 1/1          2                 0       2        0
...................................................

WIND (MPH)
AVERAGE WIND SPEED              13.2
RESULTANT WIND SPEED/DIRECTION   5/311
HIGHEST WIND SPEED/DIRECTION    38/350    DATE  02/29
HIGHEST GUST SPEED/DIRECTION    49/320    DATE  02/02

SKY COVER
POSSIBLE SUNSHINE (PERCENT)   MM
AVERAGE SKY COVER           0.10
NUMBER OF DAYS FAIR           24
NUMBER OF DAYS PC              4
NUMBER OF DAYS CLOUDY          1


WEATHER CONDITIONS. NUMBER OF DAYS WITH
THUNDERSTORM              0     MIXED PRECIP               0
HEAVY RAIN                0     RAIN                       0
LIGHT RAIN                2     FREEZING RAIN              0
LT FREEZING RAIN          0     HAIL                       0
HEAVY SNOW                0     SNOW                       0
LIGHT SNOW                2     SLEET                      0
FOG                       3     FOG W/VIS <= 1/4 MILE      0
HAZE                      3

-  INDICATES NEGATIVE NUMBERS.
R  INDICATES RECORD WAS SET OR TIED.
MM INDICATES DATA IS MISSING.
T  INDICATES TRACE AMOUNT.

$$
