000
CXUS53 KDDC 011357
CLMDGC


CLIMATE REPORT
NATIONAL WEATHER SERVICE DODGE CITY KS
849 AM CDT SUN JUN 1 2014

...................................

...THE DODGE CITY KS CLIMATE SUMMARY FOR THE MONTH OF MAY 2014...

CLIMATE NORMAL PERIOD 1981 TO 2010
CLIMATE RECORD PERIOD 1875 TO 2014

WEATHER         OBSERVED          NORMAL  DEPART  LAST YEAR`S
                 VALUE   DATE(S)  VALUE   FROM    VALUE  DATE(S)
                                          NORMAL
................................................................
TEMPERATURE (F)
RECORD
 HIGH             106   05/29/2011
 LOW               19   05/01/1909
HIGHEST            98   05/19        76      22      102  05/18
                        05/04
LOWEST             30   05/02        52     -22       25  05/03
AVG. MAXIMUM     81.6              76.9     4.7     80.3
AVG. MINIMUM     50.0              51.5    -1.5     49.6
MEAN             65.8              64.2     1.6     65.0
DAYS MAX >= 90     10               2.9     7.1        7
DAYS MAX <= 32      0               0.0     0.0        0
DAYS MIN <= 32      1               0.1     0.9        5
DAYS MIN <= 0       0               0.0     0.0        0

PRECIPITATION (INCHES)
RECORD
 MAXIMUM        12.82   1881
 MINIMUM         0.25   2004
TOTALS           1.67              2.85   -1.18     0.91
DAYS >= .01         5               8.9    -3.9        5
DAYS >= .10         2               5.1    -3.1        3
DAYS >= .50         1               2.0    -1.0        0
DAYS >= 1.00        1               0.6     0.4        0
GREATEST
 24 HR. TOTAL    1.45   05/11 TO 05/11           05/30 TO 05/30

SNOWFALL (INCHES)
RECORDS
 TOTAL            1.0   2013
 24 HR TOTAL      1.0   05/01/2013
 SNOW DEPTH         1   05/02/2013
TOTALS            0.0               0.0     0.0      1.0
SINCE 7/1        31.1              21.1    10.0     26.7
SNOWDEPTH AVG.      0                MM      MM        0
DAYS >= 1.0         0               0.0     0.0        1
GREATEST
 SNOW DEPTH         0   MM                             1  05/02
 24 HR TOTAL      0.0   MM                       05/02 TO 05/02

DEGREE_DAYS
HEATING TOTAL     116               115       1      138
 SINCE 7/1       5371              4954     417     5033
COOLING TOTAL     149                90      59      143
 SINCE 1/1        172               109      63      162
.................................................

WIND (MPH)
AVERAGE WIND SPEED              11.8
RESULTANT WIND SPEED/DIRECTION   2/183
HIGHEST WIND SPEED/DIRECTION    41/350    DATE  05/11
HIGHEST GUST SPEED/DIRECTION    51/230    DATE  05/07

SKY COVER
POSSIBLE SUNSHINE (PERCENT)   MM
AVERAGE SKY COVER           0.20
NUMBER OF DAYS FAIR           26
NUMBER OF DAYS PC              4
NUMBER OF DAYS CLOUDY          1


WEATHER CONDITIONS. NUMBER OF DAYS WITH
THUNDERSTORM              6     MIXED PRECIP               0
HEAVY RAIN                2     RAIN                       2
LIGHT RAIN               11     FREEZING RAIN              0
LT FREEZING RAIN          0     HAIL                       0
HEAVY SNOW                0     SNOW                       0
LIGHT SNOW                0     SLEET                      0
FOG                      10     FOG W/VIS <= 1/4 MILE      2
HAZE                     10

-  INDICATES NEGATIVE NUMBERS.
R  INDICATES RECORD WAS SET OR TIED.
MM INDICATES DATA IS MISSING.
T  INDICATES TRACE AMOUNT.

$$
