000
CXUS53 KDDC 011452
CLMDGC


CLIMATE REPORT
NATIONAL WEATHER SERVICE DODGE CITY KS
948 AM CDT MON AUG 1 2016

...................................

...THE DODGE CITY KS CLIMATE SUMMARY FOR THE MONTH OF JULY 2016...

CLIMATE NORMAL PERIOD 1981 TO 2010
CLIMATE RECORD PERIOD 1875 TO 2016

WEATHER         OBSERVED          NORMAL  DEPART  LAST YEAR`S
                 VALUE   DATE(S)  VALUE   FROM    VALUE  DATE(S)
                                          NORMAL
................................................................
TEMPERATURE (F)
RECORD
 HIGH             109   07/27/2011
                        07/29/1986
                        07/08/1978
 LOW               46   07/13/1990
                        07/10/1905
HIGHEST           101   07/23        93       8      106  07/13
                        07/22
LOWEST             58   07/16        68     -10       49  07/08
AVG. MAXIMUM     92.4              92.8    -0.4     91.8
AVG. MINIMUM     67.7              66.3     1.4     66.4
MEAN             80.1              79.6     0.5     79.1
DAYS MAX >= 90     21              20.9     0.1       19
DAYS MAX <= 32      0               0.0     0.0        0
DAYS MIN <= 32      0               0.0     0.0        0
DAYS MIN <= 0       0               0.0     0.0        0

PRECIPITATION (INCHES)
RECORD
 MAXIMUM         9.13   1962
 MINIMUM         0.09   1916
TOTALS           5.30              3.08    2.22     2.14
DAYS >= .01        11               8.2     2.8        9
DAYS >= .10         7               5.2     1.8        6
DAYS >= .50         3               2.1     0.9        1
DAYS >= 1.00        1               0.6     0.4        0
GREATEST
 24 HR. TOTAL    2.81   07/01 TO 07/02           07/29 TO 07/29

SNOWFALL (INCHES)
RECORDS
 TOTAL              T   2006
                        2004
 24 HR TOTAL       MM
 SNOW DEPTH        MM   MM
TOTALS            0.0               0.0     0.0      0.0
SINCE 7/1         0.0               0.0     0.0      0.0
SNOWDEPTH AVG.      0                MM      MM        0
DAYS >= 1.0         0               0.0     0.0        0
GREATEST
 SNOW DEPTH         0   MM                             0  MM
 24 HR TOTAL      0.0   07/31 TO 07/31           07/31 TO 07/31

DEGREE_DAYS
HEATING TOTAL       0                 1      -1        1
 SINCE 7/1          0                 1      -1        1
COOLING TOTAL     476               452      24      446
 SINCE 1/1        885               839      46      860
..................................................

WIND (MPH)
AVERAGE WIND SPEED              11.6
RESULTANT WIND SPEED/DIRECTION   8/163
HIGHEST WIND SPEED/DIRECTION    36/080    DATE  07/27
HIGHEST GUST SPEED/DIRECTION    45/140    DATE  07/15

SKY COVER
POSSIBLE SUNSHINE (PERCENT)   MM
AVERAGE SKY COVER           0.10
NUMBER OF DAYS FAIR           28
NUMBER OF DAYS PC              3
NUMBER OF DAYS CLOUDY          0


WEATHER CONDITIONS. NUMBER OF DAYS WITH
THUNDERSTORM             11     MIXED PRECIP               0
HEAVY RAIN                6     RAIN                       7
LIGHT RAIN               11     FREEZING RAIN              0
LT FREEZING RAIN          0     HAIL                       0
HEAVY SNOW                0     SNOW                       0
LIGHT SNOW                0     SLEET                      0
FOG                      13     FOG W/VIS <= 1/4 MILE      3
HAZE                      6

-  INDICATES NEGATIVE NUMBERS.
R  INDICATES RECORD WAS SET OR TIED.
MM INDICATES DATA IS MISSING.
T  INDICATES TRACE AMOUNT.

$$
