000
CXUS55 KCYS 101125
CF6DGW
PRELIMINARY LOCAL CLIMATOLOGICAL DATA (WS FORM: F-6)
STATION: CONVERSE CO (DOUGLAS) WY ARPT
MONTH: MAY
YEAR: 2021
LATITUDE: 42 46 N
LONGITUDE: 105 22 W
TEMPERATURE IN F: :PCPN: SNOW: WIND :SUNSHINE: SKY :PK WND
================================================================================
1 2 3 4 5 6A 6B 7 8 9 10 11 12 13 14 15 16 17 18
12Z AVG MX 2MIN
DY MAX MIN AVG DEP HDD CDD WTR SNW DPTH SPD SPD DIR MIN PSBL S-S WX SPD DR
================================================================================
1 81 38 60 13 5 0 0.04 M M 8.5 45 270 M M 3 3 63 270
2 57 41 49 2 16 0 T M M 15.5 30 10 M M 8 1 39 360
3 53 31 42 -6 23 0 0.02 M M 9.4 16 40 M M 8 26 10
4 59 27 43 -5 22 0 0.02 M M 6.9 24 270 M M 5 3 33 290
5 60 30 45 -3 20 0 T M M 10.5 29 290 M M 5 35 290
6 70 28 49 0 16 0 0.00 M M 5.5 15 100 M M 0 21 110
7 77 35 56 7 9 0 0.00 M M 13.3 29 140 M M 0 8 37 150
8 60 32 46 -4 19 0 0.02 M M 14.7 31 360 M M 6 40 350
9 58 27 43 -7 22 0 0.00 M M 6.6 18 360 M M 4 26 50
10 43 33 38 -12 27 0 0.07 M M 10.9 20 110 M M 10 1 31 110
11 48 34 41 -10 24 0 0.08 M M 15.1 24 150 M M 7 1 33 120
12 64 29 47 -4 18 0 0.00 M M 9.8 26 280 M M 3 36 280
13 75 31 53 1 12 0 0.00 M M 7.6 29 50 M M 1 37 50
14 66 41 54 2 11 0 T M M 8.8 21 60 M M 5 29 70
15 67 39 53 1 12 0 0.30 M M 11.0 23 150 M M 6 123 29 150
16 66 44 55 2 10 0 0.00 M M 5.4 23 70 M M 5 29 70
17 70 44 57 4 8 0 0.00 M M 12.2 22 150 M M 0 30 140
18 78 45 62 8 3 0 0.00 M M 10.9 21 150 M M 1 26 170
19 71 46 59 5 6 0 0.00 M M 8.2 21 330 M M 0 28 320
20 78 47 63 9 2 0 0.16 M M 13.0 37 120 M M 2 3 50 130
21 53 36 45 -10 20 0 0.00 M M 11.4 20 20 M M 10 18 25 10
22 57 35 46 -9 19 0 T M M 10.2 22 110 M M 10 18 30 130
23 66 40 53 -3 12 0 0.02 M M 13.3 37 250 M M 7 13 50 250
24 70 41 56 0 9 0 0.00 M M 20.0 35 240 M M 1 47 240
25 73 38 56 0 9 0 0.00 M M 12.2 25 270 M M 2 36 300
26 79 38 59 2 6 0 0.00 M M 13.9 32 310 M M 1 43 310
27 73 36 55 -2 10 0 0.00 M M 10.9 23 120 M M 4 8 33 300
28 79 42 61 3 4 0 0.00 M M 9.5 23 310 M M 4 8 33 300
29 70 47 59 1 6 0 T M M 11.5 20 100 M M 5 3 27 360
30 63 44 54 -4 11 0 T M M 11.6 25 50 M M 6 1 34 50
31 72 37 55 -3 10 0 0.00 M M 10.3 22 150 M M 0 29 150
================================================================================
SM 2056 1156 401 0 0.73 M 338.6 M 129
================================================================================
AV 66.3 37.3 10.9 FASTST M M 4 MAX(MPH)
MISC ----> 45 270 63 270
================================================================================
NOTES:
# LAST OF SEVERAL OCCURRENCES
COLUMN 17 PEAK WIND IN M.P.H.
PRELIMINARY LOCAL CLIMATOLOGICAL DATA (WS FORM: F-6) , PAGE 2
STATION: CONVERSE CO (DOUGLAS) WY ARPT
MONTH: MAY
YEAR: 2021
LATITUDE: 42 46 N
LONGITUDE: 105 22 W
[TEMPERATURE DATA] [PRECIPITATION DATA] SYMBOLS USED IN COLUMN 16
AVERAGE MONTHLY: 51.8 TOTAL FOR MONTH: 0.73 1 = FOG OR MIST
DPTR FM NORMAL: -1.1 DPTR FM NORMAL: -1.59 2 = FOG REDUCING VISIBILITY
HIGHEST: 81 ON 1 GRTST 24HR 0.30 ON 15-15 TO 1/4 MILE OR LESS
LOWEST: 27 ON 9, 4 3 = THUNDER
SNOW, ICE PELLETS, HAIL 4 = ICE PELLETS
TOTAL MONTH: M 5 = HAIL
GRTST 24HR M ON M 6 = FREEZING RAIN OR DRIZZLE
GRTST DEPTH: M ON M 7 = DUSTSTORM OR SANDSTORM:
VSBY 1/2 MILE OR LESS
8 = SMOKE OR HAZE
[NO. OF DAYS WITH] [WEATHER - DAYS WITH] 9 = BLOWING SNOW
X = TORNADO
MAX 32 OR BELOW: 0 0.01 INCH OR MORE: 9
MAX 90 OR ABOVE: 0 0.10 INCH OR MORE: 2
MIN 32 OR BELOW: 8 0.50 INCH OR MORE: 0
MIN 0 OR BELOW: 0 1.00 INCH OR MORE: 0
[HDD (BASE 65) ]
TOTAL THIS MO. 401 CLEAR (SCALE 0-3) 13
DPTR FM NORMAL 18 PTCLDY (SCALE 4-7) 15
TOTAL FM JUL 1 7596 CLOUDY (SCALE 8-10) 3
DPTR FM NORMAL 399
[CDD (BASE 65) ]
TOTAL THIS MO. 0
DPTR FM NORMAL -7 [PRESSURE DATA]
TOTAL FM JAN 1 0 HIGHEST SLP 30.37 ON 6
DPTR FM NORMAL -7 LOWEST SLP 29.47 ON 2
[REMARKS]
#FINAL-05-21#