000
CXUS55 KCYS 021640
CF6DGW
PRELIMINARY LOCAL CLIMATOLOGICAL DATA (WS FORM: F-6)
STATION: CONVERSE CO (DOUGLAS) WY ARPT
MONTH: JANUARY
YEAR: 2024
LATITUDE: 42 46 N
LONGITUDE: 105 22 W
TEMPERATURE IN F: :PCPN: SNOW: WIND :SUNSHINE: SKY :PK WND
================================================================================
1 2 3 4 5 6A 6B 7 8 9 10 11 12 13 14 15 16 17 18
12Z AVG MX 2MIN
DY MAX MIN AVG DEP HDD CDD WTR SNW DPTH SPD SPD DIR MIN PSBL S-S WX SPD DR
================================================================================
1 50 14 32 7 33 0 0.00 M M 4.8 16 330 M M 0 21 330
2 44 13 29 4 36 0 0.00 M M 3.2 13 270 M M 0 18 270
3 42 8 25 0 40 0 0.00 M M 4.8 14 140 M M 0 18 150
4 38 15 27 2 38 0 0.00 M M 7.6 20 340 M M 5 26 340
5 36 23 30 5 35 0 T M M 7.7 23 330 M M 10 18 30 330
6 34 10 22 -3 43 0 0.00 M M 8.7 21 270 M M 2 27 270
7 33 19 26 1 39 0 0.02 M M 7.0 22 350 M M 8 1 30 350
8 22 -3 10 -16 55 0 0.09 M M 10.8 23 300 M M 5 18 31 310
9 34 -5 15 -11 50 0 0.00 M M 11.8 33 270 M M 1 46 270
10 33 21 27 1 38 0 T M M 15.4 31 270 M M 3 42 270
11 22 -5 9 -17 56 0 0.06 M M 8.3 18 10 M M 6 18 25 30
12 3 -16 -6 -32 71 0 0.06 M M 7.3 22 360 M M 7 8 29 360
13 -8 -30 -19 -45 84 0 T M M 7.1 16 340 M M 3 8 21 330
14 2 -17 -7 -33 72 0 T M M 4.3 14 60 M M 7 17 60
15 -3 -21 -12 -38 77 0 0.06 M M 11.8 22 330 M M 4 30 330
16 29 -26 2 -24 63 0 0.00 M M 7.3 22 280 M M 0 32 290
17 42 14 28 2 37 0 0.00 M M 9.2 24 290 M M 2 33 290
18 40 -11 15 -11 50 0 0.03 M M 15.8 43 350 M M 5 64 360
19 12 -15 -1 -27 66 0 0.00 M M 5.0 16 150 M M 2 18 20 140
20 46 1 24 -2 41 0 0.00 M M 3.2 18 240 M M 1 25 240
21 48 27 38 12 27 0 0.00 M M 7.3 25 270 M M 1 36 280
22 50 21 36 10 29 0 0.00 M M 2.6 15 300 M M 0 19 300
23 48 20 34 8 31 0 0.00 M M 2.1 9 150 M M 3 1 12 150
24 47 20 34 8 31 0 0.00 M M 3.1 8 130 M M 5 9 350
25 46 17 32 6 33 0 0.00 M M 6.1 18 300 M M 0 24 310
26 44 22 33 7 32 0 0.00 M M 5.9 14 300 M M 3 17 310
27 47 15 31 5 34 0 0.00 M M 5.7 23 290 M M 0 29 280
28 55 25 40 14 25 0 0.00 M M 7.8 23 300 M M 0 29 300
29 56 28 42 16 23 0 0.00 M M 5.2 12 320 M M 1 16 320
30 60 24 42 16 23 0 0.00 M M 3.7 16 300 M M 0 8 19 300
31 62 20 41 15 24 0 0.00 M M 4.1 18 290 M M 0 23 290
================================================================================
SM 1114 228 1336 0 0.32 M 214.7 M 84
================================================================================
AV 35.9 7.4 6.9 FASTST M M 3 MAX(MPH)
MISC ----> 43 350 64 360
================================================================================
NOTES:
# LAST OF SEVERAL OCCURRENCES
COLUMN 17 PEAK WIND IN M.P.H.
PRELIMINARY LOCAL CLIMATOLOGICAL DATA (WS FORM: F-6) , PAGE 2
STATION: CONVERSE CO (DOUGLAS) WY ARPT
MONTH: JANUARY
YEAR: 2024
LATITUDE: 42 46 N
LONGITUDE: 105 22 W
[TEMPERATURE DATA] [PRECIPITATION DATA] SYMBOLS USED IN COLUMN 16
AVERAGE MONTHLY: 21.6 TOTAL FOR MONTH: 0.32 1 = FOG OR MIST
DPTR FM NORMAL: -4.2 DPTR FM NORMAL: 0.02 2 = FOG REDUCING VISIBILITY
HIGHEST: 62 ON 31 GRTST 24HR 0.17 ON 11-11 TO 1/4 MILE OR LESS
LOWEST: -30 ON 13 3 = THUNDER
SNOW, ICE PELLETS, HAIL 4 = ICE PELLETS
TOTAL MONTH: M 5 = HAIL
GRTST 24HR M ON M 6 = FREEZING RAIN OR DRIZZLE
GRTST DEPTH: M ON M 7 = DUSTSTORM OR SANDSTORM:
VSBY 1/2 MILE OR LESS
8 = SMOKE OR HAZE
[NO. OF DAYS WITH] [WEATHER - DAYS WITH] 9 = BLOWING SNOW
X = TORNADO
MAX 32 OR BELOW: 8 0.01 INCH OR MORE: 6
MAX 90 OR ABOVE: 0 0.10 INCH OR MORE: 0
MIN 32 OR BELOW: 31 0.50 INCH OR MORE: 0
MIN 0 OR BELOW: 10 1.00 INCH OR MORE: 0
[HDD (BASE 65) ]
TOTAL THIS MO. 1336 CLEAR (SCALE 0-3) 20
DPTR FM NORMAL 121 PTCLDY (SCALE 4-7) 9
TOTAL FM JUL 1 3976 CLOUDY (SCALE 8-10) 2
DPTR FM NORMAL -250
[CDD (BASE 65) ]
TOTAL THIS MO. 0
DPTR FM NORMAL 0 [PRESSURE DATA]
TOTAL FM JAN 1 0 HIGHEST SLP 30.74 ON 19
DPTR FM NORMAL 0 LOWEST SLP 29.36 ON 10
[REMARKS]
#FINAL-01-24#
PRECIPITATION VALUES ARE FROM COCORAHS STATION WY-CV-13