000
CXUS54 KAMA 010710
CF6DHT
PRELIMINARY LOCAL CLIMATOLOGICAL DATA (WS FORM: F-6)
STATION: DALHART
MONTH: AUGUST
YEAR: 2023
LATITUDE: 36 1 N
LONGITUDE: 102 33 W
TEMPERATURE IN F: :PCPN: SNOW: WIND :SUNSHINE: SKY :PK WND
================================================================================
1 2 3 4 5 6A 6B 7 8 9 10 11 12 13 14 15 16 17 18
12Z AVG MX 2MIN
DY MAX MIN AVG DEP HDD CDD WTR SNW DPTH SPD SPD DIR MIN PSBL S-S WX SPD DR
================================================================================
1 102 67 85 6 0 20 0.03 M M 10.9 22 170 M M 1 38 32 190
2 100 61 81 2 0 16 T M M 10.1 23 350 M M 1 3 30 360
3 96 69 83 5 0 18 0.00 M M 7.4 28 300 M M 0 38 37 290
4 95 62 79 1 0 14 0.00 M M 8.8 21 40 M M 0 27 30
5 98 68 83 5 0 18 0.00 M M 12.5 29 160 M M 0 3 38 150
6 83 66 75 -3 0 10 0.00 M M 13.9 24 40 M M 5 34 20
7 91 66 79 1 0 14 0.00 M M 12.2 25 180 M M 2 36 180
8 93 62 78 0 0 13 T M M 10.8 25 290 M M 2 138 34 300
9 90 63 77 -1 0 12 0.00 M M 11.9 26 10 M M 0 35 320
10 99 58 79 1 0 14 0.00 M M 7.9 18 220 M M 0 18 26 210
11 98 66 82 4 0 17 0.00 M M 9.5 18 10 M M 0 26 360
12 95 66 81 3 0 16 1.16 M M 10.8 38 170 M M 2 123 57 170
13 94 64 79 1 0 14 0.25 M M 14.0 35 30 M M 2 138 48 30
14 79 61 70 -7 0 5 0.00 M M 7.0 20 40 M M 4 27 40
15 90 58 74 -3 0 9 0.00 M M 8.3 20 220 M M 0 18 32 200
16 100 64 82 5 0 17 0.00 M M 9.3 17 200 M M 0 22 200
17 95 63 79 2 0 14 0.00 M M 11.1 18 90 M M 0 24 90
18 100 63 82 5 0 17 0.00 M M 8.7 20 200 M M 0 18 29 200
19 99 63 81 4 0 16 0.00 M M 11.2 21 180 M M 0 8 29 170
20 97 60 79 2 0 14 0.00 M M 8.2 24 130 M M 0 8 31 150
21 98 63 81 5 0 16 0.00 M M 9.0 22 110 M M 1 8 32 180
22 95 64 80 4 0 15 0.00 M M 8.1 17 150 M M 0 23 110
23 95 66 81 5 0 16 0.00 M M 10.0 21 130 M M 0 31 130
24 94 62 78 2 0 13 0.00 M M 11.1 22 200 M M 2 8 30 200
25 99 66 83 7 0 18 0.00 M M 12.5 25 360 M M 1 37 210
26 81 65 73 -3 0 8 0.00 M M 13.1 22 360 M M 3 30 10
27 88 62 75 0 0 10 0.20 M M 6.6 16 80 M M 3 138 21 110
28 88 62 75 0 0 10 0.37 M M 6.8 17 320 M M 2 13 24 350
29 85 63 74 -1 0 9 T M M 9.4 23 350 M M 5 3 34 350
30 89 57 73 -2 0 8 0.00 M M 7.5 15 190 M M 0 20 180
31 97 54 76 2 0 11 0.00 M M 10.8 21 200 M M 0 28 180
================================================================================
SM 2903 1954 0 422 2.01 M 309.4 M 36
================================================================================
AV 93.6 63.0 10.0 FASTST M M 1 MAX(MPH)
MISC ----> 38 170 57 170
================================================================================
NOTES:
# LAST OF SEVERAL OCCURRENCES
COLUMN 17 PEAK WIND IN M.P.H.
PRELIMINARY LOCAL CLIMATOLOGICAL DATA (WS FORM: F-6) , PAGE 2
STATION: DALHART
MONTH: AUGUST
YEAR: 2023
LATITUDE: 36 1 N
LONGITUDE: 102 33 W
[TEMPERATURE DATA] [PRECIPITATION DATA] SYMBOLS USED IN COLUMN 16
AVERAGE MONTHLY: 78.3 TOTAL FOR MONTH: 2.01 1 = FOG OR MIST
DPTR FM NORMAL: 1.4 DPTR FM NORMAL: -0.15 2 = FOG REDUCING VISIBILITY
HIGHEST: 102 ON 1 GRTST 24HR 1.16 ON 12-12 TO 1/4 MILE OR LESS
LOWEST: 54 ON 31 3 = THUNDER
SNOW, ICE PELLETS, HAIL 4 = ICE PELLETS
TOTAL MONTH: M 5 = HAIL
GRTST 24HR M ON M 6 = FREEZING RAIN OR DRIZZLE
GRTST DEPTH: M ON M 7 = DUSTSTORM OR SANDSTORM:
VSBY 1/2 MILE OR LESS
8 = SMOKE OR HAZE
[NO. OF DAYS WITH] [WEATHER - DAYS WITH] 9 = BLOWING SNOW
X = TORNADO
MAX 32 OR BELOW: 0 0.01 INCH OR MORE: 5
MAX 90 OR ABOVE: 24 0.10 INCH OR MORE: 4
MIN 32 OR BELOW: 0 0.50 INCH OR MORE: 1
MIN 0 OR BELOW: 0 1.00 INCH OR MORE: 1
[HDD (BASE 65) ]
TOTAL THIS MO. 0 CLEAR (SCALE 0-3) 28
DPTR FM NORMAL -1 PTCLDY (SCALE 4-7) 3
TOTAL FM JUL 1 0 CLOUDY (SCALE 8-10) 0
DPTR FM NORMAL 0
[CDD (BASE 65) ]
TOTAL THIS MO. 422
DPTR FM NORMAL 51 [PRESSURE DATA]
TOTAL FM JAN 1 1089 HIGHEST SLP M ON M
DPTR FM NORMAL -118 LOWEST SLP 29.64 ON 9
[REMARKS]
#FINAL-08-23#