790
CXUS53 KDLH 010820
CF6DLH
PRELIMINARY LOCAL CLIMATOLOGICAL DATA (WS FORM: F-6)
STATION: DULUTH
MONTH: MARCH
YEAR: 2021
LATITUDE: 46 49 N
LONGITUDE: 92 11 W
TEMPERATURE IN F: :PCPN: SNOW: WIND :SUNSHINE: SKY :PK WND
================================================================================
1 2 3 4 5 6A 6B 7 8 9 10 11 12 13 14 15 16 17 18
12Z AVG MX 2MIN
DY MAX MIN AVG DEP HDD CDD WTR SNW DPTH SPD SPD DIR MIN PSBL S-S WX SPD DR
================================================================================
1 17 0 9 -11 56 0 0.00 0.0 12 9.8 17 320 M M 2 26 330
2 43 15 29 9 36 0 0.00 0.0 12 16.4 32 230 M M 2 42 230
3 42 22 32 11 33 0 0.00 0.0 11 7.2 15 90 M M 2 1 20 320
4 33 23 28 7 37 0 0.00 0.0 11 7.6 17 100 M M 6 1 22 90
5 38 19 29 7 36 0 0.00 0.0 11 5.3 14 120 M M 2 16 120
6 37 12 25 3 40 0 0.00 0.0 11 5.4 12 140 M M 0 15 130
7 44 24 34 12 31 0 0.00 0.0 10 12.2 20 120 M M 1 30 130
8 52 35 44 21 21 0 0.00 0.0 9 9.2 17 270 M M 2 25 310
9 55 38 47 24 18 0 0.00 0.0 8 11.8 18 200 M M 4 28 180
10 48 30 39 15 26 0 0.97 5.6 8 14.8 39 70 M M 7 19 55 80
11 38 22 30 6 35 0 0.19 1.5 8 17.0 29 300 M M 7 1489 41 290
12 31 12 22 -2 43 0 0.00 0.0 7 8.9 25 300 M M 1 34 280
13 53 27 40 15 25 0 0.00 0.0 7 13.5 23 280 M M 0 33 280
14 37 24 31 6 34 0 0.00 0.0 5 13.5 22 90 M M 1 30 100
15 34 23 29 3 36 0 T T 5 13.0 22 100 M M 3 28 100
16 35 28 32 6 33 0 T T 4 3.4 10 100 M M 10 15 70
17 39 30 35 9 30 0 T 0.1 2 7.7 16 350 M M 8 8 21 320
18 39 25 32 5 33 0 0.00 0.0 2 7.3 16 100 M M 0 23 100
19 51 23 37 10 28 0 0.00 0.0 2 10.6 21 220 M M 0 27 220
20 55 33 44 16 21 0 0.00 0.0 2 17.0 26 200 M M 1 38 190
21 59 44 52 24 13 0 0.02 0.0 T 16.4 33 190 M M 4 1 44 190
22 51 33 42 14 23 0 0.01 0.0 T 7.8 18 310 M M 5 12 27 300
23 40 36 38 9 27 0 0.41 0.0 T 15.8 26 70 M M 8 1 35 50
24 40 29 35 6 30 0 0.65 T T 13.2 26 60 M M 10 1 37 60
25 31 25 28 -2 37 0 T T T 9.6 22 100 M M 9 30 70
26 32 26 29 -1 36 0 T T 0 9.5 17 100 M M 9 18 23 90
27 34 28 31 1 34 0 0.39 1.5 1 9.5 21 350 M M 10 168 30 340
28 40 22 31 0 34 0 0.00 0.0 1 9.0 20 270 M M 2 32 310
29 61 32 47 16 18 0 0.00 0.0 T 13.2 17 140 M M 3 32 150
30 50 20 35 3 30 0 T T 0 24.3 40 270 M M 7 8 52 260
31 27 12 20 -12 45 0 T T T 11.4 23 310 M M 3 8 34 300
================================================================================
SM 1286 772 979 0 2.64 8.7 351.3 M 129
================================================================================
AV 41.5 24.9 11.3 FASTST M M 4 MAX(MPH)
MISC ----> 40 270 55 80
================================================================================
NOTES:
# LAST OF SEVERAL OCCURRENCES
COLUMN 17 PEAK WIND IN M.P.H.
PRELIMINARY LOCAL CLIMATOLOGICAL DATA (WS FORM: F-6) , PAGE 2
STATION: DULUTH
MONTH: MARCH
YEAR: 2021
LATITUDE: 46 49 N
LONGITUDE: 92 11 W
[TEMPERATURE DATA] [PRECIPITATION DATA] SYMBOLS USED IN COLUMN 16
AVERAGE MONTHLY: 33.2 TOTAL FOR MONTH: 2.64 1 = FOG OR MIST
DPTR FM NORMAL: 7.3 DPTR FM NORMAL: 1.15 2 = FOG REDUCING VISIBILITY
HIGHEST: 61 ON 29 GRTST 24HR 1.08 ON 10-11 TO 1/4 MILE OR LESS
LOWEST: 0 ON 1 3 = THUNDER
SNOW, ICE PELLETS, HAIL 4 = ICE PELLETS
TOTAL MONTH: 10.2 INCHES 5 = HAIL
GRTST 24HR 5.6 ON 10-10 6 = FREEZING RAIN OR DRIZZLE
GRTST DEPTH: 12 ON 2, 1 7 = DUSTSTORM OR SANDSTORM:
VSBY 1/2 MILE OR LESS
8 = SMOKE OR HAZE
[NO. OF DAYS WITH] [WEATHER - DAYS WITH] 9 = BLOWING SNOW
X = TORNADO
MAX 32 OR BELOW: 5 0.01 INCH OR MORE: 7
MAX 90 OR ABOVE: 0 0.10 INCH OR MORE: 5
MIN 32 OR BELOW: 25 0.50 INCH OR MORE: 2
MIN 0 OR BELOW: 1 1.00 INCH OR MORE: 0
[HDD (BASE 65) ]
TOTAL THIS MO. 979 CLEAR (SCALE 0-3) 15
DPTR FM NORMAL -231 PTCLDY (SCALE 4-7) 10
TOTAL FM JUL 1 7568 CLOUDY (SCALE 8-10) 6
DPTR FM NORMAL -511
[CDD (BASE 65) ]
TOTAL THIS MO. 0
DPTR FM NORMAL 0 [PRESSURE DATA]
TOTAL FM JAN 1 0 HIGHEST SLP 30.61 ON 14
DPTR FM NORMAL 0 LOWEST SLP 29.23 ON 29
[REMARKS]
#FINAL-03-21#