000
CXUS54 KEPZ 011030
CF6DMN
PRELIMINARY LOCAL CLIMATOLOGICAL DATA (WS FORM: F-6)
STATION: DEMING
MONTH: APRIL
YEAR: 2023
LATITUDE: 32 15 N
LONGITUDE: 107 42 W
TEMPERATURE IN F: :PCPN: SNOW: WIND :SUNSHINE: SKY :PK WND
================================================================================
1 2 3 4 5 6A 6B 7 8 9 10 11 12 13 14 15 16 17 18
12Z AVG MX 2MIN
DY MAX MIN AVG DEP HDD CDD WTR SNW DPTH SPD SPD DIR MIN PSBL S-S WX SPD DR
================================================================================
1 76 29 53 -4 12 0 0.00 M M 6.7 18 170 M M 0 26 180
2 78 37 58 1 7 0 0.00 M M 11.1 28 280 M M 0 41 290
3 80 35 58 0 7 0 0.00 M M 14.3 33 240 M M 0 8 47 250
4 62 38 50 -8 15 0 0.00 M M 23.5 43 280 M M 1 8 58 290
5 62 23 43 -15 22 0 0.00 M M 4.9 15 300 M M 0 20 290
6 73 32 53 -5 12 0 0.00 M M 12.4 22 80 M M 0 33 60
7 72 41 57 -1 8 0 0.00 M M 10.4 20 110 M M 0 30 90
8 79 40 60 1 5 0 0.00 M M 6.9 17 210 M M 0 26 200
9 83 39 61 2 4 0 0.00 M M 4.3 14 270 M M 0 19 280
10 85 48 67 8 0 2 0.00 M M 9.2 20 100 M M 0 28 130
11 86 53 70 11 0 5 0.00 M M 6.9 20 130 M M 0 27 150
12 86 48 67 7 0 2 0.00 M M 6.5 16 210 M M 0 24 120
13 81 54 68 8 0 3 0.00 M M 14.6 29 260 M M 1 8 41 250
14 75 49 62 2 3 0 0.00 M M 16.5 30 270 M M 0 8 44 260
15 77 40 59 -1 6 0 0.00 M M 5.8 13 260 M M 0 22 270
16 82 40 61 1 4 0 0.00 M M 5.9 18 60 M M 0 23 120
17 85 45 65 5 0 0 0.00 M M 9.9 25 260 M M 0 36 260
18 81 48 65 4 0 0 0.00 M M 14.2 32 290 M M 0 41 270
19 81 50 66 5 0 1 0.00 M M 16.1 36 290 M M 0 8 49 280
20 79 42 61 0 4 0 0.00 M M 13.3 30 280 M M 0 39 280
21 80 36 58 -3 7 0 0.00 M M 10.2 25 270 M M 0 35 260
22 83 40 62 0 3 0 0.00 M M 9.8 25 280 M M 0 34 270
23 78 48 63 1 2 0 0.00 M M 11.6 25 200 M M 1 41 200
24 84 48 66 4 0 1 0.00 M M 9.8 24 240 M M 0 33 290
25 83 47 65 3 0 0 0.00 M M 13.0 30 280 M M 0 42 250
26 80 44 62 0 3 0 0.00 M M 7.4 20 330 M M 0 28 10
27 83 43 63 0 2 0 0.00 M M 10.1 23 280 M M 0 35 260
28 87 49 68 5 0 3 0.00 M M 12.1 29 50 M M 0 40 40
29 82 41 62 -1 3 0 0.00 M M 5.7 13 190 M M 0 20 210
30 92 45 69 6 0 4 0.00 M M 7.2 21 280 M M 0 31 270
================================================================================
SM 2395 1272 129 21 0.00 M 310.3 M 3
================================================================================
AV 79.8 42.4 10.3 FASTST M M 0 MAX(MPH)
MISC ----> 43 280 58 290
================================================================================
NOTES:
# LAST OF SEVERAL OCCURRENCES
COLUMN 17 PEAK WIND IN M.P.H.
PRELIMINARY LOCAL CLIMATOLOGICAL DATA (WS FORM: F-6) , PAGE 2
STATION: DEMING
MONTH: APRIL
YEAR: 2023
LATITUDE: 32 15 N
LONGITUDE: 107 42 W
[TEMPERATURE DATA] [PRECIPITATION DATA] SYMBOLS USED IN COLUMN 16
AVERAGE MONTHLY: 61.1 TOTAL FOR MONTH: 0.00 1 = FOG OR MIST
DPTR FM NORMAL: 0.9 DPTR FM NORMAL: -0.21 2 = FOG REDUCING VISIBILITY
HIGHEST: 92 ON 30 GRTST 24HR 0.00 ON 1- 1 TO 1/4 MILE OR LESS
LOWEST: 23 ON 5 3 = THUNDER
SNOW, ICE PELLETS, HAIL 4 = ICE PELLETS
TOTAL MONTH: M 5 = HAIL
GRTST 24HR M ON M 6 = FREEZING RAIN OR DRIZZLE
GRTST DEPTH: M ON M 7 = DUSTSTORM OR SANDSTORM:
VSBY 1/2 MILE OR LESS
8 = SMOKE OR HAZE
[NO. OF DAYS WITH] [WEATHER - DAYS WITH] 9 = BLOWING SNOW
X = TORNADO
MAX 32 OR BELOW: 0 0.01 INCH OR MORE: 0
MAX 90 OR ABOVE: 1 0.10 INCH OR MORE: 0
MIN 32 OR BELOW: 3 0.50 INCH OR MORE: 0
MIN 0 OR BELOW: 0 1.00 INCH OR MORE: 0
[HDD (BASE 65) ]
TOTAL THIS MO. 129 CLEAR (SCALE 0-3) 30
DPTR FM NORMAL -31 PTCLDY (SCALE 4-7) 0
TOTAL FM JUL 1 3096 CLOUDY (SCALE 8-10) 0
DPTR FM NORMAL 83
[CDD (BASE 65) ]
TOTAL THIS MO. 21
DPTR FM NORMAL 4 [PRESSURE DATA]
TOTAL FM JAN 1 21 HIGHEST SLP 30.15 ON 29
DPTR FM NORMAL 3 LOWEST SLP 29.46 ON 4
[REMARKS]
#FINAL-04-23#