000
CXUS55 KEAX 010736
CF6DMO
PRELIMINARY LOCAL CLIMATOLOGICAL DATA (WS FORM: F-6)
STATION: SEDALIA MO
MONTH: MARCH
YEAR: 2020
LATITUDE: 38 42 N
LONGITUDE: 93 6 W
TEMPERATURE IN F: :PCPN: SNOW: WIND :SUNSHINE: SKY :PK WND
================================================================================
1 2 3 4 5 6A 6B 7 8 9 10 11 12 13 14 15 16 17 18
12Z AVG MX 2MIN
DY MAX MIN AVG DEP HDD CDD WTR SNW DPTH SPD SPD DIR MIN PSBL S-S WX SPD DR
================================================================================
1 65 49 57 16 8 0 0.00 M M 12.7 26 220 M M 5 36 210
2 53 36 45 4 20 0 0.00 M M 7.9 21 10 M M 5 8 27 360
3 61 36 49 7 16 0 0.00 M M 10.2 18 300 M M 0 26 310
4 56 39 48 6 17 0 0.00 M M 7.8 17 220 M M 0 23 230
5 59 37 48 6 17 0 0.00 M M 15.1 32 290 M M 1 45 280
6 53 31 42 -1 23 0 0.00 M M 7.8 23 320 M M 0 18 34 310
7 67 31 49 6 16 0 0.00 M M 13.2 22 170 M M 0 29 180
8 72 45 59 16 6 0 0.00 M M 18.3 30 210 M M 0 8 44 160
9 59 39 49 5 16 0 1.15 M M 15.4 28 190 M M 10 1 36 220
10 49 36 43 -1 22 0 0.00 M M 7.4 17 300 M M 7 26 300
11 65 37 51 7 14 0 0.00 M M 4.4 12 360 M M 0 1 15 10
12 63 45 54 9 11 0 0.28 M M 10.6 24 320 M M 5 138 39 320
13 46 37 42 -3 23 0 0.00 M M 8.4 15 40 M M 6 20 360
14 43 36 40 -6 25 0 0.47 M M 13.2 22 100 M M 10 1 32 80
15 39 34 37 -9 28 0 T M M 10.0 16 70 M M 10 1 27 80
16 46 36 41 -5 24 0 0.04 M M 4.7 10 120 M M 10 1 15 130
17 52 41 47 0 18 0 0.00 M M 6.7 13 100 M M 8 1 17 60
18 62 45 54 7 11 0 1.01 M M 7.6 15 220 M M 9 1 20 220
19 71 57 64 17 1 0 0.65 M M 13.7 28 220 M M 6 13 42 230
20 62 31 47 -1 18 0 T M M 15.4 26 340 M M 7 1 38 340
21 47 27 37 -11 28 0 0.00 M M 5.9 14 110 M M 1 21 130
22 42 35 39 -9 26 0 0.56 M M 9.2 16 120 M M 9 1 22 120
23 51 40 46 -3 19 0 T M M 7.0 14 140 M M 8 12 18 130
24 47 41 44 -5 21 0 0.28 M M 9.1 21 130 M M 9 1 29 120
25 67 42 55 5 10 0 0.00 M M 9.6 17 150 M M 5 1 23 150
26 75 51 63 13 2 0 0.02 M M 9.5 21 110 M M 1 3 24 230
27 79 53 66 16 0 1 0.08 M M 7.8 21 120 M M 7 13 27 120
28 75 50 63 12 2 0 0.27 M M 16.2 39 220 M M 4 13 53 200
29 67 46 57 6 8 0 T M M 14.2 26 280 M M 2 8 46 250
30 70 41 56 5 9 0 0.00 M M 5.2 12 40 M M 0 15 50
31 66 47 57 5 8 0 0.00 M M 7.1 20 330 M M 0 29 340
================================================================================
SM 1829 1251 467 1 4.81 M 311.3 M 145
================================================================================
AV 59.0 40.4 10.0 FASTST M M 5 MAX(MPH)
MISC ----> 39 220 53 200
================================================================================
NOTES:
# LAST OF SEVERAL OCCURRENCES
COLUMN 17 PEAK WIND IN M.P.H.
PRELIMINARY LOCAL CLIMATOLOGICAL DATA (WS FORM: F-6) , PAGE 2
STATION: SEDALIA MO
MONTH: MARCH
YEAR: 2020
LATITUDE: 38 42 N
LONGITUDE: 93 6 W
[TEMPERATURE DATA] [PRECIPITATION DATA] SYMBOLS USED IN COLUMN 16
AVERAGE MONTHLY: 49.7 TOTAL FOR MONTH: 4.81 1 = FOG OR MIST
DPTR FM NORMAL: 3.5 DPTR FM NORMAL: 2.20 2 = FOG REDUCING VISIBILITY
HIGHEST: 79 ON 27 GRTST 24HR 1.15 ON 9- 9 TO 1/4 MILE OR LESS
LOWEST: 27 ON 21 3 = THUNDER
SNOW, ICE PELLETS, HAIL 4 = ICE PELLETS
TOTAL MONTH: M 5 = HAIL
GRTST 24HR M ON M 6 = FREEZING RAIN OR DRIZZLE
GRTST DEPTH: M ON M 7 = DUSTSTORM OR SANDSTORM:
VSBY 1/2 MILE OR LESS
8 = SMOKE OR HAZE
[NO. OF DAYS WITH] [WEATHER - DAYS WITH] 9 = BLOWING SNOW
X = TORNADO
MAX 32 OR BELOW: 0 0.01 INCH OR MORE: 11
MAX 90 OR ABOVE: 0 0.10 INCH OR MORE: 8
MIN 32 OR BELOW: 4 0.50 INCH OR MORE: 4
MIN 0 OR BELOW: 0 1.00 INCH OR MORE: 2
[HDD (BASE 65) ]
TOTAL THIS MO. 467 CLEAR (SCALE 0-3) 12
DPTR FM NORMAL -118 PTCLDY (SCALE 4-7) 11
TOTAL FM JUL 1 4094 CLOUDY (SCALE 8-10) 8
DPTR FM NORMAL -108
[CDD (BASE 65) ]
TOTAL THIS MO. 1
DPTR FM NORMAL -2 [PRESSURE DATA]
TOTAL FM JAN 1 1 HIGHEST SLP M ON M
DPTR FM NORMAL -2 LOWEST SLP 29.48 ON 28
[REMARKS]
#FINAL-03-20#