000
CXUS53 KEAX 022108 RRA
CLADMO
CLIMATE REPORT
NATIONAL WEATHER SERVICE KANSAS CITY/PLEASANT HILL MO
259 PM CST MON JAN 02 2023
...................................
...THE SEDALIA MO CLIMATE SUMMARY FOR THE YEAR OF 2022...
CLIMATE NORMAL PERIOD: 1991 TO 2020
CLIMATE RECORD PERIOD: 9999 TO 9999
WEATHER OBSERVED NORMAL DEPART LAST YEAR`S
VALUE DATE(S) VALUE FROM VALUE
NORMAL
..............................................................
TEMPERATURE (F)
HIGHEST 100 07/23 98 2
LOWEST -6 12/22 -5
12/23
AVG. MAXIMUM 66.8 64.7 2.1
AVG. MINIMUM 45.4 44.9 0.5
MEAN 56.1 54.8 1.3
DAYS MAX >= 90 51 37.9 13.1
DAYS MAX <= 32 24 22.1 1.9
DAYS MIN <= 32 97 93.8 3.2
DAYS MIN <= 0 2 2.0 0.0
PRECIPITATION (INCHES)
TOTALS 39.06 36.20 2.86
DAILY AVG. 0.11 0.10 0.01
DAYS >= .01 89 102.8 -13.8
DAYS >= .10 52 59.9 -7.9
DAYS >= .50 22 24.0 -2.0
DAYS >= 1.00 9 9.2 -0.2
GREATEST
24 HR. TOTAL 6.89 05/31 TO 06/01
DEGREE DAYS
HEATING TOTAL 4786 4948 -162
COOLING TOTAL 1680 1266 414
..............................................................
WIND (MPH)
AVERAGE WIND SPEED 9.5
HIGHEST WIND SPEED/DIRECTION 41/290 DATE 06/08
HIGHEST GUST SPEED/DIRECTION 59/290 DATE 06/08
SKY COVER
POSSIBLE SUNSHINE (PERCENT) MM
AVERAGE SKY COVER 0.29
NUMBER OF DAYS FAIR 243
NUMBER OF DAYS PC 68
NUMBER OF DAYS CLOUDY 53
AVERAGE RH (PERCENT) 64
WEATHER CONDITIONS. NUMBER OF DAYS WITH
THUNDERSTORM 41 MIXED PRECIP 2
HEAVY RAIN 30 RAIN 41
LIGHT RAIN 117 FREEZING RAIN 3
LT FREEZING RAIN 4 HAIL 0
HEAVY SNOW 2 SNOW 3
LIGHT SNOW 27 SLEET 0
FOG 99 FOG W/VIS <= 1/4 MILE 10
HAZE 45
- INDICATES NEGATIVE NUMBERS.
R INDICATES RECORD WAS SET OR TIED.
MM INDICATES DATA IS MISSING.
T INDICATES TRACE AMOUNT.
$$