000
CXUS53 KEAX 010709
CLMDMO
CLIMATE REPORT
NATIONAL WEATHER SERVICE KANSAS CITY/PLEASANT HILL MO
200 AM CDT MON MAY 01 2023
...................................
...THE SEDALIA MO CLIMATE SUMMARY FOR THE MONTH OF APRIL 2023...
CLIMATE NORMAL PERIOD: 1991 TO 2020
CLIMATE RECORD PERIOD: 9999 TO 9999
WEATHER OBSERVED NORMAL DEPART LAST YEAR`S
VALUE DATE(S) VALUE FROM VALUE DATE(S)
NORMAL
................................................................
TEMPERATURE (F)
HIGHEST 85 04/04 84 1 85 04/22
LOWEST 31 04/23 27 4 26 04/01
AVG. MAXIMUM 70.1 65.4 4.7 65.7
AVG. MINIMUM 43.5 44.0 -0.5 43.7
MEAN 56.8 54.7 2.1 54.7
DAYS MAX >= 90 0 0.0 0.0 0
DAYS MAX <= 32 0 0.0 0.0 0
DAYS MIN <= 32 1 2.6 -1.6 3
DAYS MIN <= 0 0 0.0 0.0 0
PRECIPITATION (INCHES)
TOTALS 1.07R 3.78 -2.71 5.02
DAILY AVG. 0.04 0.13 -0.09 0.17
DAYS >= .01 3 10.5 -7.5 12
DAYS >= .10 2 6.6 -4.6 10
DAYS >= .50 1 2.5 -1.5 3
DAYS >= 1.00 0 0.8 -0.8 1
GREATEST
24 HR. TOTAL 0.58 04/15 TO 04/15
DEGREE DAYS
HEATING TOTAL 256 328 -72 321
SINCE 7/1 4231 4825 -594 MM
COOLING TOTAL 15 19 -4 20
SINCE 1/1 18 22 -4 MM
................................................................
WIND (MPH)
AVERAGE WIND SPEED 10.5
HIGHEST WIND SPEED/DIRECTION 38/280 DATE 04/01
HIGHEST GUST SPEED/DIRECTION 52/270 DATE 04/01
52/240 04/20
52/330 04/29
SKY COVER
POSSIBLE SUNSHINE (PERCENT) MM
AVERAGE SKY COVER 0.20
NUMBER OF DAYS FAIR 23
NUMBER OF DAYS PC 7
NUMBER OF DAYS CLOUDY 0
AVERAGE RH (PERCENT) 54
WEATHER CONDITIONS. NUMBER OF DAYS WITH
THUNDERSTORM 5 MIXED PRECIP 0
HEAVY RAIN 2 RAIN 1
LIGHT RAIN 4 FREEZING RAIN 0
LT FREEZING RAIN 0 HAIL 0
HEAVY SNOW 0 SNOW 0
LIGHT SNOW 0 SLEET 0
FOG 3 FOG W/VIS <= 1/4 MILE 0
HAZE 1
- INDICATES NEGATIVE NUMBERS.
R INDICATES RECORD WAS SET OR TIED.
MM INDICATES DATA IS MISSING.
T INDICATES TRACE AMOUNT.
$$