000
CXUS55 KVEF 281021
CF6DRA
PRELIMINARY LOCAL CLIMATOLOGICAL DATA (WS FORM: F-6)
STATION: DESERT ROCK-MERCURY NV
MONTH: SEPTEMBER
YEAR: 2021
LATITUDE: 36 37 N
LONGITUDE: 116 1 W
TEMPERATURE IN F: :PCPN: SNOW: WIND :SUNSHINE: SKY :PK WND
================================================================================
1 2 3 4 5 6A 6B 7 8 9 10 11 12 13 14 15 16 17 18
12Z AVG MX 2MIN
DY MAX MIN AVG DEP HDD CDD WTR SNW DPTH SPD SPD DIR MIN PSBL S-S WX SPD DR
================================================================================
1 93 72 83 2 0 18 0.00 0.0 0 10.0 24 230 M M 0 39 230
2 94 64 79 -2 0 14 0.00 0.0 0 9.5 24 220 M M 0 41 240
3 94 65 80 -1 0 15 0.00 0.0 0 9.3 23 230 M M 0 38 220
4 97 57 77 -3 0 12 0.00 0.0 0 5.1 13 240 M M 0 M M
5 101 60 81 1 0 16 0.00 0.0 0 4.4 12 230 M M 0 17 99
6 104 64 84 4 0 19 0.00 0.0 0 4.0 16 280 M M 0 22 270
7 106 66 86 7 0 21 0.00 0.0 0 4.6 9 280 M M 0 20 290
8 108 68 88 9 0 23 0.00 0.0 0 5.2 10 130 M M 0 17 230
9 104 74 89 10 0 24 0.00 0.0 0 7.8 18 200 M M 0 41 170
10 100 70 85 7 0 20 T 0.0 0 10.4 24 210 M M 1 43 200
11 97 75 86 8 0 21 0.00 0.0 0 10.8 23 210 M M 0 39 210
12 99 67 83 5 0 18 0.00 0.0 0 8.6 20 220 M M 0 40 250
13 99 67 83 6 0 18 0.00 0.0 0 9.2 22 230 M M 0 38 220
14 97 62 80 3 0 15 0.00 0.0 0 6.2 13 250 M M 0 17 250
15 93 60 77 0 0 12 0.00 0.0 0 6.0 14 220 M M 0 23 210
16 93 60 77 1 0 12 0.00 0.0 0 9.5 20 210 M M 0 36 220
17 91 53 72 -4 0 7 T 0.0 0 6.5 20 100 M M 2 32 110
18 89 64 77 1 0 12 T 0.0 0 10.5 24 210 M M 1 38 210
19 88 55 72 -3 0 7 0.00 0.0 0 10.1 23 230 M M 1 36 220
20 87 64 76 1 0 11 0.00 0.0 0 13.9 25 40 M M 0 38 30
21 90 62 76 2 0 11 0.00 0.0 0 9.1 17 40 M M 0 23 120
22 94 55 75 1 0 10 0.00 0.0 0 6.2 14 240 M M 0 28 200
23 93 60 77 3 0 12 0.00 0.0 0 4.9 12 210 M M 0 8 18 210
24 93 65 79 6 0 14 0.00 0.0 0 8.7 16 40 M M 0 20 130
25 92 60 76 3 0 11 0.00 0.0 0 6.3 13 230 M M 0 20 240
26 91 63 77 5 0 12 0.00 0.0 0 5.7 13 250 M M 0 22 230
27 92 63 78 6 0 13 0.00 0.0 0 7.6 21 230 M M 2 8 28 230
28 80 64 72 0 0 7 0.00 0.0 0 9.8 18 40 M M 0 30 220
29 78 57 68 -3 0 3 0.00 0.0 0 12.0 22 40 M M 0 30 40
30 81 55 68 -3 0 3 0.00 0.0 0 11.8 18 20 M M 0 32 60
================================================================================
SM 2818 1891 0 411 T 0.0 243.7 M 7
================================================================================
AV 93.9 63.0 8.1 FASTST M M 0 MAX(MPH)
MISC ----> 25 40 43 200
================================================================================
NOTES:
# LAST OF SEVERAL OCCURRENCES
COLUMN 17 PEAK WIND IN M.P.H.
PRELIMINARY LOCAL CLIMATOLOGICAL DATA (WS FORM: F-6) , PAGE 2
STATION: DESERT ROCK-MERCURY NV
MONTH: SEPTEMBER
YEAR: 2021
LATITUDE: 36 37 N
LONGITUDE: 116 1 W
[TEMPERATURE DATA] [PRECIPITATION DATA] SYMBOLS USED IN COLUMN 16
AVERAGE MONTHLY: 78.5 TOTAL FOR MONTH: T 1 = FOG OR MIST
DPTR FM NORMAL: 2.2 DPTR FM NORMAL: -0.38 2 = FOG REDUCING VISIBILITY
HIGHEST: 108 ON 8 GRTST 24HR T ON 10-10 TO 1/4 MILE OR LESS
LOWEST: 53 ON 17 3 = THUNDER
SNOW, ICE PELLETS, HAIL 4 = ICE PELLETS
TOTAL MONTH: 0.0 INCH 5 = HAIL
GRTST 24HR 0.0 6 = FREEZING RAIN OR DRIZZLE
GRTST DEPTH: 0 7 = DUSTSTORM OR SANDSTORM:
VSBY 1/2 MILE OR LESS
8 = SMOKE OR HAZE
[NO. OF DAYS WITH] [WEATHER - DAYS WITH] 9 = BLOWING SNOW
X = TORNADO
MAX 32 OR BELOW: 0 0.01 INCH OR MORE: 0
MAX 90 OR ABOVE: 24 0.10 INCH OR MORE: 0
MIN 32 OR BELOW: 0 0.50 INCH OR MORE: 0
MIN 0 OR BELOW: 0 1.00 INCH OR MORE: 0
[HDD (BASE 65) ]
TOTAL THIS MO. 0 CLEAR (SCALE 0-3) 30
DPTR FM NORMAL -6 PTCLDY (SCALE 4-7) 0
TOTAL FM JUL 1 0 CLOUDY (SCALE 8-10) 0
DPTR FM NORMAL -4
[CDD (BASE 65) ]
TOTAL THIS MO. 411
DPTR FM NORMAL 67 [PRESSURE DATA]
TOTAL FM JAN 1 2662 HIGHEST SLP M ON M
DPTR FM NORMAL 405 LOWEST SLP M ON M
[REMARKS]
#FINAL-09-21#