000
CXUS55 KGJT 010910
CF6DRO
PRELIMINARY LOCAL CLIMATOLOGICAL DATA (WS FORM: F-6)
STATION: DURANGO AIRPORT CO
MONTH: JULY
YEAR: 2023
LATITUDE: 37 9 N
LONGITUDE: 107 45 W
TEMPERATURE IN F: :PCPN: SNOW: WIND :SUNSHINE: SKY :PK WND
================================================================================
1 2 3 4 5 6A 6B 7 8 9 10 11 12 13 14 15 16 17 18
12Z AVG MX 2MIN
DY MAX MIN AVG DEP HDD CDD WTR SNW DPTH SPD SPD DIR MIN PSBL S-S WX SPD DR
================================================================================
1 88 45 67 0 0 2 0.00 M M 5.0 16 300 M M 0 23 310
2 90 47 69 1 0 4 0.00 M M 6.5 23 260 M M 0 29 310
3 92 45 69 1 0 4 0.00 M M 5.7 23 330 M M 0 31 310
4 93 47 70 2 0 5 0.00 M M 6.1 23 270 M M 0 33 260
5 91 46 69 1 0 4 0.00 M M 9.0 29 260 M M 0 44 260
6 91 41 66 -3 0 1 0.00 M M 7.5 31 250 M M 0 42 250
7 92 48 70 1 0 5 0.00 M M 9.7 31 230 M M 0 42 230
8 90 43 67 -2 0 2 0.00 M M 8.6 25 260 M M 0 38 300
9 92 44 68 -1 0 3 0.00 M M 6.5 21 290 M M 0 30 270
10 91 52 72 3 0 7 T M M 7.7 24 270 M M 2 35 300
11 92 48 70 0 0 5 0.00 M M 8.0 24 310 M M 1 32 310
12 92 53 73 3 0 8 0.00 M M 8.1 22 310 M M 1 31 300
13 93 50 72 2 0 7 0.00 M M 6.7 22 270 M M 0 32 280
14 95 50 73 3 0 8 0.00 M M 8.0 23 280 M M 0 42 310
15 94 50 72 2 0 7 0.00 M M 8.2 25 260 M M 0 34 250
16 97 46 72 2 0 7 0.00 M M 6.3 23 210 M M 0 31 190
17 99 48 74 4 0 9 0.00 M M 5.8 15 310 M M 0 20 320
18 97 51 74 4 0 9 0.00 M M 6.2 21 270 M M 0 29 260
19 95 64 80 10 0 15 T M M 7.3 23 290 M M 1 3 36 310
20 96 54 75 5 0 10 0.00 M M 7.6 24 290 M M 0 36 320
21 95 52 74 4 0 9 0.00 M M 5.8 16 260 M M 0 24 290
22 92 58 75 5 0 10 0.00 M M 7.4 20 150 M M 0 31 140
23 96 55 76 6 0 11 0.00 M M 6.4 31 30 M M 0 44 20
24 96 54 75 5 0 10 0.00 M M 6.6 20 270 M M 0 33 290
25 97 58 78 8 0 13 T M M 7.3 25 280 M M 0 37 280
26 96 57 77 7 0 12 0.00 M M 7.0 24 280 M M 0 32 310
27 92 57 75 5 0 10 0.07 M M 4.9 24 280 M M 1 38 31 290
28 95 58 77 7 0 12 0.00 M M 4.5 21 260 M M 0 27 260
29 95 56 76 6 0 11 T M M 5.7 24 20 M M 2 3 30 20
30 92 61 77 7 0 12 0.01 M M 6.4 32 30 M M 4 3 40 30
31 90 54 72 2 0 7 T M M 5.8 21 130 M M 2 3 29 120
================================================================================
SM 2896 1592 0 239 0.08 M 212.3 M 14
================================================================================
AV 93.4 51.4 6.8 FASTST M M 0 MAX(MPH)
MISC ----> 32 30 # 44 260
================================================================================
NOTES:
# LAST OF SEVERAL OCCURRENCES
COLUMN 17 PEAK WIND IN M.P.H.
PRELIMINARY LOCAL CLIMATOLOGICAL DATA (WS FORM: F-6) , PAGE 2
STATION: DURANGO AIRPORT CO
MONTH: JULY
YEAR: 2023
LATITUDE: 37 9 N
LONGITUDE: 107 45 W
[TEMPERATURE DATA] [PRECIPITATION DATA] SYMBOLS USED IN COLUMN 16
AVERAGE MONTHLY: 72.4 TOTAL FOR MONTH: 0.08 1 = FOG OR MIST
DPTR FM NORMAL: 2.9 DPTR FM NORMAL: -1.15 2 = FOG REDUCING VISIBILITY
HIGHEST: 99 ON 17 GRTST 24HR 0.07 ON 27-27 TO 1/4 MILE OR LESS
LOWEST: 41 ON 6 3 = THUNDER
SNOW, ICE PELLETS, HAIL 4 = ICE PELLETS
TOTAL MONTH: M 5 = HAIL
GRTST 24HR M ON M 6 = FREEZING RAIN OR DRIZZLE
GRTST DEPTH: M ON M 7 = DUSTSTORM OR SANDSTORM:
VSBY 1/2 MILE OR LESS
8 = SMOKE OR HAZE
[NO. OF DAYS WITH] [WEATHER - DAYS WITH] 9 = BLOWING SNOW
X = TORNADO
MAX 32 OR BELOW: 0 0.01 INCH OR MORE: 2
MAX 90 OR ABOVE: 30 0.10 INCH OR MORE: 0
MIN 32 OR BELOW: 0 0.50 INCH OR MORE: 0
MIN 0 OR BELOW: 0 1.00 INCH OR MORE: 0
[HDD (BASE 65) ]
TOTAL THIS MO. 0 CLEAR (SCALE 0-3) 30
DPTR FM NORMAL -6 PTCLDY (SCALE 4-7) 1
TOTAL FM JUL 1 0 CLOUDY (SCALE 8-10) 0
DPTR FM NORMAL -2
[CDD (BASE 65) ]
TOTAL THIS MO. 239
DPTR FM NORMAL 92 [PRESSURE DATA]
TOTAL FM JAN 1 245 HIGHEST SLP M ON M
DPTR FM NORMAL 61 LOWEST SLP 29.73 ON 7
[REMARKS]
#FINAL-07-23#