000
CXUS55 KGJT 011010
CF6DRO
PRELIMINARY LOCAL CLIMATOLOGICAL DATA (WS FORM: F-6)
STATION: DURANGO AIRPORT CO
MONTH: JANUARY
YEAR: 2023
LATITUDE: 37 9 N
LONGITUDE: 107 45 W
TEMPERATURE IN F: :PCPN: SNOW: WIND :SUNSHINE: SKY :PK WND
================================================================================
1 2 3 4 5 6A 6B 7 8 9 10 11 12 13 14 15 16 17 18
12Z AVG MX 2MIN
DY MAX MIN AVG DEP HDD CDD WTR SNW DPTH SPD SPD DIR MIN PSBL S-S WX SPD DR
================================================================================
1 36 32 34 11 31 0 0.48 M M 5.3 16 80 M M 9 1 22 220
2 35 25 30 7 35 0 0.09 M M 7.3 20 190 M M 9 1 29 200
3 29 21 25 2 40 0 0.01 M M 10.3 20 270 M M 8 1 25 270
4 33 4 19 -4 46 0 0.00 M M 5.3 17 260 M M 1 1 22 250
5 33 2 18 -5 47 0 T M M 3.2 8 100 M M 2 10 120
6 37 13 25 2 40 0 0.02 M M 7.1 24 270 M M 5 18 32 270
7 38 5 22 -1 43 0 0.00 M M 2.0 9 10 M M 0 10 20
8 38 8 23 0 42 0 0.00 M M 3.6 12 360 M M 2 13 360
9 40 6 23 0 42 0 T M M 3.9 18 360 M M 6 25 360
10 44 27 36 13 29 0 0.00 M M 4.0 10 40 M M 6 11 40
11 37 18 28 5 37 0 0.04 M M 13.3 29 280 M M 4 1 41 280
12 36 2 19 -4 46 0 0.00 M M 3.7 9 10 M M 0 10 110
13 41 8 25 2 40 0 0.00 M M 3.2 10 10 M M 0 13 360
14 42 16 29 6 36 0 T M M 5.0 20 220 M M 4 27 210
15 35 20 28 5 37 0 0.53 M M 8.0 23 280 M M 9 12 31 280
16 31 24 28 5 37 0 0.22 M M 4.4 12 230 M M 10 12 16 230
17 35 21 28 4 37 0 0.26 M M 6.3 22 250 M M 9 12 34 290
18 32 1 17 -7 48 0 0.09 M M 12.2 28 270 M M 4 1 35 280
19 27 -8 10 -14 55 0 T M M 3.4 14 10 M M 1 12 17 360
20 29 2 16 -8 49 0 0.11 M M 3.3 9 10 M M 8 128 12 120
21 26 5 16 -8 49 0 0.00 M M 3.6 10 70 M M 7 1 12 70
22 25 11 18 -6 47 0 0.00 M M 2.3 10 20 M M 6 12 80
23 35 21 28 4 37 0 T M M 9.8 23 50 M M 10 1 33 90
24 28 3 16 -8 49 0 0.00 M M 5.0 12 360 M M 6 12 15 90
25 27 -5 11 -14 54 0 0.00 M M 4.9 15 60 M M 4 12 16 60
26 25 -14 6 -19 59 0 0.00 M M 4.2 12 350 M M 0 15 350
27 26 -11 8 -17 57 0 0.00 M M 4.6 10 50 M M 0 11 10
28 35 0 18 -7 47 0 0.00 M M 5.6 16 270 M M 4 22 270
29 35 0 18 -8 47 0 0.00 M M 4.7 10 60 M M 1 15 140
30 37 0 19 -7 46 0 0.00 M M 4.5 12 270 M M 6 14 280
31 38 5 22 -4 43 0 T M M 4.0 12 270 M M 5 1 14 270
================================================================================
SM 1045 262 1352 0 1.85 M 168.0 M 146
================================================================================
AV 33.7 8.5 5.4 FASTST M M 5 MAX(MPH)
MISC ----> 29 280 41 280
================================================================================
NOTES:
# LAST OF SEVERAL OCCURRENCES
COLUMN 17 PEAK WIND IN M.P.H.
PRELIMINARY LOCAL CLIMATOLOGICAL DATA (WS FORM: F-6) , PAGE 2
STATION: DURANGO AIRPORT CO
MONTH: JANUARY
YEAR: 2023
LATITUDE: 37 9 N
LONGITUDE: 107 45 W
[TEMPERATURE DATA] [PRECIPITATION DATA] SYMBOLS USED IN COLUMN 16
AVERAGE MONTHLY: 21.1 TOTAL FOR MONTH: 1.85 1 = FOG OR MIST
DPTR FM NORMAL: -2.6 DPTR FM NORMAL: 0.57 2 = FOG REDUCING VISIBILITY
HIGHEST: 44 ON 10 GRTST 24HR 0.53 ON 15-15 TO 1/4 MILE OR LESS
LOWEST: -14 ON 26 3 = THUNDER
SNOW, ICE PELLETS, HAIL 4 = ICE PELLETS
TOTAL MONTH: M 5 = HAIL
GRTST 24HR M ON M 6 = FREEZING RAIN OR DRIZZLE
GRTST DEPTH: M ON M 7 = DUSTSTORM OR SANDSTORM:
VSBY 1/2 MILE OR LESS
8 = SMOKE OR HAZE
[NO. OF DAYS WITH] [WEATHER - DAYS WITH] 9 = BLOWING SNOW
X = TORNADO
MAX 32 OR BELOW: 11 0.01 INCH OR MORE: 10
MAX 90 OR ABOVE: 0 0.10 INCH OR MORE: 5
MIN 32 OR BELOW: 31 0.50 INCH OR MORE: 1
MIN 0 OR BELOW: 7 1.00 INCH OR MORE: 0
[HDD (BASE 65) ]
TOTAL THIS MO. 1352 CLEAR (SCALE 0-3) 10
DPTR FM NORMAL 73 PTCLDY (SCALE 4-7) 14
TOTAL FM JUL 1 4081 CLOUDY (SCALE 8-10) 7
DPTR FM NORMAL -28
[CDD (BASE 65) ]
TOTAL THIS MO. 0
DPTR FM NORMAL 0 [PRESSURE DATA]
TOTAL FM JAN 1 0 HIGHEST SLP 30.71 ON 12
DPTR FM NORMAL 0 LOWEST SLP 29.62 ON 17
[REMARKS]
#FINAL-01-23#