000
CXUS53 KDMX 020332
CF6DSM
PRELIMINARY LOCAL CLIMATOLOGICAL DATA (WS FORM: F-6)
STATION: DES MOINES IA
MONTH: APRIL
YEAR: 2020
LATITUDE: 41 31 N
LONGITUDE: 93 39 W
TEMPERATURE IN F: :PCPN: SNOW: WIND :SUNSHINE: SKY :PK WND
================================================================================
1 2 3 4 5 6A 6B 7 8 9 10 11 12 13 14 15 16 17 18
12Z AVG MX 2MIN
DY MAX MIN AVG DEP HDD CDD WTR SNW DPTH SPD SPD DIR MIN PSBL S-S WX SPD DR
================================================================================
1 66 37 52 6 13 0 0.16 0.0 0 12.5 22 150 M M 6 1 28 140
2 64 39 52 6 13 0 T 0.0 0 13.2 24 150 M M 10 3 34 170
3 39 29 34 -13 31 0 0.25 T 0 13.5 23 320 M M 10 146 30 320
4 49 26 38 -9 27 0 T T 0 8.1 18 340 M M 5 24 340
5 61 32 47 -1 18 0 0.00 0.0 0 7.8 17 150 M M 5 24 150
6 66 45 56 8 9 0 0.01 0.0 0 10.5 18 180 M M 9 13 26 190
7 83 57 70 22 0 5 0.00 0.0 0 9.8 17 280 M M 4 1 23 280
8 72 42 57 8 8 0 0.00 0.0 0 10.9 30 30 M M 4 42 360
9 51 30 41 -8 24 0 0.00 0.0 0 15.9 38 310 M M 5 8 62 290
10 53 24 39 -11 26 0 0.00 0.0 0 6.9 17 220 M M 5 23 200
11 62 42 52 2 13 0 0.04 0.0 0 8.4 16 160 M M 7 13 21 150
12 49 28 39 -11 26 0 0.92 0.2 0 17.2 35 350 M M 10 1346 51 330
13 43 24 34 -17 31 0 0.00 0.0 T 15.9 32 310 M M 2 42 310
14 44 23 34 -17 31 0 0.06 1.2 0 13.5 28 300 M M 5 1 36 290
15 42 23 33 -19 32 0 T T 1 4.5 20 40 M M 8 12 24 40
16 39 30 35 -17 30 0 0.19 2.2 0 5.8 12 140 M M 10 1 23 90
17 48 31 40 -12 25 0 0.10 1.6 3 9.8 21 260 M M 8 1 30 250
18 65 35 50 -3 15 0 0.00 0.0 0 16.7 31 230 M M 2 40 220
19 63 44 54 1 11 0 0.00 0.0 0 9.1 22 30 M M 3 28 20
20 67 41 54 0 11 0 0.01 0.0 0 12.1 30 310 M M 6 39 320
21 64 37 51 -3 14 0 0.00 0.0 0 6.9 18 10 M M 1 27 360
22 79 51 65 11 0 0 T 0.0 0 15.6 30 230 M M 7 37 230
23 75 49 62 7 3 0 T 0.0 0 6.5 17 50 M M 4 1 23 60
24 62 50 56 1 9 0 T 0.0 0 10.2 18 20 M M 10 138 22 30
25 68 47 58 3 7 0 T 0.0 0 7.4 21 330 M M 7 1 28 320
26 70 48 59 3 6 0 T 0.0 0 7.2 16 220 M M 5 22 240
27 79 52 66 10 0 1 T 0.0 0 12.2 28 190 M M 7 37 190
28 75 53 64 8 1 0 0.04 0.0 0 14.3 33 320 M M 7 1 47 320
29 65 48 57 0 8 0 0.00 0.0 0 18.6 36 350 M M 5 49 350
30 74 44 59 2 6 0 0.00 0.0 0 7.0 17 310 M M 1 25 360
================================================================================
SM 1837 1161 448 6 1.78 5.2 328.0 M 178
================================================================================
AV 61.2 38.7 10.9 FASTST M M 6 MAX(MPH)
MISC ----> # 38 310 # 62 290
================================================================================
NOTES:
# LAST OF SEVERAL OCCURRENCES
COLUMN 17 PEAK WIND IN M.P.H.
PRELIMINARY LOCAL CLIMATOLOGICAL DATA (WS FORM: F-6) , PAGE 2
STATION: DES MOINES IA
MONTH: APRIL
YEAR: 2020
LATITUDE: 41 31 N
LONGITUDE: 93 39 W
[TEMPERATURE DATA] [PRECIPITATION DATA] SYMBOLS USED IN COLUMN 16
AVERAGE MONTHLY: 50.0 TOTAL FOR MONTH: 1.78 1 = FOG OR MIST
DPTR FM NORMAL: -1.7 DPTR FM NORMAL: -2.08 2 = FOG REDUCING VISIBILITY
HIGHEST: 83 ON 7 GRTST 24HR 0.92 ON 12-12 TO 1/4 MILE OR LESS
LOWEST: 23 ON 15,14 3 = THUNDER
SNOW, ICE PELLETS, HAIL 4 = ICE PELLETS
TOTAL MONTH: 5.2 INCHES 5 = HAIL
GRTST 24HR 2.2 ON 16-16 6 = FREEZING RAIN OR DRIZZLE
GRTST DEPTH: 3 ON 17 7 = DUSTSTORM OR SANDSTORM:
VSBY 1/2 MILE OR LESS
8 = SMOKE OR HAZE
[NO. OF DAYS WITH] [WEATHER - DAYS WITH] 9 = BLOWING SNOW
X = TORNADO
MAX 32 OR BELOW: 0 0.01 INCH OR MORE: 10
MAX 90 OR ABOVE: 0 0.10 INCH OR MORE: 5
MIN 32 OR BELOW: 11 0.50 INCH OR MORE: 1
MIN 0 OR BELOW: 0 1.00 INCH OR MORE: 0
[HDD (BASE 65) ]
TOTAL THIS MO. 448 CLEAR (SCALE 0-3) 5
DPTR FM NORMAL 36 PTCLDY (SCALE 4-7) 19
TOTAL FM JUL 1 5825 CLOUDY (SCALE 8-10) 6
DPTR FM NORMAL -214
[CDD (BASE 65) ]
TOTAL THIS MO. 6
DPTR FM NORMAL -7 [PRESSURE DATA]
TOTAL FM JAN 1 6 HIGHEST SLP M ON M
DPTR FM NORMAL -8 LOWEST SLP 28.92 ON 30
[REMARKS]
#FINAL-04-20#