000
CXUS54 KFWD 072147
CF6DTO
PRELIMINARY LOCAL CLIMATOLOGICAL DATA (WS FORM: F-6)
STATION: DENTON
MONTH: JUNE
YEAR: 2022
LATITUDE: 33 12 N
LONGITUDE: 97 12 W
TEMPERATURE IN F: :PCPN: SNOW: WIND :SUNSHINE: SKY :PK WND
================================================================================
1 2 3 4 5 6A 6B 7 8 9 10 11 12 13 14 15 16 17 18
12Z AVG MX 2MIN
DY MAX MIN AVG DEP HDD CDD WTR SNW DPTH SPD SPD DIR MIN PSBL S-S WX SPD DR
================================================================================
1 89 73 81 3 0 16 0.13 M M 7.1 17 260 M M 6 13 22 160
2 82 64 73 -5 0 8 0.02 M M 7.8 32 350 M M 5 13 47 340
3 81 67 74 -4 0 9 0.11 M M 4.7 15 30 M M 6 13 21 40
4 87 65 76 -2 0 11 0.00 M M 6.2 12 140 M M 2 1 17 170
5 94 72 83 5 0 18 0.00 M M 13.3 23 160 M M 1 32 150
6 95 75 85 6 0 20 0.00 M M 13.7 23 180 M M 0 34 170
7 94 76 85 6 0 20 0.00 M M 12.4 21 160 M M 0 26 160
8 87 71 79 0 0 14 0.00 M M 11.4 30 350 M M 1 40 350
9 92 69 81 2 0 16 0.00 M M 6.3 13 30 M M 3 16 150
10 98 73 86 6 0 21 0.00 M M 7.1 29 360 M M 0 39 10
11 103 74 89 9 0 24 0.00 M M 8.5 15 150 M M 0 21 230
12 105 76 91 11 0 26 0.00 M M 12.9 22 150 M M 0 28 190
13 99 79 89 9 0 24 0.00 M M 16.2 26 160 M M 0 35 160
14 98 77 88 8 0 23 0.00 M M 19.6 31 150 M M 0 39 160
15 97 78 88 8 0 23 0.00 M M 17.1 26 150 M M 0 35 160
16 99 75 87 6 0 22 0.00 M M 8.6 20 200 M M 0 26 220
17 98 67 83 2 0 18 0.00 M M 4.9 15 120 M M 1 1 20 120
18 98 76 87 6 0 22 0.00 M M 6.3 16 120 M M 1 22 140
19 98 76 87 6 0 22 0.00 M M 7.4 23 120 M M 0 34 110
20 100 77 89 8 0 24 0.00 M M 9.0 16 160 M M 0 23 190
21 100 77 89 8 0 24 0.00 M M 7.0 15 110 M M 1 25 120
22 99 70 85 3 0 20 0.00 M M 4.6 14 160 M M 0 20 140
23 101 72 87 5 0 22 0.00 M M 5.9 17 110 M M 0 23 100
24 103 75 89 7 0 24 0.00 M M 8.6 18 160 M M 0 25 180
25 101 71 86 4 0 21 0.00 M M 6.5 16 140 M M 0 23 170
26 99 69 84 2 0 19 0.00 M M 8.3 21 20 M M 0 29 20
27 94 70 82 0 0 17 0.00 M M 9.5 18 30 M M 1 24 30
28 90 74 82 0 0 17 T M M 8.1 15 20 M M 4 20 120
29 94 64 79 -3 0 14 0.00 M M 5.4 13 110 M M 0 20 70
30 98 63 81 -2 0 16 0.00 M M 6.0 18 160 M M 0 25 160
================================================================================
SM 2873 2165 0 575 0.26 M 270.4 M 32
================================================================================
AV 95.8 72.2 9.0 FASTST M M 1 MAX(MPH)
MISC ----> 32 350 47 340
================================================================================
NOTES:
# LAST OF SEVERAL OCCURRENCES
COLUMN 17 PEAK WIND IN M.P.H.
PRELIMINARY LOCAL CLIMATOLOGICAL DATA (WS FORM: F-6) , PAGE 2
STATION: DENTON
MONTH: JUNE
YEAR: 2022
LATITUDE: 33 12 N
LONGITUDE: 97 12 W
[TEMPERATURE DATA] [PRECIPITATION DATA] SYMBOLS USED IN COLUMN 16
AVERAGE MONTHLY: 84.0 TOTAL FOR MONTH: 0.26 1 = FOG OR MIST
DPTR FM NORMAL: 3.7 DPTR FM NORMAL: -3.41 2 = FOG REDUCING VISIBILITY
HIGHEST: 105 ON 12 GRTST 24HR 0.14 ON 1- 2 TO 1/4 MILE OR LESS
LOWEST: 63 ON 30 3 = THUNDER
SNOW, ICE PELLETS, HAIL 4 = ICE PELLETS
TOTAL MONTH: M 5 = HAIL
GRTST 24HR M ON M 6 = FREEZING RAIN OR DRIZZLE
GRTST DEPTH: M ON M 7 = DUSTSTORM OR SANDSTORM:
VSBY 1/2 MILE OR LESS
8 = SMOKE OR HAZE
[NO. OF DAYS WITH] [WEATHER - DAYS WITH] 9 = BLOWING SNOW
X = TORNADO
MAX 32 OR BELOW: 0 0.01 INCH OR MORE: 3
MAX 90 OR ABOVE: 25 0.10 INCH OR MORE: 2
MIN 32 OR BELOW: 0 0.50 INCH OR MORE: 0
MIN 0 OR BELOW: 0 1.00 INCH OR MORE: 0
[HDD (BASE 65) ]
TOTAL THIS MO. 0 CLEAR (SCALE 0-3) 26
DPTR FM NORMAL 0 PTCLDY (SCALE 4-7) 4
TOTAL FM JUL 1 2359 CLOUDY (SCALE 8-10) 0
DPTR FM NORMAL -278
[CDD (BASE 65) ]
TOTAL THIS MO. 575
DPTR FM NORMAL 115 [PRESSURE DATA]
TOTAL FM JAN 1 1094 HIGHEST SLP 30.20 ON 27
DPTR FM NORMAL 289 LOWEST SLP 29.58 ON 6
[REMARKS]
#FINAL-06-22#