000
CXUS54 KFWD 010830
CF6DTO
PRELIMINARY LOCAL CLIMATOLOGICAL DATA (WS FORM: F-6)
STATION: DENTON
MONTH: FEBRUARY
YEAR: 2022
LATITUDE: 33 12 N
LONGITUDE: 97 12 W
TEMPERATURE IN F: :PCPN: SNOW: WIND :SUNSHINE: SKY :PK WND
================================================================================
1 2 3 4 5 6A 6B 7 8 9 10 11 12 13 14 15 16 17 18
12Z AVG MX 2MIN
DY MAX MIN AVG DEP HDD CDD WTR SNW DPTH SPD SPD DIR MIN PSBL S-S WX SPD DR
================================================================================
1 72 52 62 16 3 0 0.00 M M 10.5 20 160 M M 8 26 170
2 57 28 43 -3 22 0 0.42 M M 13.5 24 360 M M 10 16 34 10
3 28 19 24 -22 41 0 0.10 M M 15.2 23 350 M M 10 146 36 330
4 35 18 27 -19 38 0 0.00 M M 9.9 18 330 M M 4 23 330
5 49 14 32 -14 33 0 0.00 M M 6.0 17 160 M M 0 21 180
6 57 21 39 -7 26 0 0.00 M M 5.7 16 190 M M 0 21 190
7 59 25 42 -5 23 0 0.00 M M 6.6 16 350 M M 0 23 360
8 68 23 46 -1 19 0 0.00 M M 7.4 22 200 M M 0 29 180
9 71 25 48 1 17 0 0.00 M M 3.9 14 320 M M 0 18 330
10 71 27 49 2 16 0 0.00 M M 2.3 15 20 M M 0 19 20
11 78 28 53 6 12 0 0.00 M M 9.4 26 30 M M 0 39 30
12 55 20 38 -10 27 0 0.00 M M 14.5 30 30 M M 5 42 20
13 67 17 42 -6 23 0 0.00 M M 4.6 17 340 M M 0 23 330
14 73 23 48 0 17 0 0.00 M M 7.7 21 180 M M 0 28 180
15 72 44 58 10 7 0 0.00 M M 19.1 35 180 M M 0 45 180
16 73 62 68 20 0 3 0.00 M M 21.8 33 180 M M 8 8 47 190
17 69 29 49 0 16 0 0.04 M M 16.5 37 230 M M 10 13 53 220
18 55 19 37 -12 28 0 0.00 M M 3.4 12 360 M M 0 15 350
19 66 21 44 -5 21 0 0.00 M M 4.2 15 140 M M 0 19 150
20 69 35 52 3 13 0 0.00 M M 13.8 25 170 M M 0 35 170
21 82 53 68 18 0 3 0.23 M M 12.1 23 240 M M 4 13 32 330
22 65 30 48 -2 17 0 0.49 M M 14.3 28 330 M M 4 13 38 340
23 30 21 26 -24 39 0 0.02 M M 14.1 26 10 M M 9 16 34 10
24 29 20 25 -25 40 0 T M M 10.3 16 350 M M 10 16 23 350
25 39 20 30 -21 35 0 0.00 M M 10.0 20 20 M M 4 25 20
26 41 33 37 -14 28 0 T M M 7.1 12 20 M M 10 17 10
27 59 25 42 -9 23 0 0.00 M M 6.6 17 10 M M 1 25 340
28 67 19 43 -8 22 0 0.00 M M 2.3 12 190 M M 0 16 200
================================================================================
SM 1656 771 606 6 1.30 M 272.8 M 97
================================================================================
AV 59.1 27.5 9.7 FASTST M M 3 MAX(MPH)
MISC ----> 37 230 53 220
================================================================================
NOTES:
# LAST OF SEVERAL OCCURRENCES
COLUMN 17 PEAK WIND IN M.P.H.
PRELIMINARY LOCAL CLIMATOLOGICAL DATA (WS FORM: F-6) , PAGE 2
STATION: DENTON
MONTH: FEBRUARY
YEAR: 2022
LATITUDE: 33 12 N
LONGITUDE: 97 12 W
[TEMPERATURE DATA] [PRECIPITATION DATA] SYMBOLS USED IN COLUMN 16
AVERAGE MONTHLY: 43.3 TOTAL FOR MONTH: 1.30 1 = FOG OR MIST
DPTR FM NORMAL: -4.9 DPTR FM NORMAL: -1.18 2 = FOG REDUCING VISIBILITY
HIGHEST: 82 ON 21 GRTST 24HR 0.72 ON 21-22 TO 1/4 MILE OR LESS
LOWEST: 14 ON 5 3 = THUNDER
SNOW, ICE PELLETS, HAIL 4 = ICE PELLETS
TOTAL MONTH: M 5 = HAIL
GRTST 24HR M ON M 6 = FREEZING RAIN OR DRIZZLE
GRTST DEPTH: M ON M 7 = DUSTSTORM OR SANDSTORM:
VSBY 1/2 MILE OR LESS
8 = SMOKE OR HAZE
[NO. OF DAYS WITH] [WEATHER - DAYS WITH] 9 = BLOWING SNOW
X = TORNADO
MAX 32 OR BELOW: 3 0.01 INCH OR MORE: 6
MAX 90 OR ABOVE: 0 0.10 INCH OR MORE: 4
MIN 32 OR BELOW: 22 0.50 INCH OR MORE: 0
MIN 0 OR BELOW: 0 1.00 INCH OR MORE: 0
[HDD (BASE 65) ]
TOTAL THIS MO. 606 CLEAR (SCALE 0-3) 15
DPTR FM NORMAL 131 PTCLDY (SCALE 4-7) 7
TOTAL FM JUL 1 1935 CLOUDY (SCALE 8-10) 6
DPTR FM NORMAL -255
[CDD (BASE 65) ]
TOTAL THIS MO. 6
DPTR FM NORMAL 1 [PRESSURE DATA]
TOTAL FM JAN 1 6 HIGHEST SLP 30.67 ON 4
DPTR FM NORMAL 5 LOWEST SLP 29.61 ON 21
[REMARKS]
#FINAL-02-22#