199
CXUS51 KPBZ 010830
CF6DUJ
PRELIMINARY LOCAL CLIMATOLOGICAL DATA (WS FORM: F-6)
STATION: DUBOIS PA
MONTH: JANUARY
YEAR: 2021
LATITUDE: 41 10 N
LONGITUDE: 78 54 W
TEMPERATURE IN F: :PCPN: SNOW: WIND :SUNSHINE: SKY :PK WND
================================================================================
1 2 3 4 5 6A 6B 7 8 9 10 11 12 13 14 15 16 17 18
12Z AVG MX 2MIN
DY MAX MIN AVG DEP HDD CDD WTR SNW DPTH SPD SPD DIR MIN PSBL S-S WX SPD DR
================================================================================
1 34 22 28 4 37 0 0.39 M M 11.2 18 120 M M 7 16 34 100
2 43 32 38 14 27 0 0.13 M M 9.4 29 250 M M 10 12 36 270
3 34 31 33 9 32 0 0.25 M M 8.3 16 120 M M 9 1 20 120
4 33 31 32 8 33 0 0.00 M M 3.6 8 270 M M 10 1 10 220
5 32 30 31 7 34 0 T M M 3.1 9 300 M M 10 1 13 320
6 32 29 31 7 34 0 0.00 M M 7.8 16 340 M M 10 1 23 330
7 31 24 28 4 37 0 0.00 M M 7.4 15 350 M M 8 19 360
8 34 20 27 3 38 0 0.00 M M 6.3 13 10 M M 4 16 10
9 36 14 25 1 40 0 0.00 M M 7.1 14 320 M M 1 19 320
10 35 21 28 4 37 0 0.00 M M 5.0 12 300 M M 3 1 17 300
11 36 23 30 6 35 0 T M M 5.9 15 260 M M 7 8 20 230
12 30 25 28 5 37 0 0.00 M M 9.9 15 250 M M 10 18 20 240
13 37 24 31 8 34 0 0.00 M M 9.2 16 230 M M 8 18 20 230
14 41 33 37 14 28 0 T M M 6.8 13 240 M M 7 18 17 240
15 41 32 37 14 28 0 0.09 M M 10.4 23 120 M M 5 18 31 130
16 32 24 28 5 37 0 T M M 6.9 20 250 M M 7 18 24 240
17 34 28 31 8 34 0 0.01 M M 11.5 20 260 M M 10 18 24 250
18 31 26 29 6 36 0 T M M 11.4 20 250 M M 10 18 26 250
19 31 26 29 6 36 0 T M M 12.7 21 240 M M 10 18 27 250
20 31 22 27 4 38 0 0.03 M M 13.5 18 320 M M 10 128 28 280
21 38 16 27 4 38 0 0.00 M M 15.4 24 250 M M 3 32 270
22 35 20 28 5 37 0 0.01 M M 14.2 26 290 M M 10 18 34 280
23 20 16 18 -6 47 0 T M M 11.3 17 300 M M 10 8 26 290
24 26 12 19 -5 46 0 T M M 2.9 9 270 M M 8 8 12 270
25 34 25 30 6 35 0 T M M 6.8 15 120 M M 7 24 100
26 38 28 33 9 32 0 0.13 M M 13.9 25 240 M M 10 1268 30 250
27 31 20 26 2 39 0 T M M 9.0 17 270 M M 8 1 22 280
28 21 15 18 -6 47 0 T M M 12.9 23 320 M M 9 18 32 280
29 21 14 18 -6 47 0 T M M 11.3 22 270 M M 10 18 27 280
30 26 17 22 -2 43 0 T M M 4.0 16 330 M M 8 18 20 330
31 27 22 25 1 40 0 0.05 M M 10.9 20 120 M M 10 18 27 130
================================================================================
SM 1005 722 1143 0 1.09 M 280.0 M 249
================================================================================
AV 32.4 23.3 9.0 FASTST M M 8 MAX(MPH)
MISC ----> 29 250 36 270
================================================================================
NOTES:
# LAST OF SEVERAL OCCURRENCES
COLUMN 17 PEAK WIND IN M.P.H.
PRELIMINARY LOCAL CLIMATOLOGICAL DATA (WS FORM: F-6) , PAGE 2
STATION: DUBOIS PA
MONTH: JANUARY
YEAR: 2021
LATITUDE: 41 10 N
LONGITUDE: 78 54 W
[TEMPERATURE DATA] [PRECIPITATION DATA] SYMBOLS USED IN COLUMN 16
AVERAGE MONTHLY: 27.9 TOTAL FOR MONTH: 1.09 1 = FOG OR MIST
DPTR FM NORMAL: 4.3 DPTR FM NORMAL: -2.01 2 = FOG REDUCING VISIBILITY
HIGHEST: 43 ON 2 GRTST 24HR 0.72 ON 1- 2 TO 1/4 MILE OR LESS
LOWEST: 12 ON 24 3 = THUNDER
SNOW, ICE PELLETS, HAIL 4 = ICE PELLETS
TOTAL MONTH: M 5 = HAIL
GRTST 24HR M ON M 6 = FREEZING RAIN OR DRIZZLE
GRTST DEPTH: M ON M 7 = DUSTSTORM OR SANDSTORM:
VSBY 1/2 MILE OR LESS
8 = SMOKE OR HAZE
[NO. OF DAYS WITH] [WEATHER - DAYS WITH] 9 = BLOWING SNOW
X = TORNADO
MAX 32 OR BELOW: 15 0.01 INCH OR MORE: 9
MAX 90 OR ABOVE: 0 0.10 INCH OR MORE: 4
MIN 32 OR BELOW: 30 0.50 INCH OR MORE: 0
MIN 0 OR BELOW: 0 1.00 INCH OR MORE: 0
[HDD (BASE 65) ]
TOTAL THIS MO. 1143 CLEAR (SCALE 0-3) 3
DPTR FM NORMAL -139 PTCLDY (SCALE 4-7) 10
TOTAL FM JUL 1 3352 CLOUDY (SCALE 8-10) 18
DPTR FM NORMAL -594
[CDD (BASE 65) ]
TOTAL THIS MO. 0
DPTR FM NORMAL 0 [PRESSURE DATA]
TOTAL FM JAN 1 0 HIGHEST SLP 30.45 ON 1
DPTR FM NORMAL 0 LOWEST SLP 29.49 ON 16
[REMARKS]
#FINAL-01-21#