448
CXUS53 KFGF 010815
CF6DVL
PRELIMINARY LOCAL CLIMATOLOGICAL DATA (WS FORM: F-6)
STATION: DEVILS LAKE ND
MONTH: AUGUST
YEAR: 2020
LATITUDE: 48 7 N
LONGITUDE: 98 54 W
TEMPERATURE IN F: :PCPN: SNOW: WIND :SUNSHINE: SKY :PK WND
================================================================================
1 2 3 4 5 6A 6B 7 8 9 10 11 12 13 14 15 16 17 18
12Z AVG MX 2MIN
DY MAX MIN AVG DEP HDD CDD WTR SNW DPTH SPD SPD DIR MIN PSBL S-S WX SPD DR
================================================================================
1 77 56 67 -3 0 2 M M M 12.6 21 30 M M 1 25 350
2 75 52 64 -6 1 0 M M M 7.8 13 50 M M 2 M M
3 75 50 63 -7 2 0 M M M 5.8 13 150 M M 1 M M
4 77 59 68 -2 0 3 0.01 M M 9.5 13 150 M M 0 18 180
5 77 61 69 -1 0 4 0.24 M M 6.2 17 250 M M 5 29 250
6 79 61 70 0 0 5 M M M 8.7 13 150 M M 2 128 M M
7 86 65 76 6 0 11 M M M 10.7 14 140 M M 3 1 M M
8 81 57 69 -1 0 4 M M M 7.5 23 340 M M 0 31 340
9 77 58 68 -2 0 3 T M M 11.5 20 300 M M 3 3 30 310
10 79 56 68 -2 0 3 M M M 13.7 23 270 M M 0 33 270
11 81 52 67 -3 0 2 M M M 6.4 17 220 M M 0 17 300
12 84 63 74 4 0 9 M M M 13.1 24 140 M M 0 31 120
13 82 64 73 3 0 8 T M M 9.6 21 130 M M 6 1 27 120
14 68 54 61 -8 4 0 0.24 M M 9.4 22 330 M M 5 12 30 320
15 78 52 65 -4 0 0 M M M 6.6 14 310 M M 1 18 290
16 79 55 67 -2 0 2 0.00 M M 8.2 18 340 M M 2 31 350
17 81 51 66 -3 0 1 M M M 4.3 8 150 M M 0 M M
18 88 63 76 7 0 11 M M M 9.8 18 170 M M 1 M M
19 94 67 81 12 0 16 M M M 6.3 10 200 M M 0 M M
20 86 66 76 8 0 11 0.11 M M 12.4 22 170 M M 2 3 37 80
21 78 62 70 2 0 5 0.14 M M 5.4 15 280 M M 4 123 35 300
22 83 60 72 4 0 7 M M M 6.9 12 330 M M 0 1 M M
23 76 64 70 2 0 5 T M M 8.3 13 310 M M 1 M M
24 82 56 69 2 0 4 M M M 7.5 13 150 M M 1 12 M M
25 84 57 71 4 0 6 0.00 M M 8.4 20 160 M M 1 27 140
26 77 59 68 1 0 3 T M M 4.1 15 350 M M 2 12 M M
27 70 57 64 -3 1 0 T 0.0 0 7.6 16 150 M M 4 M M
28 73 53 63 -3 2 0 0.01 0.0 0 12.2 22 310 M M 5 30 330
29 75 46 61 -5 4 0 0.00 0.0 0 6.5 15 160 M M 0 22 160
30 72 54 63 -3 2 0 0.04 0.0 0 15.3 25 140 M M 2 1 37 160
31 68 46 57 -8 8 0 M M M 12.2 21 280 M M 0 30 290
================================================================================
SM 2442 1776 24 125 0.79 0.0 274.5 M 54
================================================================================
AV 78.8 57.3 8.9 FASTST M M 2 MAX(MPH)
MISC ----> 25 140 # 37 80
================================================================================
NOTES:
# LAST OF SEVERAL OCCURRENCES
COLUMN 17 PEAK WIND IN M.P.H.
PRELIMINARY LOCAL CLIMATOLOGICAL DATA (WS FORM: F-6) , PAGE 2
STATION: DEVILS LAKE ND
MONTH: AUGUST
YEAR: 2020
LATITUDE: 48 7 N
LONGITUDE: 98 54 W
[TEMPERATURE DATA] [PRECIPITATION DATA] SYMBOLS USED IN COLUMN 16
AVERAGE MONTHLY: 68.0 TOTAL FOR MONTH: 0.79 1 = FOG OR MIST
DPTR FM NORMAL: -0.6 DPTR FM NORMAL: -1.68 2 = FOG REDUCING VISIBILITY
HIGHEST: 94 ON 19 GRTST 24HR 0.24 ON 14-14 TO 1/4 MILE OR LESS
LOWEST: 46 ON 31,29 3 = THUNDER
SNOW, ICE PELLETS, HAIL 4 = ICE PELLETS
TOTAL MONTH: 0.0 INCH 5 = HAIL
GRTST 24HR 0.0 6 = FREEZING RAIN OR DRIZZLE
GRTST DEPTH: 0 7 = DUSTSTORM OR SANDSTORM:
VSBY 1/2 MILE OR LESS
8 = SMOKE OR HAZE
[NO. OF DAYS WITH] [WEATHER - DAYS WITH] 9 = BLOWING SNOW
X = TORNADO
MAX 32 OR BELOW: 0 0.01 INCH OR MORE: 7
MAX 90 OR ABOVE: 1 0.10 INCH OR MORE: 4
MIN 32 OR BELOW: 0 0.50 INCH OR MORE: 0
MIN 0 OR BELOW: 0 1.00 INCH OR MORE: 0
[HDD (BASE 65) ]
TOTAL THIS MO. 24 CLEAR (SCALE 0-3) 25
DPTR FM NORMAL -16 PTCLDY (SCALE 4-7) 6
TOTAL FM JUL 1 24 CLOUDY (SCALE 8-10) 0
DPTR FM NORMAL -43
[CDD (BASE 65) ]
TOTAL THIS MO. 125
DPTR FM NORMAL -27 [PRESSURE DATA]
TOTAL FM JAN 1 444 HIGHEST SLP M ON M
DPTR FM NORMAL 9 LOWEST SLP M ON M
[REMARKS]
#FINAL-08-20#