000
CXUS55 KPSR 011005
CF6DVT
PRELIMINARY LOCAL CLIMATOLOGICAL DATA (WS FORM: F-6)
STATION: DEER VLY/PHOENIX AZ
MONTH: MAY
YEAR: 2023
LATITUDE: 33 41 N
LONGITUDE: 112 4 W
TEMPERATURE IN F: :PCPN: SNOW: WIND :SUNSHINE: SKY :PK WND
================================================================================
1 2 3 4 5 6A 6B 7 8 9 10 11 12 13 14 15 16 17 18
12Z AVG MX 2MIN
DY MAX MIN AVG DEP HDD CDD WTR SNW DPTH SPD SPD DIR MIN PSBL S-S WX SPD DR
================================================================================
1 93 65 79 5 0 14 0.00 0.0 M 11.2 29 190 M M 0 40 180
2 87 56 72 -2 0 7 0.00 M M 7.7 17 200 M M 0 27 190
3 87 62 75 1 0 10 0.00 M M 9.7 26 250 M M 0 36 260
4 78 56 67 -7 0 2 0.00 M M 7.2 22 260 M M 0 28 270
5 78 54 66 -9 0 1 0.00 0.0 M 6.2 17 260 M M 0 23 260
6 82 53 68 -7 0 3 0.00 0.0 M 5.7 15 260 M M 0 23 190
7 85 55 70 -5 0 5 0.00 0.0 M 4.2 15 260 M M 0 20 270
8 89 58 74 -2 0 9 0.00 M M 5.3 17 240 M M 0 25 230
9 89 57 73 -3 0 8 0.00 M M 6.5 16 260 M M 0 27 290
10 77 61 69 -7 0 4 T M M 6.7 16 210 M M 1 8 22 260
11 87 55 71 -6 0 6 0.00 M M 2.9 15 270 M M 0 24 250
12 94 61 78 1 0 13 0.00 M M 4.9 13 300 M M 0 17 260
13 95 64 80 3 0 15 0.00 M M 7.4 16 240 M M 0 24 260
14 97 72 85 7 0 20 0.00 M M 6.9 20 70 M M 0 31 50
15 98 76 87 9 0 22 0.00 M M 6.8 18 170 M M 0 27 150
16 100 79 90 12 0 25 0.00 M M 8.2 29 20 M M 1 39 10
17 97 72 85 7 0 20 0.05 M M 6.7 23 70 M M 1 3 35 80
18 96 70 83 4 0 18 0.02 M M 8.3 24 10 M M 2 3 31 10
19 90 71 81 2 0 16 0.00 M M 8.5 32 10 M M 1 43 10
20 95 67 81 2 0 16 0.00 M M 4.5 13 270 M M 0 20 230
21 97 68 83 3 0 18 0.00 M M 5.5 14 250 M M 0 20 240
22 98 70 84 4 0 19 0.00 M M 4.8 14 200 M M 0 20 200
23 98 70 84 4 0 19 0.00 M M 5.8 16 250 M M 0 23 210
24 95 68 82 2 0 17 0.00 M M 5.9 15 240 M M 0 22 240
25 95 65 80 -1 0 15 0.00 M M 6.8 21 250 M M 0 27 250
26 93 66 80 -1 0 15 0.00 M M 8.5 20 260 M M 0 25 250
27 93 64 79 -2 0 14 0.00 M M 5.3 15 260 M M 0 20 250
28 95 65 80 -2 0 15 0.00 M M 6.6 13 250 M M 0 24 230
29 95 63 79 -3 0 14 0.00 M M 6.6 17 260 M M 0 25 270
30 95 62 79 -3 0 14 0.00 0.0 0 8.3 24 260 M M 0 30 220
31 89 62 76 -6 0 11 0.00 M M 8.4 24 230 M M 0 33 260
================================================================================
SM 2837 1987 0 405 0.07 0.0 208.0 M 6
================================================================================
AV 91.5 64.1 6.7 FASTST M M 0 MAX(MPH)
MISC ----> 32 10 43 10
================================================================================
NOTES:
# LAST OF SEVERAL OCCURRENCES
COLUMN 17 PEAK WIND IN M.P.H.
PRELIMINARY LOCAL CLIMATOLOGICAL DATA (WS FORM: F-6) , PAGE 2
STATION: DEER VLY/PHOENIX AZ
MONTH: MAY
YEAR: 2023
LATITUDE: 33 41 N
LONGITUDE: 112 4 W
[TEMPERATURE DATA] [PRECIPITATION DATA] SYMBOLS USED IN COLUMN 16
AVERAGE MONTHLY: 77.8 TOTAL FOR MONTH: 0.07 1 = FOG OR MIST
DPTR FM NORMAL: -0.3 DPTR FM NORMAL: -0.12 2 = FOG REDUCING VISIBILITY
HIGHEST: 100 ON 16 GRTST 24HR 0.07 ON 17-18 TO 1/4 MILE OR LESS
LOWEST: 53 ON 6 3 = THUNDER
SNOW, ICE PELLETS, HAIL 4 = ICE PELLETS
TOTAL MONTH: 0.0 INCH 5 = HAIL
GRTST 24HR 0.0 6 = FREEZING RAIN OR DRIZZLE
GRTST DEPTH: 0 7 = DUSTSTORM OR SANDSTORM:
VSBY 1/2 MILE OR LESS
8 = SMOKE OR HAZE
[NO. OF DAYS WITH] [WEATHER - DAYS WITH] 9 = BLOWING SNOW
X = TORNADO
MAX 32 OR BELOW: 0 0.01 INCH OR MORE: 2
MAX 90 OR ABOVE: 20 0.10 INCH OR MORE: 0
MIN 32 OR BELOW: 0 0.50 INCH OR MORE: 0
MIN 0 OR BELOW: 0 1.00 INCH OR MORE: 0
[HDD (BASE 65) ]
TOTAL THIS MO. 0 CLEAR (SCALE 0-3) 31
DPTR FM NORMAL -2 PTCLDY (SCALE 4-7) 0
TOTAL FM JUL 1 1574 CLOUDY (SCALE 8-10) 0
DPTR FM NORMAL 375
[CDD (BASE 65) ]
TOTAL THIS MO. 405
DPTR FM NORMAL -4 [PRESSURE DATA]
TOTAL FM JAN 1 606 HIGHEST SLP 30.01 ON 20
DPTR FM NORMAL -28 LOWEST SLP 29.53 ON 1
[REMARKS]
#FINAL-05-23#