000
CXUS54 KHGX 011510
CF6DWH
PRELIMINARY LOCAL CLIMATOLOGICAL DATA (WS FORM: F-6)
STATION: HOUSTON/D.W._HOOKS
MONTH: DECEMBER
YEAR: 2022
LATITUDE: 30 4 N
LONGITUDE: 95 33 W
TEMPERATURE IN F: :PCPN: SNOW: WIND :SUNSHINE: SKY :PK WND
================================================================================
1 2 3 4 5 6A 6B 7 8 9 10 11 12 13 14 15 16 17 18
12Z AVG MX 2MIN
DY MAX MIN AVG DEP HDD CDD WTR SNW DPTH SPD SPD DIR MIN PSBL S-S WX SPD DR
================================================================================
1 62 39 51 -6 14 0 0.00 0.0 0 7.0 15 110 M M 2 22 110
2 80 56 68 11 0 3 T 0.0 0 7.5 15 150 M M 10 18 23 140
3 78 60 69 12 0 4 T 0.0 0 5.5 12 340 M M 10 1 18 210
4 68 54 61 4 4 0 0.00 0.0 0 4.1 10 10 M M 9 1 14 30
5 82 66 74 18 0 9 0.00 0.0 0 8.7 21 210 M M 7 1 29 200
6 83 70 77 21 0 12 T 0.0 0 8.0 17 210 M M 7 1 24 210
7 83 70 77 21 0 12 0.01 0.0 0 5.1 12 200 M M 7 18 17 190
8 83 64 74 18 0 9 0.00 0.0 0 5.3 12 210 M M 5 12 17 190
9 83 63 73 17 0 8 0.00 0.0 0 3.4 10 210 M M 7 12 17 150
10 82 69 76 21 0 11 0.01 0.0 0 4.2 12 180 M M 8 13 20 190
11 73 64 69 14 0 4 1.28 0.0 0 5.5 16 20 M M 10 13 23 20
12 70 62 66 11 0 1 T 0.0 0 8.7 16 110 M M 10 18 25 120
13 81 59 70 15 0 5 0.78 0.0 0 9.0 20 190 M M 10 13 32 190
14 69 44 57 2 8 0 T 0.0 0 7.4 20 340 M M 5 31 340
15 64 36 50 -5 15 0 0.00 0.0 0 1.8 7 260 M M 0 11 190
16 67 40 54 0 11 0 T 0.0 0 8.2 21 20 M M 6 29 360
17 58 34 46 -8 19 0 0.00 0.0 0 4.6 13 10 M M 2 18 10
18 57 29 43 -11 22 0 0.00 0.0 0 5.2 16 80 M M 3 23 60
19 51 44 48 -6 17 0 0.45 0.0 0 9.2 21 70 M M 10 13 29 80
20 59 46 53 -1 12 0 0.01 0.0 0 8.5 16 20 M M 9 1 23 350
21 56 37 47 -7 18 0 0.00 0.0 0 2.5 10 290 M M 3 12 16 40
22 58 20 39 -15 26 0 T 0.0 0 8.9 24 330 M M 8 128 39 310
23 32 15 24 -29 41 0 0.00 0.0 0 12.2 22 360 M M 0 36 360
24 42 22 32 -21 33 0 0.00 0.0 0 5.9 16 10 M M 0 26 30
25 51 22 37 -16 28 0 0.00 0.0 0 1.5 10 10 M M 0 14 10
26 62 26 44 -9 21 0 0.00 0.0 0 2.4 9 300 M M 2 17 270
27 58 32 45 -8 20 0 0.00 0.0 0 4.1 10 20 M M 0 24 150
28 78 34 56 3 9 0 0.00 0.0 0 6.2 20 190 M M 5 18 31 190
29 81 59 70 17 0 5 0.30 0.0 0 7.0 15 150 M M 9 1238 24 140
30 69 54 62 9 3 0 0.08 0.0 0 3.9 14 360 M M 8 123 22 130
31 78 48 63 10 2 0 0.00 0.0 0 5.0 14 200 M M 4 128 23 210
================================================================================
SM 2098 1438 323 83 2.92 0.0 186.5 M 176
================================================================================
AV 67.7 46.4 6.0 FASTST M M 6 MAX(MPH)
MISC ----> 24 330 39 310
================================================================================
NOTES:
# LAST OF SEVERAL OCCURRENCES
COLUMN 17 PEAK WIND IN M.P.H.
PRELIMINARY LOCAL CLIMATOLOGICAL DATA (WS FORM: F-6) , PAGE 2
STATION: HOUSTON/D.W._HOOKS
MONTH: DECEMBER
YEAR: 2022
LATITUDE: 30 4 N
LONGITUDE: 95 33 W
[TEMPERATURE DATA] [PRECIPITATION DATA] SYMBOLS USED IN COLUMN 16
AVERAGE MONTHLY: 57.0 TOTAL FOR MONTH: 2.92 1 = FOG OR MIST
DPTR FM NORMAL: 2.4 DPTR FM NORMAL: -0.82 2 = FOG REDUCING VISIBILITY
HIGHEST: 83 ON 9, 8 GRTST 24HR 1.29 ON 10-11 TO 1/4 MILE OR LESS
LOWEST: 15 ON 23 3 = THUNDER
SNOW, ICE PELLETS, HAIL 4 = ICE PELLETS
TOTAL MONTH: 0.0 INCH 5 = HAIL
GRTST 24HR 0.0 6 = FREEZING RAIN OR DRIZZLE
GRTST DEPTH: 0 7 = DUSTSTORM OR SANDSTORM:
VSBY 1/2 MILE OR LESS
8 = SMOKE OR HAZE
[NO. OF DAYS WITH] [WEATHER - DAYS WITH] 9 = BLOWING SNOW
X = TORNADO
MAX 32 OR BELOW: 1 0.01 INCH OR MORE: 8
MAX 90 OR ABOVE: 0 0.10 INCH OR MORE: 4
MIN 32 OR BELOW: 7 0.50 INCH OR MORE: 2
MIN 0 OR BELOW: 0 1.00 INCH OR MORE: 1
[HDD (BASE 65) ]
TOTAL THIS MO. 323 CLEAR (SCALE 0-3) 8
DPTR FM NORMAL -25 PTCLDY (SCALE 4-7) 14
TOTAL FM JUL 1 556 CLOUDY (SCALE 8-10) 9
DPTR FM NORMAL -1
[CDD (BASE 65) ]
TOTAL THIS MO. 83
DPTR FM NORMAL 57 [PRESSURE DATA]
TOTAL FM JAN 1 3728 HIGHEST SLP 30.73 ON 23
DPTR FM NORMAL 582 LOWEST SLP 29.66 ON 13
[REMARKS]
#FINAL-12-22#