847
CXUS54 KHGX 011524
CF6DWH
PRELIMINARY LOCAL CLIMATOLOGICAL DATA (WS FORM: F-6)
STATION: HOUSTON/D.W._HOOKS
MONTH: DECEMBER
YEAR: 2020
LATITUDE: 30 4 N
LONGITUDE: 95 33 W
TEMPERATURE IN F: :PCPN: SNOW: WIND :SUNSHINE: SKY :PK WND
================================================================================
1 2 3 4 5 6A 6B 7 8 9 10 11 12 13 14 15 16 17 18
12Z AVG MX 2MIN
DY MAX MIN AVG DEP HDD CDD WTR SNW DPTH SPD SPD DIR MIN PSBL S-S WX SPD DR
================================================================================
1 63 29 46 -9 19 0 0.00 0.0 0 4.9 15 140 M M 2 18 22 150
2 62 50 56 1 9 0 1.27 0.0 0 8.1 22 340 M M 10 1 27 330
3 57 41 49 -6 16 0 0.00 0.0 0 8.4 15 340 M M 5 22 350
4 59 39 49 -6 16 0 0.00 0.0 0 4.3 12 300 M M 1 14 300
5 58 35 47 -7 18 0 0.02 0.0 0 2.4 9 200 M M 5 1 13 60
6 65 39 52 -2 13 0 T 0.0 0 4.9 16 270 M M 2 12 22 270
7 66 36 51 -3 14 0 0.00 0.0 0 3.2 15 340 M M 0 20 320
8 73 37 55 1 10 0 0.00 0.0 M 2.4 10 260 M M 0 13 250
9 78 40 59 5 6 0 0.00 0.0 M 3.7 10 220 M M 0 18 13 200
10 77 41 59 5 6 0 0.00 0.0 M 4.9 14 210 M M 1 1 20 190
11 75 55 65 12 0 0 0.24 0.0 M 4.0 14 160 M M 7 12 22 160
12 66 54 60 7 5 0 0.01 0.0 90 5.0 14 350 M M 7 12 19 20
13 70 43 57 4 8 0 0.06 0.0 0 10.7 33 300 M M 10 13 48 310
14 49 38 44 -9 21 0 0.00 0.0 0 7.1 21 330 M M 7 31 360
15 50 42 46 -7 19 0 0.02 0.0 0 6.4 12 330 M M 10 1 16 320
16 53 34 44 -9 21 0 0.00 0.0 0 7.0 15 320 M M 4 20 320
17 57 28 43 -9 22 0 0.00 0.0 0 0.9 6 120 M M 0 1 8 230
18 64 32 48 -4 17 0 0.00 0.0 0 6.9 18 120 M M 5 18 25 110
19 64 51 58 6 7 0 1.00 0.0 0 5.2 17 320 M M 9 123 22 310
20 67 42 55 3 10 0 0.00 0.0 0 3.6 10 310 M M 2 128 13 340
21 71 38 55 3 10 0 0.00 0.0 0 2.0 10 230 M M 0 1 17 240
22 72 42 57 5 8 0 0.00 0.0 0 4.7 15 140 M M 3 128 19 140
23 78 53 66 14 0 1 0.05 0.0 0 8.8 28 350 M M 8 38 37 340
24 53 35 44 -8 21 0 0.00 0.0 0 11.2 24 350 M M 1 8 37 340
25 65 31 48 -4 17 0 0.00 0.0 M 2.5 9 10 M M 0 14 10
26 70 36 53 1 12 0 0.00 0.0 0 3.9 13 180 M M 0 1 17 160
27 75 46 61 9 4 0 0.00 0.0 0 5.8 18 200 M M 3 1 25 200
28 77 51 64 13 1 0 0.00 0.0 0 5.1 15 120 M M 5 12 19 110
29 73 52 63 12 2 0 0.00 0.0 0 10.8 21 120 M M 5 1 28 120
30 77 53 65 14 0 0 1.46 0.0 0 7.6 17 190 M M 9 13 24 140
31 67 44 56 5 9 0 0.96 0.0 0 9.1 21 240 M M 10 13 29 240
================================================================================
SM 2051 1287 341 1 5.09 0.0 175.5 M 131
================================================================================
AV 66.2 41.5 5.7 FASTST M M 4 MAX(MPH)
MISC ----> 33 300 48 310
================================================================================
NOTES:
# LAST OF SEVERAL OCCURRENCES
COLUMN 17 PEAK WIND IN M.P.H.
PRELIMINARY LOCAL CLIMATOLOGICAL DATA (WS FORM: F-6) , PAGE 2
STATION: HOUSTON/D.W._HOOKS
MONTH: DECEMBER
YEAR: 2020
LATITUDE: 30 4 N
LONGITUDE: 95 33 W
[TEMPERATURE DATA] [PRECIPITATION DATA] SYMBOLS USED IN COLUMN 16
AVERAGE MONTHLY: 53.8 TOTAL FOR MONTH: 5.09 1 = FOG OR MIST
DPTR FM NORMAL: 0.9 DPTR FM NORMAL: 1.29 2 = FOG REDUCING VISIBILITY
HIGHEST: 78 ON 23, 9 GRTST 24HR 2.41 ON 30-31 TO 1/4 MILE OR LESS
LOWEST: 28 ON 17 3 = THUNDER
SNOW, ICE PELLETS, HAIL 4 = ICE PELLETS
TOTAL MONTH: 0.0 INCH 5 = HAIL
GRTST 24HR 0.0 6 = FREEZING RAIN OR DRIZZLE
GRTST DEPTH: 90 ON 12 7 = DUSTSTORM OR SANDSTORM:
VSBY 1/2 MILE OR LESS
8 = SMOKE OR HAZE
[NO. OF DAYS WITH] [WEATHER - DAYS WITH] 9 = BLOWING SNOW
X = TORNADO
MAX 32 OR BELOW: 0 0.01 INCH OR MORE: 10
MAX 90 OR ABOVE: 0 0.10 INCH OR MORE: 5
MIN 32 OR BELOW: 4 0.50 INCH OR MORE: 4
MIN 0 OR BELOW: 0 1.00 INCH OR MORE: 3
[HDD (BASE 65) ]
TOTAL THIS MO. 341 CLEAR (SCALE 0-3) 15
DPTR FM NORMAL -53 PTCLDY (SCALE 4-7) 10
TOTAL FM JUL 1 482 CLOUDY (SCALE 8-10) 6
DPTR FM NORMAL -143
[CDD (BASE 65) ]
TOTAL THIS MO. 1
DPTR FM NORMAL -17 [PRESSURE DATA]
TOTAL FM JAN 1 3286 HIGHEST SLP 30.40 ON 24
DPTR FM NORMAL 540 LOWEST SLP 29.54 ON 31
[REMARKS]
#FINAL-12-20#