000
CXUS54 KEWX 011110
CF6DZB
PRELIMINARY LOCAL CLIMATOLOGICAL DATA (WS FORM: F-6)
STATION: HORSESHOE BAY
MONTH: FEBRUARY
YEAR: 2021
LATITUDE: 30 31 N
LONGITUDE: 98 22 W
TEMPERATURE IN F: :PCPN: SNOW: WIND :SUNSHINE: SKY :PK WND
================================================================================
1 2 3 4 5 6A 6B 7 8 9 10 11 12 13 14 15 16 17 18
12Z AVG MX 2MIN
DY MAX MIN AVG DEP HDD CDD WTR SNW DPTH SPD SPD DIR MIN PSBL S-S WX SPD DR
================================================================================
1 64 34 49 M 16 0 0.00 M M 2.9 8 330 M M 0 M M
2 69 36 53 M 12 0 0.00 M M 4.3 10 190 M M 0 18 190
3 76 45 61 M 4 0 0.00 M M 7.1 14 180 M M 0 23 180
4 82 51 67 M 0 2 0.00 M M 7.4 17 330 M M 3 24 330
5 62 42 52 M 13 0 0.02 M M 4.3 10 130 M M 4 20 130
6 73 42 58 M 7 0 0.00 M M 6.5 21 320 M M 4 30 340
7 72 31 52 M 13 0 0.00 M M 5.8 14 190 M M 0 23 190
8 76 47 62 M 3 0 0.00 M M 6.5 15 200 M M 4 23 200
9 63 46 55 M 10 0 0.00 M M 3.5 6 90 M M 7 M M
10 46 34 40 M 25 0 0.00 M M 4.8 9 360 M M 10 1 M M
11 34 30 32 M 33 0 0.57 M M 9.6 15 340 M M 10 13 23 340
12 31 27 29 M 36 0 0.01 M M 8.1 12 350 M M 10 12 20 340
13 28 25 27 M 38 0 0.00 M M 6.5 10 340 M M 10 1 17 360
14 28 10 19 M 46 0 0.00 M M 9.5 17 330 M M 6 1 24 330
15 21 7 14 M 51 0 0.00 M M 10.2 17 330 M M 0 23 330
16 25 3 14 M 51 0 0.00 M M 3.4 8 120 M M 2 1 M M
17 34 25 30 M 35 0 0.10 M M 7.1 16 150 M M 5 12 27 150
18 30 25 28 M 37 0 0.20 M M 8.6 13 340 M M 8 1 20 340
19 41 14 28 M 37 0 0.00 M M 3.1 8 320 M M 1 M M
20 61 23 42 M 23 0 0.00 M M 4.6 13 170 M M 0 21 190
21 75 46 61 M 4 0 0.00 M M 7.2 17 220 M M 5 26 200
22 76 32 54 M 11 0 0.00 M M 3.4 10 200 M M 0 M M
23 79 47 63 M 2 0 0.00 M M 8.1 18 200 M M 0 25 200
24 80 55 68 M 0 3 0.00 M M 5.3 9 180 M M 5 21 180
25 59 47 53 M 12 0 0.03 M M 3.4 8 50 M M 9 M M
26 60 45 53 M 12 0 0.00 M M 3.6 12 310 M M 9 1 M M
27 75 56 66 M 0 1 0.00 M M 4.1 10 170 M M 8 1 24 170
28 78 56 67 M 0 2 0.00 M M 6.1 10 180 M M 9 1 23 180
================================================================================
SM 1598 981 531 8 0.93 M 165.0 M 129
================================================================================
AV 57.1 35.0 5.9 FASTST M M 5 MAX(MPH)
MISC ----> 21 320 30 340
================================================================================
NOTES:
# LAST OF SEVERAL OCCURRENCES
COLUMN 17 PEAK WIND IN M.P.H.
PRELIMINARY LOCAL CLIMATOLOGICAL DATA (WS FORM: F-6) , PAGE 2
STATION: HORSESHOE BAY
MONTH: FEBRUARY
YEAR: 2021
LATITUDE: 30 31 N
LONGITUDE: 98 22 W
[TEMPERATURE DATA] [PRECIPITATION DATA] SYMBOLS USED IN COLUMN 16
AVERAGE MONTHLY: 46.1 TOTAL FOR MONTH: 0.93 1 = FOG OR MIST
DPTR FM NORMAL: 0.0 DPTR FM NORMAL: 0.93 2 = FOG REDUCING VISIBILITY
HIGHEST: 82 ON 4 GRTST 24HR 0.57 ON 11-11 TO 1/4 MILE OR LESS
LOWEST: 3 ON 16 3 = THUNDER
SNOW, ICE PELLETS, HAIL 4 = ICE PELLETS
TOTAL MONTH: M 5 = HAIL
GRTST 24HR M ON M 6 = FREEZING RAIN OR DRIZZLE
GRTST DEPTH: M ON M 7 = DUSTSTORM OR SANDSTORM:
VSBY 1/2 MILE OR LESS
8 = SMOKE OR HAZE
[NO. OF DAYS WITH] [WEATHER - DAYS WITH] 9 = BLOWING SNOW
X = TORNADO
MAX 32 OR BELOW: 6 0.01 INCH OR MORE: 6
MAX 90 OR ABOVE: 0 0.10 INCH OR MORE: 2
MIN 32 OR BELOW: 12 0.50 INCH OR MORE: 1
MIN 0 OR BELOW: 0 1.00 INCH OR MORE: 0
[HDD (BASE 65) ]
TOTAL THIS MO. 531 CLEAR (SCALE 0-3) 11
DPTR FM NORMAL M PTCLDY (SCALE 4-7) 9
TOTAL FM JUL 1 1665 CLOUDY (SCALE 8-10) 8
DPTR FM NORMAL M
[CDD (BASE 65) ]
TOTAL THIS MO. 8
DPTR FM NORMAL M [PRESSURE DATA]
TOTAL FM JAN 1 8 HIGHEST SLP M ON M
DPTR FM NORMAL M LOWEST SLP M ON M
[REMARKS]
#FINAL-02-21#