795
CXUS56 KOTX 010900
CF6EAT
PRELIMINARY LOCAL CLIMATOLOGICAL DATA (WS FORM: F-6)
STATION: WENATCHEE WA PANGBORN FIELD
MONTH: JULY
YEAR: 2020
LATITUDE: 47 23 N
LONGITUDE: 120 12 W
TEMPERATURE IN F: :PCPN: SNOW: WIND :SUNSHINE: SKY :PK WND
================================================================================
1 2 3 4 5 6A 6B 7 8 9 10 11 12 13 14 15 16 17 18
12Z AVG MX 2MIN
DY MAX MIN AVG DEP HDD CDD WTR SNW DPTH SPD SPD DIR MIN PSBL S-S WX SPD DR
================================================================================
1 74 54 64 -6 1 0 T M M 13.9 29 310 M M 4 8 31 310
2 77 54 66 -5 0 1 0.00 M M 11.7 21 310 M M 0 25 300
3 81 50 66 -5 0 1 0.00 M M 12.3 24 300 M M 1 29 310
4 81 56 69 -2 0 4 0.00 M M 12.1 23 290 M M 1 26 290
5 83 58 71 -1 0 6 0.00 M M 8.6 18 320 M M 0 23 320
6 85 61 73 1 0 8 0.00 M M 12.8 25 300 M M 0 30 310
7 75 60 68 -4 0 3 0.00 M M 19.4 32 310 M M 0 40 320
8 81 53 67 -6 0 2 0.00 M M 8.1 20 290 M M 0 23 280
9 80 59 70 -3 0 5 0.00 M M 12.1 23 310 M M 2 27 310
10 85 69 77 4 0 12 0.00 M M 7.1 14 130 M M 0 M M
11 89 58 74 1 0 9 0.00 M M 9.9 25 320 M M 0 32 310
12 79 58 69 -5 0 4 0.00 M M 12.1 28 310 M M 0 33 310
13 81 54 68 -6 0 3 0.00 M M 7.6 23 300 M M 0 27 300
14 87 58 73 -1 0 8 0.00 M M 8.7 21 300 M M 0 24 300
15 94 65 80 6 0 15 0.00 M M 13.9 24 300 M M 0 30 300
16 93 68 81 6 0 16 0.00 M M 13.9 24 310 M M 0 28 310
17 85 65 75 0 0 10 0.00 M M 16.7 26 280 M M 0 32 290
18 89 62 76 1 0 11 0.00 M M 9.6 18 320 M M 0 23 330
19 94 66 80 5 0 15 0.00 M M 8.1 15 280 M M 0 20 340
20 95 69 82 6 0 17 0.00 M M 7.2 14 300 M M 0 15 110
21 98 70 84 8 0 19 0.00 M M 9.1 21 310 M M 0 24 310
22 94 71 83 7 0 18 0.00 M M 15.0 24 310 M M 0 30 300
23 89 65 77 1 0 12 0.00 M M 17.7 30 310 M M 0 35 320
24 81 61 71 -5 0 6 0.00 M M 19.4 32 290 M M 0 40 300
25 85 57 71 -5 0 6 0.00 M M 8.8 20 320 M M 0 8 24 310
26 94 62 78 2 0 13 0.00 M M 5.1 13 310 M M 0 16 300
27 97 64 81 5 0 16 0.00 M M 8.7 15 300 M M 0 19 120
28 101 75 88 12 0 23 0.00 M M 10.6 21 310 M M 0 24 310
29 98 66 82 6 0 17 0.00 M M 8.6 16 310 M M 0 19 310
30 105 69 87 11 0 22 0.00 M M 6.6 16 290 M M 0 19 140
31 101 74 88 12 0 23 0.00 M M 11.0 26 300 M M 0 31 290
================================================================================
SM 2731 1931 1 325 T M 346.4 M 8
================================================================================
AV 88.1 62.3 11.2 FASTST M M 0 MAX(MPH)
MISC ----> # 32 310 # 40 320
================================================================================
NOTES:
# LAST OF SEVERAL OCCURRENCES
COLUMN 17 PEAK WIND IN M.P.H.
PRELIMINARY LOCAL CLIMATOLOGICAL DATA (WS FORM: F-6) , PAGE 2
STATION: WENATCHEE WA PANGBORN FIELD
MONTH: JULY
YEAR: 2020
LATITUDE: 47 23 N
LONGITUDE: 120 12 W
[TEMPERATURE DATA] [PRECIPITATION DATA] SYMBOLS USED IN COLUMN 16
AVERAGE MONTHLY: 75.2 TOTAL FOR MONTH: T 1 = FOG OR MIST
DPTR FM NORMAL: 1.0 DPTR FM NORMAL: -0.27 2 = FOG REDUCING VISIBILITY
HIGHEST: 105 ON 30 GRTST 24HR T ON 1- 1 TO 1/4 MILE OR LESS
LOWEST: 50 ON 3 3 = THUNDER
SNOW, ICE PELLETS, HAIL 4 = ICE PELLETS
TOTAL MONTH: M 5 = HAIL
GRTST 24HR M ON M 6 = FREEZING RAIN OR DRIZZLE
GRTST DEPTH: M ON M 7 = DUSTSTORM OR SANDSTORM:
VSBY 1/2 MILE OR LESS
8 = SMOKE OR HAZE
[NO. OF DAYS WITH] [WEATHER - DAYS WITH] 9 = BLOWING SNOW
X = TORNADO
MAX 32 OR BELOW: 0 0.01 INCH OR MORE: 0
MAX 90 OR ABOVE: 12 0.10 INCH OR MORE: 0
MIN 32 OR BELOW: 0 0.50 INCH OR MORE: 0
MIN 0 OR BELOW: 0 1.00 INCH OR MORE: 0
[HDD (BASE 65) ]
TOTAL THIS MO. 1 CLEAR (SCALE 0-3) 30
DPTR FM NORMAL -6 PTCLDY (SCALE 4-7) 1
TOTAL FM JUL 1 1 CLOUDY (SCALE 8-10) 0
DPTR FM NORMAL -6
[CDD (BASE 65) ]
TOTAL THIS MO. 325
DPTR FM NORMAL 56 [PRESSURE DATA]
TOTAL FM JAN 1 470 HIGHEST SLP M ON M
DPTR FM NORMAL -238 LOWEST SLP 29.60 ON 22
[REMARKS]
#FINAL-07-20#