000
CXUS53 KMPX 010910
CF6EAU
PRELIMINARY LOCAL CLIMATOLOGICAL DATA (WS FORM: F-6)
STATION: EAU CLAIRE WI
MONTH: AUGUST
YEAR: 2023
LATITUDE: 44 52 N
LONGITUDE: 91 29 W
TEMPERATURE IN F: :PCPN: SNOW: WIND :SUNSHINE: SKY :PK WND
================================================================================
1 2 3 4 5 6A 6B 7 8 9 10 11 12 13 14 15 16 17 18
12Z AVG MX 2MIN
DY MAX MIN AVG DEP HDD CDD WTR SNW DPTH SPD SPD DIR MIN PSBL S-S WX SPD DR
================================================================================
1 84 56 70 -1 0 5 0.00 0.0 0 3.9 14 170 M M 0 1 20 210
2 89 66 78 7 0 13 T 0.0 0 4.1 8 250 M M 1 M M
3 92 68 80 9 0 15 0.00 0.0 0 5.8 14 260 M M 0 1 19 260
4 88 64 76 5 0 11 0.00 0.0 0 7.8 15 110 M M 1 21 90
5 84 66 75 5 0 10 0.00 0.0 0 6.9 15 50 M M 1 22 50
6 77 63 70 0 0 5 0.00 0.0 0 5.1 12 130 M M 6 M M
7 84 56 70 0 0 5 0.00 0.0 0 4.5 14 280 M M 2 18 18 280
8 84 56 70 0 0 5 0.00 0.0 0 5.6 14 270 M M 0 22 300
9 83 61 72 2 0 7 0.09 0.0 0 3.6 29 240 M M 2 138 42 230
10 79 56 68 -2 0 3 0.00 0.0 0 3.5 13 270 M M 4 12 18 220
11 86 61 74 4 0 9 0.66 0.0 0 8.0 26 340 M M 5 13 44 260
12 81 59 70 0 0 5 0.00 0.0 0 4.2 14 310 M M 4 1 18 280
13 68 61 65 -5 0 0 T 0.0 0 7.2 13 100 M M 8 20 120
14 68 53 61 -9 4 0 1.34 0.0 0 8.1 18 90 M M 8 18 24 100
15 80 48 64 -5 1 0 0.00 0.0 0 4.8 15 260 M M 0 12 23 250
16 84 60 72 3 0 7 0.01 0.0 0 12.8 28 300 M M 2 3 44 290
17 73 55 64 -5 1 0 0.00 0.0 0 9.9 22 320 M M 4 32 300
18 77 50 64 -5 1 0 0.00 0.0 0 6.5 17 160 M M 0 18 24 150
19 90 63 77 8 0 12 0.00 0.0 0 6.8 17 170 M M 1 1 23 170
20 82 63 73 4 0 8 0.00 0.0 0 5.8 13 360 M M 0 18 350
21 73 60 67 -1 0 2 0.00 0.0 0 7.5 14 100 M M 8 19 70
22 91 68 80 12 0 15 0.00 0.0 0 8.1 17 170 M M 4 1 25 180
23 97 76 87 19 0 22 0.00 0.0 0 6.6 15 240 M M 1 1 21 250
24 87 68 78 10 0 13 0.00 0.0 0 6.9 17 330 M M 7 128 22 320
25 87 65 76 8 0 11 T 0.0 0 5.2 15 330 M M 5 22 310
26 72 58 65 -3 0 0 0.00 0.0 0 8.6 17 50 M M 8 24 30
27 76 50 63 -4 2 0 0.00 0.0 0 3.9 9 220 M M 4 1 12 230
28 84 55 70 3 0 5 0.00 0.0 0 5.7 15 230 M M 4 13 24 200
29 81 57 69 2 0 4 0.00 0.0 0 6.6 16 320 M M 2 22 320
30 76 48 62 -5 3 0 0.00 0.0 0 4.5 12 60 M M 0 16 50
31 81 46 64 -2 1 0 0.00 0.0 0 6.7 18 170 M M 0 1 25 130
================================================================================
SM 2538 1836 13 192 2.10 0.0 195.2 M 92
================================================================================
AV 81.9 59.2 6.3 FASTST M M 3 MAX(MPH)
MISC ----> 29 240 # 44 260
================================================================================
NOTES:
# LAST OF SEVERAL OCCURRENCES
COLUMN 17 PEAK WIND IN M.P.H.
PRELIMINARY LOCAL CLIMATOLOGICAL DATA (WS FORM: F-6) , PAGE 2
STATION: EAU CLAIRE WI
MONTH: AUGUST
YEAR: 2023
LATITUDE: 44 52 N
LONGITUDE: 91 29 W
[TEMPERATURE DATA] [PRECIPITATION DATA] SYMBOLS USED IN COLUMN 16
AVERAGE MONTHLY: 70.5 TOTAL FOR MONTH: 2.10 1 = FOG OR MIST
DPTR FM NORMAL: 1.4 DPTR FM NORMAL: -2.08 2 = FOG REDUCING VISIBILITY
HIGHEST: 97 ON 23 GRTST 24HR 1.34 ON 13-14 TO 1/4 MILE OR LESS
LOWEST: 46 ON 31 3 = THUNDER
SNOW, ICE PELLETS, HAIL 4 = ICE PELLETS
TOTAL MONTH: 0.0 INCH 5 = HAIL
GRTST 24HR 0.0 6 = FREEZING RAIN OR DRIZZLE
GRTST DEPTH: 0 7 = DUSTSTORM OR SANDSTORM:
VSBY 1/2 MILE OR LESS
8 = SMOKE OR HAZE
[NO. OF DAYS WITH] [WEATHER - DAYS WITH] 9 = BLOWING SNOW
X = TORNADO
MAX 32 OR BELOW: 0 0.01 INCH OR MORE: 4
MAX 90 OR ABOVE: 4 0.10 INCH OR MORE: 2
MIN 32 OR BELOW: 0 0.50 INCH OR MORE: 2
MIN 0 OR BELOW: 0 1.00 INCH OR MORE: 1
[HDD (BASE 65) ]
TOTAL THIS MO. 13 CLEAR (SCALE 0-3) 17
DPTR FM NORMAL -14 PTCLDY (SCALE 4-7) 14
TOTAL FM JUL 1 25 CLOUDY (SCALE 8-10) 0
DPTR FM NORMAL -12
[CDD (BASE 65) ]
TOTAL THIS MO. 192
DPTR FM NORMAL 39 [PRESSURE DATA]
TOTAL FM JAN 1 607 HIGHEST SLP 30.27 ON 21
DPTR FM NORMAL 97 LOWEST SLP 29.50 ON 16
[REMARKS]
#FINAL-08-23#