000
CXUS51 KAKQ 011152
CF6ECG
PRELIMINARY LOCAL CLIMATOLOGICAL DATA (WS FORM: F-6)
STATION: ELIZABETH CITY NC
MONTH: JUNE
YEAR: 2022
LATITUDE: 36 16 N
LONGITUDE: 76 11 W
TEMPERATURE IN F: :PCPN: SNOW: WIND :SUNSHINE: SKY :PK WND
================================================================================
1 2 3 4 5 6A 6B 7 8 9 10 11 12 13 14 15 16 17 18
12Z AVG MX 2MIN
DY MAX MIN AVG DEP HDD CDD WTR SNW DPTH SPD SPD DIR MIN PSBL S-S WX SPD DR
================================================================================
1 93 69 81 8 0 16 0.00 0.0 0 6.5 14 120 M M 1 26 310
2 93 73 83 10 0 18 T 0.0 0 9.1 20 200 M M 1 31 160
3 85 69 77 4 0 12 T 0.0 0 7.0 14 350 M M 5 29 90
4 83 64 74 0 0 9 T 0.0 0 8.9 16 50 M M 4 21 40
5 83 62 73 -1 0 8 0.00 0.0 0 10.8 20 40 M M 0 26 40
6 80 63 72 -2 0 7 0.00 0.0 0 7.7 13 70 M M 0 23 50
7 84 67 76 2 0 11 0.00 0.0 0 8.3 17 100 M M 1 22 110
8 89 72 81 6 0 16 0.48 0.0 0 9.4 28 170 M M 2 13 35 180
9 90 73 82 7 0 17 0.00 0.0 0 12.3 20 210 M M 3 27 210
10 80 65 73 -2 0 8 0.00 0.0 0 8.8 15 40 M M 3 22 350
11 84 60 72 -3 0 7 T 0.0 0 5.1 18 130 M M 0 22 120
12 86 68 77 1 0 12 0.63 0.0 0 5.9 22 150 M M 2 13 28 150
13 91 69 80 4 0 15 0.01 0.0 0 8.2 20 200 M M 2 13 25 190
14 91 72 82 6 0 17 0.00 0.0 0 12.1 26 330 M M 1 36 310
15 84 68 76 0 0 11 0.00 0.0 0 7.4 14 120 M M 0 16 110
16 83 70 77 0 0 12 T 0.0 0 6.1 18 110 M M 4 3 23 200
17 96 73 85 8 0 20 T 0.0 0 8.5 28 280 M M 1 3 35 300
18 89 58 74 -3 0 9 0.00 0.0 0 12.3 24 330 M M 1 29 340
19 79 56 68 -9 0 3 0.00 0.0 0 9.6 20 340 M M 0 8 23 340
20 82 53 68 -10 0 3 0.00 0.0 0 6.3 17 120 M M 0 21 100
21 83 56 70 -8 0 5 0.00 0.0 0 4.8 14 140 M M 0 18 140
22 86 65 76 -2 0 11 0.72 0.0 0 7.1 25 10 M M 4 13 29 10
23 78 64 71 -7 0 6 0.01 0.0 0 9.0 18 40 M M 8 1 33 110
24 81 61 71 -7 0 6 0.00 0.0 0 7.1 15 40 M M 1 19 10
25 83 57 70 -8 0 5 0.00 0.0 0 5.2 12 120 M M 0 1 18 350
26 86 59 73 -5 0 8 0.00 0.0 0 5.9 17 110 M M 3 12 25 120
27 88 67 78 -1 0 13 0.03 0.0 0 8.8 21 200 M M 3 1 31 180
28 83 68 76 -3 0 11 0.03 0.0 0 9.3 20 10 M M 2 18 25 360
29 83 63 73 -6 0 8 0.00 0.0 0 3.9 12 140 M M 1 14 110
30 87 63 75 -4 0 10 0.00 0.0 0 5.5 18 110 M M 0 1 23 110
================================================================================
SM 2563 1947 0 314 1.91 0.0 236.9 M 53
================================================================================
AV 85.4 64.9 7.9 FASTST M M 2 MAX(MPH)
MISC ----> # 28 170 36 310
================================================================================
NOTES:
# LAST OF SEVERAL OCCURRENCES
COLUMN 17 PEAK WIND IN M.P.H.
PRELIMINARY LOCAL CLIMATOLOGICAL DATA (WS FORM: F-6) , PAGE 2
STATION: ELIZABETH CITY NC
MONTH: JUNE
YEAR: 2022
LATITUDE: 36 16 N
LONGITUDE: 76 11 W
[TEMPERATURE DATA] [PRECIPITATION DATA] SYMBOLS USED IN COLUMN 16
AVERAGE MONTHLY: 75.2 TOTAL FOR MONTH: 1.91 1 = FOG OR MIST
DPTR FM NORMAL: -1.0 DPTR FM NORMAL: -2.80 2 = FOG REDUCING VISIBILITY
HIGHEST: 96 ON 17 GRTST 24HR 0.73 ON 22-23 TO 1/4 MILE OR LESS
LOWEST: 53 ON 20 3 = THUNDER
SNOW, ICE PELLETS, HAIL 4 = ICE PELLETS
TOTAL MONTH: 0.0 INCH 5 = HAIL
GRTST 24HR 0.0 6 = FREEZING RAIN OR DRIZZLE
GRTST DEPTH: 0 7 = DUSTSTORM OR SANDSTORM:
VSBY 1/2 MILE OR LESS
8 = SMOKE OR HAZE
[NO. OF DAYS WITH] [WEATHER - DAYS WITH] 9 = BLOWING SNOW
X = TORNADO
MAX 32 OR BELOW: 0 0.01 INCH OR MORE: 7
MAX 90 OR ABOVE: 6 0.10 INCH OR MORE: 3
MIN 32 OR BELOW: 0 0.50 INCH OR MORE: 2
MIN 0 OR BELOW: 0 1.00 INCH OR MORE: 0
[HDD (BASE 65) ]
TOTAL THIS MO. 0 CLEAR (SCALE 0-3) 24
DPTR FM NORMAL -2 PTCLDY (SCALE 4-7) 6
TOTAL FM JUL 1 2695 CLOUDY (SCALE 8-10) 0
DPTR FM NORMAL -355
[CDD (BASE 65) ]
TOTAL THIS MO. 314
DPTR FM NORMAL -25 [PRESSURE DATA]
TOTAL FM JAN 1 600 HIGHEST SLP 30.30 ON 29
DPTR FM NORMAL 51 LOWEST SLP 29.70 ON 2
[REMARKS]
#FINAL-06-22#