000
CXUS52 KAKQ 011304
CLMECG
CLIMATE REPORT
NATIONAL WEATHER SERVICE WAKEFIELD VA
804 AM EST FRI DEC 01 2023
...................................
...THE ELIZABETH CITY NC CLIMATE SUMMARY FOR THE MONTH OF NOVEMBER 2023...
CLIMATE NORMAL PERIOD: 1991 TO 2020
CLIMATE RECORD PERIOD: 1934 TO 2023
WEATHER OBSERVED NORMAL DEPART LAST YEAR`S
VALUE DATE(S) VALUE FROM VALUE DATE(S)
NORMAL
................................................................
TEMPERATURE (F)
RECORD
HIGH 87 11/01/1950
LOW 19 11/26/1950
11/23/1937
HIGHEST 79 11/09 79 0 83 11/06
LOWEST 21 11/29 27 -6 28 11/18
11/21
AVG. MAXIMUM 62.8 63.1 -0.3 66.2
AVG. MINIMUM 40.8 42.4 -1.6 46.8
MEAN 51.8 52.7 -0.9 56.5
DAYS MAX >= 90 0 0.0 0.0 0
DAYS MAX <= 32 0 0.0 0.0 0
DAYS MIN <= 32 4 4.2 -0.2 4
DAYS MIN <= 0 0 0.0 0.0 0
PRECIPITATION (INCHES)
RECORD
MAXIMUM 10.50 1948
MINIMUM 0.18 2001
TOTALS 2.44 2.97 -0.53 3.55
DAILY AVG. 0.08 0.10 -0.02 0.12
DAYS >= .01 6 8.5 -2.5 10
DAYS >= .10 2 4.8 -2.8 8
DAYS >= .50 2 2.0 0.0 4
DAYS >= 1.00 1 0.8 0.2 0
GREATEST
24 HR. TOTAL 1.60 11/21 TO 11/22
SNOWFALL (INCHES)
RECORDS
TOTAL 0.8 1947
TOTALS 0.0
SINCE 7/1 0.0 MM MM MM
SNOWDEPTH AVG. 0 0
DAYS >= 1.0 0 MM MM 0
GREATEST
SNOW DEPTH 0 0 MM
24 HR TOTAL MM MM 0.0
DEGREE DAYS
HEATING TOTAL 390 375 15 283
SINCE 7/1 497 516 -19 MM
COOLING TOTAL 0 8 -8 36
SINCE 1/1 1705 1754 -49 MM
................................................................
WIND (MPH)
AVERAGE WIND SPEED 8.2
HIGHEST WIND SPEED/DIRECTION 28/340 DATE 11/01
28/040 11/12
HIGHEST GUST SPEED/DIRECTION 39/290 DATE 11/22
SKY COVER
POSSIBLE SUNSHINE (PERCENT) MM
AVERAGE SKY COVER 0.25
AVERAGE RH (PERCENT) 71
WEATHER CONDITIONS. NUMBER OF DAYS WITH
THUNDERSTORM 1 MIXED PRECIP 0
HEAVY RAIN 2 RAIN 2
LIGHT RAIN 7 FREEZING RAIN 0
LT FREEZING RAIN 0 HAIL 0
HEAVY SNOW 0 SNOW 0
LIGHT SNOW 0 SLEET 0
FOG 14 FOG W/VIS <= 1/4 MILE 6
HAZE 0
- INDICATES NEGATIVE NUMBERS.
R INDICATES RECORD WAS SET OR TIED.
MM INDICATES DATA IS MISSING.
T INDICATES TRACE AMOUNT.
$$