000
CXUS52 KTAE 010800
CF6ECP
PRELIMINARY LOCAL CLIMATOLOGICAL DATA (WS FORM: F-6)
STATION: PANAMA CITY NW
MONTH: JULY
YEAR: 2022
LATITUDE: 30 21 N
LONGITUDE: 85 48 W
TEMPERATURE IN F: :PCPN: SNOW: WIND :SUNSHINE: SKY :PK WND
================================================================================
1 2 3 4 5 6A 6B 7 8 9 10 11 12 13 14 15 16 17 18
12Z AVG MX 2MIN
DY MAX MIN AVG DEP HDD CDD WTR SNW DPTH SPD SPD DIR MIN PSBL S-S WX SPD DR
================================================================================
1 86 71 79 -3 0 14 0.10 0.0 0 2.2 16 250 M M 2 13 19 240
2 87 72 80 -2 0 15 0.03 0.0 0 3.6 13 210 M M 4 13 17 170
3 86 75 81 -1 0 16 0.48 0.0 0 3.2 21 240 M M 4 13 26 240
4 88 73 81 -1 0 16 T 0.0 0 3.0 13 280 M M 3 13 16 280
5 91 73 82 0 0 17 0.01 0.0 0 3.8 16 210 M M 5 123 19 170
6 91 73 82 0 0 17 T 0.0 0 4.6 14 200 M M 3 19 200
7 92 74 83 1 0 18 0.06 0.0 0 4.0 15 160 M M 2 19 160
8 92 75 84 2 0 19 T 0.0 0 4.5 17 200 M M 2 23 200
9 91 76 84 2 0 19 T 0.0 0 5.1 17 220 M M 4 3 22 220
10 93 76 85 3 0 20 T 0.0 M 6.3 16 210 M M 3 3 19 220
11 88 74 81 -1 0 16 0.04 0.0 M 4.5 18 330 M M 4 3 23 340
12 79 73 76 -6 0 11 0.69 0.0 M 3.5 9 220 M M 5 13 14 220
13 85 74 80 -2 0 15 0.27 0.0 0 3.9 26 300 M M 5 138 33 300
14 87 73 80 -2 0 15 0.11 0.0 0 3.0 22 280 M M 5 1238 28 280
15 85 72 79 -3 0 14 1.12 0.0 0 3.9 18 300 M M 3 123 22 270
16 89 71 80 -2 0 15 T 0.0 0 4.3 15 130 M M 2 3 20 160
17 89 71 80 -2 0 15 0.18 0.0 0 5.0 20 130 M M 2 18 23 130
18 89 74 82 0 0 17 0.58 0.0 0 5.4 17 270 M M 4 18 22 200
19 88 76 82 0 0 17 0.30 0.0 M 6.1 17 280 M M 4 138 24 280
20 87 75 81 -1 0 16 0.19 0.0 M 6.4 20 150 M M 3 13 24 230
21 88 76 82 0 0 17 0.15 M M 5.8 17 260 M M 3 138 23 260
22 89 75 82 0 0 17 0.69 0.0 M 4.1 16 190 M M 2 138 27 210
23 90 74 82 0 0 17 T M M 3.8 17 250 M M 1 3 23 240
24 91 72 82 0 0 17 0.30 0.0 M 3.4 18 140 M M 3 13 24 130
25 87 74 81 -1 0 16 0.05 0.0 M 2.8 14 340 M M 3 38 17 70
26 92 73 83 1 0 18 T 0.0 0 3.0 21 120 M M 1 3 29 110
27 89 74 82 0 0 17 0.04 0.0 0 3.7 16 40 M M 4 13 20 60
28 88 74 81 -1 0 16 0.35 0.0 0 6.1 20 170 M M 3 1 24 170
29 90 75 83 1 0 18 T 0.0 M 5.0 17 210 M M 2 3 20 200
30 92 74 83 1 0 18 T 0.0 M 3.5 15 190 M M 2 18 170
31 92 71 82 0 0 17 T 0.0 0 3.0 17 100 M M 2 3 23 110
================================================================================
SM 2751 2283 0 510 5.74 0.0 130.5 M 95
================================================================================
AV 88.7 73.6 4.2 FASTST M M 3 MAX(MPH)
MISC ----> 26 300 33 300
================================================================================
NOTES:
# LAST OF SEVERAL OCCURRENCES
COLUMN 17 PEAK WIND IN M.P.H.
PRELIMINARY LOCAL CLIMATOLOGICAL DATA (WS FORM: F-6) , PAGE 2
STATION: PANAMA CITY NW
MONTH: JULY
YEAR: 2022
LATITUDE: 30 21 N
LONGITUDE: 85 48 W
[TEMPERATURE DATA] [PRECIPITATION DATA] SYMBOLS USED IN COLUMN 16
AVERAGE MONTHLY: 81.2 TOTAL FOR MONTH: 5.74 1 = FOG OR MIST
DPTR FM NORMAL: -0.9 DPTR FM NORMAL: -1.02 2 = FOG REDUCING VISIBILITY
HIGHEST: 93 ON 10 GRTST 24HR 1.20 ON 14-15 TO 1/4 MILE OR LESS
LOWEST: 71 ON 31,17 3 = THUNDER
SNOW, ICE PELLETS, HAIL 4 = ICE PELLETS
TOTAL MONTH: 0.0 INCH 5 = HAIL
GRTST 24HR 0.0 6 = FREEZING RAIN OR DRIZZLE
GRTST DEPTH: 0 7 = DUSTSTORM OR SANDSTORM:
VSBY 1/2 MILE OR LESS
8 = SMOKE OR HAZE
[NO. OF DAYS WITH] [WEATHER - DAYS WITH] 9 = BLOWING SNOW
X = TORNADO
MAX 32 OR BELOW: 0 0.01 INCH OR MORE: 20
MAX 90 OR ABOVE: 12 0.10 INCH OR MORE: 14
MIN 32 OR BELOW: 0 0.50 INCH OR MORE: 4
MIN 0 OR BELOW: 0 1.00 INCH OR MORE: 1
[HDD (BASE 65) ]
TOTAL THIS MO. 0 CLEAR (SCALE 0-3) 16
DPTR FM NORMAL 0 PTCLDY (SCALE 4-7) 15
TOTAL FM JUL 1 0 CLOUDY (SCALE 8-10) 0
DPTR FM NORMAL 0
[CDD (BASE 65) ]
TOTAL THIS MO. 510
DPTR FM NORMAL -22 [PRESSURE DATA]
TOTAL FM JAN 1 1489 HIGHEST SLP M ON M
DPTR FM NORMAL 51 LOWEST SLP 29.87 ON 11
[REMARKS]
#FINAL-07-22#