000
CXUS55 KGJT 011010
CF6EEO
PRELIMINARY LOCAL CLIMATOLOGICAL DATA (WS FORM: F-6)
STATION: MEEKER CO
MONTH: NOVEMBER
YEAR: 2023
LATITUDE: 40 2 N
LONGITUDE: 107 53 W
TEMPERATURE IN F: :PCPN: SNOW: WIND :SUNSHINE: SKY :PK WND
================================================================================
1 2 3 4 5 6A 6B 7 8 9 10 11 12 13 14 15 16 17 18
12Z AVG MX 2MIN
DY MAX MIN AVG DEP HDD CDD WTR SNW DPTH SPD SPD DIR MIN PSBL S-S WX SPD DR
================================================================================
1 54 17 36 -3 29 0 0.00 M M 3.3 13 260 M M 1 18 250
2 60 20 40 1 25 0 0.00 M M 3.8 15 240 M M 4 23 230
3 61 27 44 5 21 0 0.00 M M 4.7 16 270 M M 2 24 280
4 62 22 42 4 23 0 0.00 M M 3.8 13 310 M M 0 17 330
5 65 31 48 10 17 0 0.00 M M 7.3 22 230 M M 0 32 230
6 63 30 47 9 18 0 0.00 M M 7.6 24 230 M M 1 32 240
7 57 32 45 8 20 0 0.00 M M 9.0 24 30 M M 5 34 40
8 42 17 30 -7 35 0 0.03 M M 3.1 15 360 M M 7 1 19 360
9 44 12 28 -8 37 0 0.00 M M 3.2 10 50 M M 0 15 50
10 49 6 28 -8 37 0 0.00 M M 2.4 12 280 M M 0 23 330
11 52 10 31 -5 34 0 0.00 M M 4.3 17 260 M M 0 22 260
12 58 15 37 2 28 0 0.00 M M 2.7 8 70 M M 0 14 80
13 61 12 37 2 28 0 0.00 M M 5.0 25 220 M M 0 33 210
14 60 19 40 6 25 0 0.00 M M 5.5 22 220 M M 0 34 240
15 61 17 39 5 26 0 0.00 M M 3.5 17 240 M M 0 23 180
16 54 29 42 9 23 0 0.51 M M 6.5 26 220 M M 8 13 36 230
17 54 28 41 8 24 0 0.00 M M 1.9 10 110 M M 3 14 80
18 55 23 39 6 26 0 T M M 3.7 17 250 M M 4 3 22 220
19 47 32 40 8 25 0 0.21 M M 3.1 15 320 M M 7 1 20 70
20 38 29 34 2 31 0 0.01 M M 4.8 14 340 M M 9 1 17 320
21 43 22 33 2 32 0 0.00 M M 1.4 8 210 M M 3 11 240
22 52 17 35 4 30 0 0.00 M M 2.6 10 130 M M 0 16 140
23 43 20 32 2 33 0 0.00 M M 2.3 10 30 M M 2 12 30
24 35 17 26 -4 39 0 0.22 M M 4.7 18 20 M M 10 12 24 30
25 21 -5 8 -22 57 0 0.19 M M 3.4 13 310 M M 8 12 16 320
26 22 -10 6 -23 59 0 0.00 M M 0.9 6 30 M M 0 1 8 220
27 20 -4 8 -21 57 0 0.00 M M 0.3 5 50 M M 5 128 7 90
28 25 -5 10 -18 55 0 0.00 M M 0.4 6 210 M M 4 128 8 230
29 25 1 13 -15 52 0 T M M 0.9 7 30 M M 4 12 8 200
30 26 2 14 -13 51 0 T M M 0.1 5 250 M M 8 12 6 30
================================================================================
SM 1409 483 997 0 1.17 M 106.2 M 95
================================================================================
AV 47.0 16.1 3.5 FASTST M M 3 MAX(MPH)
MISC ----> 26 220 36 230
================================================================================
NOTES:
# LAST OF SEVERAL OCCURRENCES
COLUMN 17 PEAK WIND IN M.P.H.
PRELIMINARY LOCAL CLIMATOLOGICAL DATA (WS FORM: F-6) , PAGE 2
STATION: MEEKER CO
MONTH: NOVEMBER
YEAR: 2023
LATITUDE: 40 2 N
LONGITUDE: 107 53 W
[TEMPERATURE DATA] [PRECIPITATION DATA] SYMBOLS USED IN COLUMN 16
AVERAGE MONTHLY: 31.5 TOTAL FOR MONTH: 1.17 1 = FOG OR MIST
DPTR FM NORMAL: -2.1 DPTR FM NORMAL: 0.03 2 = FOG REDUCING VISIBILITY
HIGHEST: 65 ON 5 GRTST 24HR 0.51 ON 16-16 TO 1/4 MILE OR LESS
LOWEST: -10 ON 26 3 = THUNDER
SNOW, ICE PELLETS, HAIL 4 = ICE PELLETS
TOTAL MONTH: M 5 = HAIL
GRTST 24HR M ON M 6 = FREEZING RAIN OR DRIZZLE
GRTST DEPTH: M ON M 7 = DUSTSTORM OR SANDSTORM:
VSBY 1/2 MILE OR LESS
8 = SMOKE OR HAZE
[NO. OF DAYS WITH] [WEATHER - DAYS WITH] 9 = BLOWING SNOW
X = TORNADO
MAX 32 OR BELOW: 6 0.01 INCH OR MORE: 6
MAX 90 OR ABOVE: 0 0.10 INCH OR MORE: 4
MIN 32 OR BELOW: 30 0.50 INCH OR MORE: 1
MIN 0 OR BELOW: 4 1.00 INCH OR MORE: 0
[HDD (BASE 65) ]
TOTAL THIS MO. 997 CLEAR (SCALE 0-3) 16
DPTR FM NORMAL 53 PTCLDY (SCALE 4-7) 12
TOTAL FM JUL 1 1872 CLOUDY (SCALE 8-10) 2
DPTR FM NORMAL 91
[CDD (BASE 65) ]
TOTAL THIS MO. 0
DPTR FM NORMAL 0 [PRESSURE DATA]
TOTAL FM JAN 1 187 HIGHEST SLP 30.79 ON 28
DPTR FM NORMAL -57 LOWEST SLP 29.63 ON 7
[REMARKS]
#FINAL-11-23#