000
CXUS51 KRLX 031314
CF6EKN
PRELIMINARY LOCAL CLIMATOLOGICAL DATA (WS FORM: F-6)
STATION: ELKINS WV
MONTH: JANUARY
YEAR: 2022
LATITUDE: 38 52 N
LONGITUDE: 79 51 W
TEMPERATURE IN F: :PCPN: SNOW: WIND :SUNSHINE: SKY :PK WND
================================================================================
1 2 3 4 5 6A 6B 7 8 9 10 11 12 13 14 15 16 17 18
12Z AVG MX 2MIN
DY MAX MIN AVG DEP HDD CDD WTR SNW DPTH SPD SPD DIR MIN PSBL S-S WX SPD DR
================================================================================
1 62 53 58 26 7 0 2.22 0.0 0 3.3 24 320 M M 10 1 29 310
2 58 33 46 14 19 0 0.40 T 0 8.1 18 300 M M 10 18 26 250
3 33 24 29 -2 36 0 T T 0 8.4 15 320 M M 10 18 21 350
4 46 18 32 1 33 0 0.00 0.0 0 5.2 18 150 M M 1 25 150
5 51 33 42 11 23 0 0.00 0.0 0 11.2 25 270 M M 1 37 300
6 40 23 32 1 33 0 0.55 9.0 0 5.4 25 280 M M 4 12 39 280
7 23 14 19 -12 46 0 T 0.1 9 7.2 16 280 M M 10 23 280
8 40 0 20 -11 45 0 T T 9 3.5 13 160 M M 2 8 19 150
9 47 30 39 8 26 0 1.02 T 6 6.4 21 310 M M 10 12 30 310
10 30 19 25 -6 40 0 T T 0 10.9 22 290 M M 5 30 270
11 30 13 22 -9 43 0 T T T 3.7 23 290 M M 4 31 290
12 50 15 33 2 32 0 0.00 0.0 0 3.7 18 220 M M 0 27 220
13 47 23 35 5 30 0 T 0.0 0 1.2 10 180 M M 6 13 160
14 35 29 32 2 33 0 T 0.0 0 5.3 15 330 M M 10 18 19 350
15 33 17 25 -5 40 0 0.00 0.0 0 3.6 10 320 M M 5 13 320
16 34 15 25 -5 40 0 0.17 0.3 0 4.4 20 130 M M 5 34 140
17 31 22 27 -3 38 0 0.29 7.3 4 12.1 24 280 M M 10 126 39 290
18 28 5 17 -13 48 0 T 0.6 6 5.6 22 270 M M 7 18 30 290
19 48 4 26 -4 39 0 0.23 0.0 6 3.6 21 250 M M 6 18 30 210
20 37 18 28 -2 37 0 0.09 0.9 3 5.8 14 330 M M 10 1 19 330
21 23 2 13 -17 52 0 T T 3 3.8 12 10 M M 3 15 360
22 32 -5 14 -16 51 0 0.00 0.0 2 1.5 12 210 M M 2 16 210
23 34 23 29 -1 36 0 0.03 1.2 2 8.2 22 280 M M 9 30 270
24 41 21 31 1 34 0 0.04 T 4 7.8 20 260 M M 8 1 30 240
25 36 22 29 -2 36 0 0.09 0.6 3 6.0 13 330 M M 10 168 18 330
26 24 3 14 -17 51 0 T T 2 4.3 13 250 M M 6 18 230
27 40 -1 20 -11 45 0 T T 2 1.7 13 260 M M 3 18 250
28 33 22 28 -3 37 0 0.12 2.1 2 4.1 14 350 M M 10 18 19 10
29 22 -3 10 -21 55 0 T 1.5 4 6.1 17 290 M M 5 21 290
30 34 -4 15 -16 50 0 0.00 0.0 5 1.4 8 340 M M 8 10 340
31 41 15 28 -3 37 0 0.00 0.0 4 0.4 7 320 M M 4 18 10 170
================================================================================
SM 1163 503 1172 0 5.25 23.6 163.9 M 194
================================================================================
AV 37.5 16.2 5.3 FASTST M M 6 MAX(MPH)
MISC ----> # 25 270 # 39 280
================================================================================
NOTES:
# LAST OF SEVERAL OCCURRENCES
COLUMN 17 PEAK WIND IN M.P.H.
PRELIMINARY LOCAL CLIMATOLOGICAL DATA (WS FORM: F-6) , PAGE 2
STATION: ELKINS WV
MONTH: JANUARY
YEAR: 2022
LATITUDE: 38 52 N
LONGITUDE: 79 51 W
[TEMPERATURE DATA] [PRECIPITATION DATA] SYMBOLS USED IN COLUMN 16
AVERAGE MONTHLY: 26.9 TOTAL FOR MONTH: 5.25 1 = FOG OR MIST
DPTR FM NORMAL: -3.9 DPTR FM NORMAL: 1.89 2 = FOG REDUCING VISIBILITY
HIGHEST: 62 ON 1 GRTST 24HR 2.22 ON 1- 1 TO 1/4 MILE OR LESS
LOWEST: -5 ON 22 3 = THUNDER
SNOW, ICE PELLETS, HAIL 4 = ICE PELLETS
TOTAL MONTH: 23.6 INCHES 5 = HAIL
GRTST 24HR 9.0 ON 6- 6 6 = FREEZING RAIN OR DRIZZLE
GRTST DEPTH: 9 ON 8, 7 7 = DUSTSTORM OR SANDSTORM:
VSBY 1/2 MILE OR LESS
8 = SMOKE OR HAZE
[NO. OF DAYS WITH] [WEATHER - DAYS WITH] 9 = BLOWING SNOW
X = TORNADO
MAX 32 OR BELOW: 9 0.01 INCH OR MORE: 12
MAX 90 OR ABOVE: 0 0.10 INCH OR MORE: 8
MIN 32 OR BELOW: 28 0.50 INCH OR MORE: 3
MIN 0 OR BELOW: 5 1.00 INCH OR MORE: 2
[HDD (BASE 65) ]
TOTAL THIS MO. 1172 CLEAR (SCALE 0-3) 6
DPTR FM NORMAL 110 PTCLDY (SCALE 4-7) 12
TOTAL FM JUL 1 2911 CLOUDY (SCALE 8-10) 13
DPTR FM NORMAL -271
[CDD (BASE 65) ]
TOTAL THIS MO. 0
DPTR FM NORMAL 0 [PRESSURE DATA]
TOTAL FM JAN 1 0 HIGHEST SLP 30.63 ON 8
DPTR FM NORMAL 0 LOWEST SLP 29.19 ON 17
[REMARKS]
#FINAL-01-22#