000
CXUS54 KEPZ 011030
CF6ELP
PRELIMINARY LOCAL CLIMATOLOGICAL DATA (WS FORM: F-6)
STATION: EL PASO
MONTH: AUGUST
YEAR: 2022
LATITUDE: 31 47 N
LONGITUDE: 106 24 W
TEMPERATURE IN F: :PCPN: SNOW: WIND :SUNSHINE: SKY :PK WND
================================================================================
1 2 3 4 5 6A 6B 7 8 9 10 11 12 13 14 15 16 17 18
12Z AVG MX 2MIN
DY MAX MIN AVG DEP HDD CDD WTR SNW DPTH SPD SPD DIR MIN PSBL S-S WX SPD DR
================================================================================
1 104 75 90 6 0 25 0.00 0.0 0 5.3 23 70 M M 5 30 80
2 103 75 89 5 0 24 0.11 0.0 0 7.9 26 250 M M 5 38 36 170
3 102 72 87 3 0 22 0.01 0.0 0 9.4 32 210 M M 5 3 45 210
4 100 68 84 0 0 19 0.03 0.0 0 7.8 26 270 M M 5 3 33 270
5 101 72 87 3 0 22 T 0.0 0 8.2 17 360 M M 6 3 23 110
6 100 76 88 4 0 23 0.00 0.0 0 8.2 24 100 M M 3 32 100
7 99 76 88 4 0 23 T 0.0 0 5.6 25 30 M M 4 3 32 30
8 94 71 83 -1 0 18 0.00 0.0 0 5.3 24 80 M M 6 3 32 90
9 96 71 84 0 0 19 0.00 0.0 0 7.0 23 350 M M 6 3 32 350
10 97 71 84 0 0 19 0.00 0.0 0 8.9 23 250 M M 6 3 28 250
11 88 73 81 -3 0 16 0.00 0.0 0 10.0 26 20 M M 7 8 33 30
12 96 71 84 1 0 19 0.04 0.0 0 8.1 23 90 M M 6 3 32 110
13 94 74 84 1 0 19 0.00 0.0 0 6.5 14 220 M M 7 18 220
14 98 72 85 2 0 20 0.00 0.0 0 5.9 14 170 M M 5 19 170
15 98 73 86 3 0 21 0.00 0.0 0 7.8 21 110 M M 2 30 100
16 90 68 79 -4 0 14 0.03 0.0 0 9.9 24 100 M M 5 8 35 80
17 78 67 73 -10 0 8 0.91 0.0 0 8.0 15 110 M M 9 138 21 100
18 85 70 78 -5 0 13 T 0.0 0 9.4 26 80 M M 8 35 80
19 86 68 77 -6 0 12 0.45 0.0 0 8.0 25 170 M M 8 1 34 170
20 85 67 76 -7 0 11 0.74 0.0 0 9.7 30 290 M M 8 13 38 300
21 85 70 78 -5 0 13 0.02 0.0 0 6.8 15 240 M M 8 19 300
22 89 71 80 -3 0 15 0.46 0.0 0 3.7 20 10 M M 8 38 27 10
23 83 71 77 -5 0 12 0.00 0.0 0 6.0 18 90 M M 8 26 90
24 85 71 78 -4 0 13 0.00 0.0 0 6.5 20 130 M M 7 26 150
25 89 69 79 -3 0 14 0.00 0.0 0 6.5 13 70 M M 5 17 60
26 91 70 81 -1 0 16 0.00 0.0 0 5.4 13 80 M M 3 17 150
27 94 71 83 1 0 18 T 0.0 0 5.6 30 240 M M 5 3 39 340
28 96 73 85 3 0 20 0.00 0.0 0 5.8 14 250 M M 3 3 21 230
29 97 72 85 4 0 20 T 0.0 0 6.6 26 130 M M 2 3 37 110
30 86 67 77 -4 0 12 0.00 0.0 0 10.7 28 30 M M 6 38 20
31 82 69 76 -5 0 11 0.04 0.0 M 8.0 20 100 M M 8 8 26 110
================================================================================
SM 2871 2204 0 531 2.84 0.0 228.5 M 179
================================================================================
AV 92.6 71.1 7.4 FASTST M M 6 MAX(MPH)
MISC ----> 32 210 45 210
================================================================================
NOTES:
# LAST OF SEVERAL OCCURRENCES
COLUMN 17 PEAK WIND IN M.P.H.
PRELIMINARY LOCAL CLIMATOLOGICAL DATA (WS FORM: F-6) , PAGE 2
STATION: EL PASO
MONTH: AUGUST
YEAR: 2022
LATITUDE: 31 47 N
LONGITUDE: 106 24 W
[TEMPERATURE DATA] [PRECIPITATION DATA] SYMBOLS USED IN COLUMN 16
AVERAGE MONTHLY: 81.9 TOTAL FOR MONTH: 2.84 1 = FOG OR MIST
DPTR FM NORMAL: -1.0 DPTR FM NORMAL: 1.17 2 = FOG REDUCING VISIBILITY
HIGHEST: 104 ON 1 GRTST 24HR 1.19 ON 19-20 TO 1/4 MILE OR LESS
LOWEST: 67 ON 30,20 3 = THUNDER
SNOW, ICE PELLETS, HAIL 4 = ICE PELLETS
TOTAL MONTH: 0.0 INCH 5 = HAIL
GRTST 24HR 0.0 6 = FREEZING RAIN OR DRIZZLE
GRTST DEPTH: 0 7 = DUSTSTORM OR SANDSTORM:
VSBY 1/2 MILE OR LESS
8 = SMOKE OR HAZE
[NO. OF DAYS WITH] [WEATHER - DAYS WITH] 9 = BLOWING SNOW
X = TORNADO
MAX 32 OR BELOW: 0 0.01 INCH OR MORE: 11
MAX 90 OR ABOVE: 19 0.10 INCH OR MORE: 5
MIN 32 OR BELOW: 0 0.50 INCH OR MORE: 2
MIN 0 OR BELOW: 0 1.00 INCH OR MORE: 0
[HDD (BASE 65) ]
TOTAL THIS MO. 0 CLEAR (SCALE 0-3) 4
DPTR FM NORMAL 0 PTCLDY (SCALE 4-7) 26
TOTAL FM JUL 1 0 CLOUDY (SCALE 8-10) 1
DPTR FM NORMAL 0
[CDD (BASE 65) ]
TOTAL THIS MO. 531
DPTR FM NORMAL -24 [PRESSURE DATA]
TOTAL FM JAN 1 2426 HIGHEST SLP 30.02 ON 12
DPTR FM NORMAL 243 LOWEST SLP 29.59 ON 28
[REMARKS]
#FINAL-08-22#