000
CXUS54 KEPZ 011030
CF6ELP
PRELIMINARY LOCAL CLIMATOLOGICAL DATA (WS FORM: F-6)
STATION: EL PASO
MONTH: APRIL
YEAR: 2022
LATITUDE: 31 47 N
LONGITUDE: 106 24 W
TEMPERATURE IN F: :PCPN: SNOW: WIND :SUNSHINE: SKY :PK WND
================================================================================
1 2 3 4 5 6A 6B 7 8 9 10 11 12 13 14 15 16 17 18
12Z AVG MX 2MIN
DY MAX MIN AVG DEP HDD CDD WTR SNW DPTH SPD SPD DIR MIN PSBL S-S WX SPD DR
================================================================================
1 80 48 64 1 1 0 0.00 0.0 0 10.5 22 310 M M 3 34 320
2 84 49 67 4 0 2 0.00 0.0 0 5.0 16 240 M M 0 26 280
3 84 49 67 3 0 2 0.00 0.0 0 6.5 21 260 M M 3 27 250
4 80 53 67 3 0 2 0.00 0.0 0 10.7 23 270 M M 2 32 290
5 87 59 73 9 0 8 0.00 0.0 0 18.5 33 270 M M 1 48 290
6 83 61 72 8 0 7 0.00 0.0 0 8.5 25 280 M M 0 36 280
7 75 48 62 -3 3 0 0.00 0.0 0 8.5 20 350 M M 0 25 10
8 76 39 58 -7 7 0 0.00 0.0 0 6.1 13 130 M M 0 21 140
9 88 39 64 -1 1 0 0.00 0.0 0 10.8 29 260 M M 2 40 260
10 84 66 75 10 0 10 0.00 0.0 0 22.3 33 260 M M 3 47 270
11 85 61 73 7 0 8 0.00 0.0 0 19.0 32 240 M M 2 44 260
12 81 61 71 5 0 6 0.00 0.0 0 24.0 40 240 M M 2 78 54 240
13 72 52 62 -4 3 0 0.00 0.0 0 16.1 37 300 M M 1 50 300
14 80 39 60 -6 5 0 0.00 0.0 0 6.0 15 250 M M 1 22 210
15 87 51 69 3 0 4 0.00 0.0 0 8.5 25 250 M M 5 34 260
16 85 54 70 3 0 5 0.00 0.0 0 10.2 24 250 M M 6 32 260
17 89 61 75 8 0 10 0.00 0.0 0 8.7 23 330 M M 1 29 340
18 93 45 69 2 0 4 0.00 0.0 0 8.5 22 100 M M 2 32 100
19 91 60 76 8 0 11 0.00 0.0 0 11.4 29 280 M M 6 41 270
20 92 67 80 12 0 15 0.00 0.0 0 13.3 28 270 M M 2 40 270
21 90 60 75 7 0 10 0.00 0.0 0 9.0 21 290 M M 0 28 300
22 92 65 79 11 0 14 0.00 0.0 0 19.8 46 260 M M 1 8 59 250
23 82 60 71 3 0 6 0.00 0.0 0 11.5 31 260 M M 2 36 250
24 81 47 64 -5 1 0 0.00 0.0 0 8.2 21 250 M M 0 29 240
25 79 53 66 -3 0 1 0.00 0.0 0 12.3 24 110 M M 0 34 110
26 81 53 67 -2 0 2 0.00 0.0 0 11.7 20 100 M M 3 3 34 140
27 91 61 76 7 0 11 0.00 0.0 0 8.8 23 270 M M 6 33 270
28 89 59 74 4 0 9 0.00 0.0 0 14.7 29 260 M M 0 41 260
29 85 68 77 7 0 12 0.00 0.0 0 15.0 29 250 M M 0 37 250
30 86 51 69 -1 0 4 0.00 0.0 0 7.6 24 280 M M 1 32 290
================================================================================
SM 2532 1639 21 163 0.00 0.0 351.7 M 55
================================================================================
AV 84.4 54.6 11.7 FASTST M M 2 MAX(MPH)
MISC ----> 46 260 59 250
================================================================================
NOTES:
# LAST OF SEVERAL OCCURRENCES
COLUMN 17 PEAK WIND IN M.P.H.
PRELIMINARY LOCAL CLIMATOLOGICAL DATA (WS FORM: F-6) , PAGE 2
STATION: EL PASO
MONTH: APRIL
YEAR: 2022
LATITUDE: 31 47 N
LONGITUDE: 106 24 W
[TEMPERATURE DATA] [PRECIPITATION DATA] SYMBOLS USED IN COLUMN 16
AVERAGE MONTHLY: 69.5 TOTAL FOR MONTH: 0.00 1 = FOG OR MIST
DPTR FM NORMAL: 2.9 DPTR FM NORMAL: -0.17 2 = FOG REDUCING VISIBILITY
HIGHEST: 93 ON 18 GRTST 24HR 0.00 ON 1- 1 TO 1/4 MILE OR LESS
LOWEST: 39 ON 14, 9 3 = THUNDER
SNOW, ICE PELLETS, HAIL 4 = ICE PELLETS
TOTAL MONTH: 0.0 INCH 5 = HAIL
GRTST 24HR 0.0 6 = FREEZING RAIN OR DRIZZLE
GRTST DEPTH: 0 7 = DUSTSTORM OR SANDSTORM:
VSBY 1/2 MILE OR LESS
8 = SMOKE OR HAZE
[NO. OF DAYS WITH] [WEATHER - DAYS WITH] 9 = BLOWING SNOW
X = TORNADO
MAX 32 OR BELOW: 0 0.01 INCH OR MORE: 0
MAX 90 OR ABOVE: 6 0.10 INCH OR MORE: 0
MIN 32 OR BELOW: 0 0.50 INCH OR MORE: 0
MIN 0 OR BELOW: 0 1.00 INCH OR MORE: 0
[HDD (BASE 65) ]
TOTAL THIS MO. 21 CLEAR (SCALE 0-3) 25
DPTR FM NORMAL -41 PTCLDY (SCALE 4-7) 5
TOTAL FM JUL 1 1997 CLOUDY (SCALE 8-10) 0
DPTR FM NORMAL -203
[CDD (BASE 65) ]
TOTAL THIS MO. 163
DPTR FM NORMAL 51 [PRESSURE DATA]
TOTAL FM JAN 1 171 HIGHEST SLP 30.20 ON 8
DPTR FM NORMAL 38 LOWEST SLP 29.47 ON 12
[REMARKS]
#FINAL-04-22#