000
CXUS56 KLKN 011210
CF6ELY
PRELIMINARY LOCAL CLIMATOLOGICAL DATA (WS FORM: F-6)
STATION: ELY AIRPORT NV
MONTH: JULY
YEAR: 2023
LATITUDE: 39 16 N
LONGITUDE: 114 51 W
TEMPERATURE IN F: :PCPN: SNOW: WIND :SUNSHINE: SKY :PK WND
================================================================================
1 2 3 4 5 6A 6B 7 8 9 10 11 12 13 14 15 16 17 18
12Z AVG MX 2MIN
DY MAX MIN AVG DEP HDD CDD WTR SNW DPTH SPD SPD DIR MIN PSBL S-S WX SPD DR
================================================================================
1 89 45 67 1 0 2 0.00 0.0 0 7.5 16 10 M M 0 22 20
2 90 47 69 2 0 4 T 0.0 0 7.2 20 30 M M 0 3 29 40
3 93 50 72 5 0 7 0.00 0.0 0 12.4 30 200 M M 0 44 180
4 89 47 68 1 0 3 0.00 0.0 0 7.6 20 250 M M 0 27 240
5 89 47 68 0 0 3 0.00 0.0 0 M M M M M 0 M M
6 88 48 68 0 0 3 0.00 0.0 0 M M M M M 0 M M
7 89 48 69 1 0 4 0.00 0.0 0 M M M M M 0 M M
8 90 47 69 1 0 4 0.00 0.0 0 M M M M M 0 M M
9 89 52 71 2 0 6 0.00 0.0 0 M M M M M 0 M M
10 88 50 69 0 0 4 0.00 0.0 0 M M M M M 0 M M
11 90 48 69 0 0 4 0.00 0.0 0 M M M M M 0 M M
12 90 54 72 3 0 7 0.00 0.0 0 M M M M M 0 M M
13 90 45 68 -1 0 3 0.00 0.0 0 M M M M M 0 M M
14 90 47 69 -1 0 4 0.00 0.0 0 M M M M M 0 M M
15 95 49 72 2 0 7 0.00 0.0 0 M M M M M 0 M M
16 100 55 78 8 0 13 0.00 0.0 0 M M M M M 0 M M
17 95 62 79 9 0 14 0.00 0.0 0 25.0 30 10 M M 0 40 35
18 89 55 72 2 0 7 0.00 0.0 0 15.0 22 10 M M 0 3 35 10
19 79 64 72 2 0 7 T 0.0 0 10.0 22 140 M M 1 3 32 150
20 91 50 71 1 0 6 0.00 0.0 0 6.9 14 180 M M 0 20 210
21 96 52 74 4 0 9 0.00 0.0 0 8.8 18 160 M M 0 3 24 360
22 94 52 73 3 0 8 T 0.0 0 8.6 24 160 M M 1 3 33 130
23 96 58 77 7 0 12 T 0.0 0 10.7 29 150 M M 1 3 41 210
24 90 60 75 5 0 10 T 0.0 0 13.1 30 210 M M 2 3 38 210
25 93 54 74 4 0 9 T 0.0 0 10.4 22 210 M M 1 3 34 240
26 93 52 73 3 0 8 T 0.0 0 11.5 32 180 M M 0 48 190
27 93 53 73 3 0 8 T 0.0 0 11.5 25 240 M M 0 38 280
28 93 46 70 0 0 5 0.00 0.0 0 11.0 25 220 M M 0 36 190
29 93 49 71 1 0 6 0.00 0.0 0 9.3 22 210 M M 0 39 230
30 93 52 73 3 0 8 T 0.0 0 12.3 33 160 M M 0 3 45 160
31 92 58 75 5 0 10 0.00 0.0 0 10.2 32 160 M M 2 3 45 160
================================================================================
SM 2829 1596 0 205 T 0.0 209.0 M 8
================================================================================
AV 91.3 51.5 11.0 FASTST M M 0 MAX(MPH)
MISC ----> 33 160 48 190
================================================================================
NOTES:
# LAST OF SEVERAL OCCURRENCES
COLUMN 17 PEAK WIND IN M.P.H.
PRELIMINARY LOCAL CLIMATOLOGICAL DATA (WS FORM: F-6) , PAGE 2
STATION: ELY AIRPORT NV
MONTH: JULY
YEAR: 2023
LATITUDE: 39 16 N
LONGITUDE: 114 51 W
[TEMPERATURE DATA] [PRECIPITATION DATA] SYMBOLS USED IN COLUMN 16
AVERAGE MONTHLY: 71.4 TOTAL FOR MONTH: T 1 = FOG OR MIST
DPTR FM NORMAL: 2.1 DPTR FM NORMAL: -0.63 2 = FOG REDUCING VISIBILITY
HIGHEST: 100 ON 16 GRTST 24HR T ON 2- 2 TO 1/4 MILE OR LESS
LOWEST: 45 ON 13, 1 3 = THUNDER
SNOW, ICE PELLETS, HAIL 4 = ICE PELLETS
TOTAL MONTH: 0.0 INCH 5 = HAIL
GRTST 24HR 0.0 6 = FREEZING RAIN OR DRIZZLE
GRTST DEPTH: 0 7 = DUSTSTORM OR SANDSTORM:
VSBY 1/2 MILE OR LESS
8 = SMOKE OR HAZE
[NO. OF DAYS WITH] [WEATHER - DAYS WITH] 9 = BLOWING SNOW
X = TORNADO
MAX 32 OR BELOW: 0 0.01 INCH OR MORE: 0
MAX 90 OR ABOVE: 22 0.10 INCH OR MORE: 0
MIN 32 OR BELOW: 0 0.50 INCH OR MORE: 0
MIN 0 OR BELOW: 0 1.00 INCH OR MORE: 0
[HDD (BASE 65) ]
TOTAL THIS MO. 0 CLEAR (SCALE 0-3) 31
DPTR FM NORMAL -14 PTCLDY (SCALE 4-7) 0
TOTAL FM JUL 1 0 CLOUDY (SCALE 8-10) 0
DPTR FM NORMAL -9
[CDD (BASE 65) ]
TOTAL THIS MO. 205
DPTR FM NORMAL 59 [PRESSURE DATA]
TOTAL FM JAN 1 206 HIGHEST SLP 30.11 ON 20
DPTR FM NORMAL 22 LOWEST SLP 29.70 ON 3
[REMARKS]
#FINAL-07-23#