000
CXUS53 KTOP 010910
CF6EMP
PRELIMINARY LOCAL CLIMATOLOGICAL DATA (WS FORM: F-6)
STATION: EMPORIA KS
MONTH: JANUARY
YEAR: 2022
LATITUDE: 38 19 N
LONGITUDE: 96 12 W
TEMPERATURE IN F: :PCPN: SNOW: WIND :SUNSHINE: SKY :PK WND
================================================================================
1 2 3 4 5 6A 6B 7 8 9 10 11 12 13 14 15 16 17 18
12Z AVG MX 2MIN
DY MAX MIN AVG DEP HDD CDD WTR SNW DPTH SPD SPD DIR MIN PSBL S-S WX SPD DR
================================================================================
1 29 8 19 -12 46 0 0.06 M M 17.3 24 10 M M 10 1689 37 350
2 22 3 13 -18 52 0 T M M 8.4 20 330 M M 3 8 27 330
3 49 12 31 0 34 0 0.00 M M 8.2 17 180 M M 0 25 180
4 57 30 44 13 21 0 0.00 M M 17.2 33 210 M M 0 43 210
5 35 15 25 -6 40 0 T M M 12.5 21 330 M M 2 28 330
6 15 5 10 -21 55 0 0.05 M M 10.2 21 10 M M 6 1 29 10
7 27 5 16 -15 49 0 0.00 M M 7.9 17 160 M M 1 23 140
8 51 19 35 4 30 0 0.00 M M 12.4 20 170 M M 8 18 29 160
9 37 19 28 -3 37 0 0.00 M M 10.9 23 350 M M 0 33 350
10 52 19 36 5 29 0 0.00 M M 7.3 15 290 M M 0 19 260
11 63 30 47 16 18 0 0.00 M M 12.7 29 210 M M 0 39 230
12 59 29 44 13 21 0 0.00 M M 7.6 17 290 M M 0 24 290
13 61 37 49 18 16 0 0.00 M M 7.9 20 330 M M 0 27 340
14 56 29 43 12 22 0 0.02 M M 12.4 30 320 M M 4 1 41 340
15 29 19 24 -7 41 0 0.01 M M 17.3 32 330 M M 10 18 43 340
16 42 19 31 0 34 0 0.00 M M 8.0 16 320 M M 6 128 26 340
17 55 27 41 10 24 0 0.00 M M 8.5 18 220 M M M 23 200
18 60 32 46 15 19 0 0.00 M M 8.9 16 180 M M 0 22 180
19 43 13 28 -3 37 0 0.00 M M 19.4 29 10 M M 4 41 10
20 22 6 14 -17 51 0 0.00 M M 8.3 20 20 M M 0 26 10
21 32 4 18 -13 47 0 0.00 M M 8.5 16 150 M M 0 25 180
22 53 23 38 7 27 0 0.00 M M 8.1 17 220 M M 2 23 230
23 54 32 43 12 22 0 0.00 M M 11.2 22 230 M M 1 31 230
24 60 26 43 12 22 0 0.00 M M 15.3 28 230 M M 3 39 230
25 28 14 21 -10 44 0 0.00 M M 9.9 16 30 M M 1 24 40
26 35 12 24 -7 41 0 0.00 M M 9.0 20 220 M M 6 29 220
27 47 20 34 3 31 0 T M M 7.7 18 220 M M 5 18 26 330
28 38 23 31 -1 34 0 0.00 M M 7.8 15 180 M M 5 21 170
29 62 20 41 9 24 0 0.00 M M 10.0 17 290 M M 0 24 260
30 53 28 41 9 24 0 0.00 M M 5.4 9 280 M M 0 12 340
31 71 25 48 16 17 0 0.00 M M 10.7 26 200 M M 0 36 200
================================================================================
SM 1397 603 1009 0 0.14 M 326.9 M 77
================================================================================
AV 45.1 19.5 10.5 FASTST M M 3 MAX(MPH)
MISC ----> 33 210 # 43 210
================================================================================
NOTES:
# LAST OF SEVERAL OCCURRENCES
COLUMN 17 PEAK WIND IN M.P.H.
PRELIMINARY LOCAL CLIMATOLOGICAL DATA (WS FORM: F-6) , PAGE 2
STATION: EMPORIA KS
MONTH: JANUARY
YEAR: 2022
LATITUDE: 38 19 N
LONGITUDE: 96 12 W
[TEMPERATURE DATA] [PRECIPITATION DATA] SYMBOLS USED IN COLUMN 16
AVERAGE MONTHLY: 32.3 TOTAL FOR MONTH: 0.14 1 = FOG OR MIST
DPTR FM NORMAL: 1.3 DPTR FM NORMAL: -0.64 2 = FOG REDUCING VISIBILITY
HIGHEST: 71 ON 31 GRTST 24HR 0.18 ON 1- 1 TO 1/4 MILE OR LESS
LOWEST: 3 ON 2 3 = THUNDER
SNOW, ICE PELLETS, HAIL 4 = ICE PELLETS
TOTAL MONTH: M 5 = HAIL
GRTST 24HR M ON M 6 = FREEZING RAIN OR DRIZZLE
GRTST DEPTH: M ON M 7 = DUSTSTORM OR SANDSTORM:
VSBY 1/2 MILE OR LESS
8 = SMOKE OR HAZE
[NO. OF DAYS WITH] [WEATHER - DAYS WITH] 9 = BLOWING SNOW
X = TORNADO
MAX 32 OR BELOW: 8 0.01 INCH OR MORE: 4
MAX 90 OR ABOVE: 0 0.10 INCH OR MORE: 0
MIN 32 OR BELOW: 30 0.50 INCH OR MORE: 0
MIN 0 OR BELOW: 0 1.00 INCH OR MORE: 0
[HDD (BASE 65) ]
TOTAL THIS MO. 1009 CLEAR (SCALE 0-3) 19
DPTR FM NORMAL -45 PTCLDY (SCALE 4-7) 9
TOTAL FM JUL 1 2266 CLOUDY (SCALE 8-10) 3
DPTR FM NORMAL -675
[CDD (BASE 65) ]
TOTAL THIS MO. 0
DPTR FM NORMAL 0 [PRESSURE DATA]
TOTAL FM JAN 1 0 HIGHEST SLP 30.76 ON 20
DPTR FM NORMAL 0 LOWEST SLP 29.64 ON 4
[REMARKS]
#FINAL-01-22#