000
CXUS54 KEWX 011010
CF6ERV
PRELIMINARY LOCAL CLIMATOLOGICAL DATA (WS FORM: F-6)
STATION: KERRVILLE
MONTH: OCTOBER
YEAR: 2021
LATITUDE: 29 58 N
LONGITUDE: 99 5 W
TEMPERATURE IN F: :PCPN: SNOW: WIND :SUNSHINE: SKY :PK WND
================================================================================
1 2 3 4 5 6A 6B 7 8 9 10 11 12 13 14 15 16 17 18
12Z AVG MX 2MIN
DY MAX MIN AVG DEP HDD CDD WTR SNW DPTH SPD SPD DIR MIN PSBL S-S WX SPD DR
================================================================================
1 72 64 68 M 0 3 0.90 M M 13.5 28 270 M M 8 3 39 270
2 84 66 75 M 0 10 0.75 M M 3.3 14 10 M M 7 M M
3 89 61 75 M 0 10 M M M 1.8 7 10 M M 4 1 M M
4 86 57 72 M 0 7 0.00 M M 3.4 14 20 M M 3 18 20
5 87 54 71 M 0 6 M M M 1.7 8 270 M M 1 M M
6 86 56 71 M 0 6 M M M 2.5 8 160 M M 2 10 130
7 87 59 73 M 0 8 M M M 4.8 14 180 M M 0 20 170
8 88 59 74 M 0 9 M M M 5.3 13 150 M M 0 16 150
9 85 60 73 M 0 8 M M M 6.5 13 160 M M 0 8 20 170
10 88 60 74 M 0 9 0.40 M M 12.6 23 320 M M 7 138 32 320
11 82 56 69 M 0 4 M M M 2.6 8 110 M M 4 M M
12 84 67 76 M 0 11 0.12 M M 11.4 20 150 M M 9 13 25 150
13 84 66 75 M 0 10 0.70 M M 9.8 20 160 M M 10 13 28 160
14 84 65 75 M 0 10 M M M 1.3 7 180 M M 5 1 M M
15 85 61 73 M 0 8 M M M 7.5 17 350 M M 5 1 25 350
16 72 45 59 M 6 0 M M M 6.8 13 30 M M 0 22 30
17 73 41 57 M 8 0 M M M 2.0 7 120 M M 0 M M
18 76 44 60 M 5 0 M M M 4.7 14 160 M M 0 21 140
19 79 57 68 M 0 3 M M M 8.9 15 160 M M 4 23 170
20 79 61 70 M 0 5 M M M 4.3 12 170 M M 7 M M
21 84 58 71 M 0 6 M M M 1.8 6 110 M M 4 12 M M
22 83 56 70 M 0 5 M M M 2.6 8 120 M M 2 1 M M
23 84 63 74 M 0 9 M M M 8.2 15 160 M M 5 22 200
24 82 64 73 M 0 8 M M M 6.4 14 160 M M 7 18 160
25 89 63 76 M 0 11 M M M 4.9 10 140 M M 4 9 140
26 82 71 77 M 0 12 M M M 11.5 20 130 M M 8 1 25 140
27 74 44 59 M 6 0 0.91 M M 11.1 25 310 M M 3 3 37 310
28 75 42 59 M 6 0 M M M 7.2 21 330 M M 0 36 330
29 72 38 55 M 10 0 M M M 6.6 21 320 M M 0 31 340
30 80 38 59 M 6 0 M M M 2.9 10 180 M M 0 M M
31 81 41 61 M 4 0 M M M 4.2 15 140 M M 0 20 140
================================================================================
SM 2536 1737 51 178 3.78 M 182.0 M 109
================================================================================
AV 81.8 56.0 5.9 FASTST M M 4 MAX(MPH)
MISC ----> 28 270 39 270
================================================================================
NOTES:
# LAST OF SEVERAL OCCURRENCES
COLUMN 17 PEAK WIND IN M.P.H.
PRELIMINARY LOCAL CLIMATOLOGICAL DATA (WS FORM: F-6) , PAGE 2
STATION: KERRVILLE
MONTH: OCTOBER
YEAR: 2021
LATITUDE: 29 58 N
LONGITUDE: 99 5 W
[TEMPERATURE DATA] [PRECIPITATION DATA] SYMBOLS USED IN COLUMN 16
AVERAGE MONTHLY: 68.9 TOTAL FOR MONTH: 3.78 1 = FOG OR MIST
DPTR FM NORMAL: 0.0 DPTR FM NORMAL: M 2 = FOG REDUCING VISIBILITY
HIGHEST: 89 ON 25, 3 GRTST 24HR 0.91 ON 27-27 TO 1/4 MILE OR LESS
LOWEST: 38 ON 30,29 3 = THUNDER
SNOW, ICE PELLETS, HAIL 4 = ICE PELLETS
TOTAL MONTH: M 5 = HAIL
GRTST 24HR M ON M 6 = FREEZING RAIN OR DRIZZLE
GRTST DEPTH: M ON M 7 = DUSTSTORM OR SANDSTORM:
VSBY 1/2 MILE OR LESS
8 = SMOKE OR HAZE
[NO. OF DAYS WITH] [WEATHER - DAYS WITH] 9 = BLOWING SNOW
X = TORNADO
MAX 32 OR BELOW: 0 0.01 INCH OR MORE: 6
MAX 90 OR ABOVE: 0 0.10 INCH OR MORE: 6
MIN 32 OR BELOW: 0 0.50 INCH OR MORE: 4
MIN 0 OR BELOW: 0 1.00 INCH OR MORE: 0
[HDD (BASE 65) ]
TOTAL THIS MO. 51 CLEAR (SCALE 0-3) 14
DPTR FM NORMAL M PTCLDY (SCALE 4-7) 15
TOTAL FM JUL 1 51 CLOUDY (SCALE 8-10) 2
DPTR FM NORMAL M
[CDD (BASE 65) ]
TOTAL THIS MO. 178
DPTR FM NORMAL M [PRESSURE DATA]
TOTAL FM JAN 1 2360 HIGHEST SLP M ON M
DPTR FM NORMAL M LOWEST SLP M ON M
[REMARKS]
#FINAL-10-21#