000
CXUS54 KEWX 011010
CF6ERV
PRELIMINARY LOCAL CLIMATOLOGICAL DATA (WS FORM: F-6)
STATION: KERRVILLE
MONTH: AUGUST
YEAR: 2021
LATITUDE: 29 58 N
LONGITUDE: 99 5 W
TEMPERATURE IN F: :PCPN: SNOW: WIND :SUNSHINE: SKY :PK WND
================================================================================
1 2 3 4 5 6A 6B 7 8 9 10 11 12 13 14 15 16 17 18
12Z AVG MX 2MIN
DY MAX MIN AVG DEP HDD CDD WTR SNW DPTH SPD SPD DIR MIN PSBL S-S WX SPD DR
================================================================================
1 94 72 83 M 0 18 0.02 M M 5.8 9 330 M M 4 3 17 330
2 89 72 81 M 0 16 0.18 M M 2.0 12 180 M M 6 3 M M
3 89 72 81 M 0 16 M M M 3.6 8 360 M M 6 1 9 360
4 92 66 79 M 0 14 M M M 4.1 10 70 M M 1 1 16 70
5 85 72 79 M 0 14 0.07 0.0 0 3.2 8 100 M M 5 1 M M
6 92 72 82 M 0 17 M M M 5.5 15 170 M M 5 20 170
7 92 74 83 M 0 18 M M M 10.0 18 160 M M 5 24 160
8 92 74 83 M 0 18 M M M 13.4 18 160 M M 7 24 180
9 93 76 85 M 0 20 M M M 13.5 20 150 M M 6 25 170
10 92 76 84 M 0 19 M M M 13.2 18 160 M M 4 25 160
11 93 72 83 M 0 18 M M M 10.5 16 170 M M 2 27 190
12 93 72 83 M 0 18 M M M 10.1 15 150 M M 4 22 160
13 94 72 83 M 0 18 M M M 7.6 12 130 M M 2 17 180
14 97 72 85 M 0 20 M M M 4.7 9 40 M M 4 16 190
15 91 69 80 M 0 15 M M M 2.4 13 140 M M 3 18 140
16 94 66 80 M 0 15 1.26 M M 3.0 18 360 M M 4 3 30 20
17 89 73 81 M 0 16 0.01 M M 4.8 13 180 M M 6 14 0
18 92 76 84 M 0 19 M M M 9.3 15 170 M M 6 20 170
19 93 76 85 M 0 20 M M M 10.5 16 170 M M 7 20 160
20 92 72 82 M 0 17 M M M 10.0 15 190 M M 3 23 170
21 93 74 84 M 0 19 M M M 10.8 16 150 M M 4 26 150
22 93 72 83 M 0 18 M M M 7.6 14 170 M M 4 17 170
23 92 72 82 M 0 17 M M M 6.6 14 150 M M 2 20 180
24 94 72 83 M 0 18 M M M 6.3 13 170 M M 2 18 170
25 94 72 83 M 0 18 M M M 5.2 10 120 M M 3 17 120
26 94 71 83 M 0 18 0.21 M M 2.1 21 80 M M 3 3 27 80
27 93 69 81 M 0 16 M M M 4.2 15 110 M M 2 1 28 70
28 89 72 81 M 0 16 0.22 M M 2.9 12 40 M M 6 13 18 180
29 92 72 82 M 0 17 M M M 2.2 8 60 M M 5 M M
30 89 69 79 M 0 14 M M M 1.5 8 60 M M 2 M M
31 97 69 83 M 0 18 M M M 2.9 15 130 M M 0 24 150
================================================================================
SM 2858 2230 0 535 1.97 0.0 199.7 M 123
================================================================================
AV 92.2 71.9 6.4 FASTST M M 4 MAX(MPH)
MISC ----> 21 80 30 20
================================================================================
NOTES:
# LAST OF SEVERAL OCCURRENCES
COLUMN 17 PEAK WIND IN M.P.H.
PRELIMINARY LOCAL CLIMATOLOGICAL DATA (WS FORM: F-6) , PAGE 2
STATION: KERRVILLE
MONTH: AUGUST
YEAR: 2021
LATITUDE: 29 58 N
LONGITUDE: 99 5 W
[TEMPERATURE DATA] [PRECIPITATION DATA] SYMBOLS USED IN COLUMN 16
AVERAGE MONTHLY: 82.1 TOTAL FOR MONTH: 1.97 1 = FOG OR MIST
DPTR FM NORMAL: 0.0 DPTR FM NORMAL: M 2 = FOG REDUCING VISIBILITY
HIGHEST: 97 ON 31,14 GRTST 24HR 1.26 ON 16-16 TO 1/4 MILE OR LESS
LOWEST: 66 ON 16, 4 3 = THUNDER
SNOW, ICE PELLETS, HAIL 4 = ICE PELLETS
TOTAL MONTH: 0.0 INCH 5 = HAIL
GRTST 24HR 0.0 6 = FREEZING RAIN OR DRIZZLE
GRTST DEPTH: 0 7 = DUSTSTORM OR SANDSTORM:
VSBY 1/2 MILE OR LESS
8 = SMOKE OR HAZE
[NO. OF DAYS WITH] [WEATHER - DAYS WITH] 9 = BLOWING SNOW
X = TORNADO
MAX 32 OR BELOW: 0 0.01 INCH OR MORE: 7
MAX 90 OR ABOVE: 25 0.10 INCH OR MORE: 4
MIN 32 OR BELOW: 0 0.50 INCH OR MORE: 1
MIN 0 OR BELOW: 0 1.00 INCH OR MORE: 1
[HDD (BASE 65) ]
TOTAL THIS MO. 0 CLEAR (SCALE 0-3) 11
DPTR FM NORMAL M PTCLDY (SCALE 4-7) 20
TOTAL FM JUL 1 0 CLOUDY (SCALE 8-10) 0
DPTR FM NORMAL M
[CDD (BASE 65) ]
TOTAL THIS MO. 535
DPTR FM NORMAL M [PRESSURE DATA]
TOTAL FM JAN 1 1804 HIGHEST SLP M ON M
DPTR FM NORMAL M LOWEST SLP M ON M
[REMARKS]
#FINAL-08-21#