295
CXUS54 KEWX 011010
CF6ERV
PRELIMINARY LOCAL CLIMATOLOGICAL DATA (WS FORM: F-6)
STATION: KERRVILLE
MONTH: JULY
YEAR: 2020
LATITUDE: 29 58 N
LONGITUDE: 99 5 W
TEMPERATURE IN F: :PCPN: SNOW: WIND :SUNSHINE: SKY :PK WND
================================================================================
1 2 3 4 5 6A 6B 7 8 9 10 11 12 13 14 15 16 17 18
12Z AVG MX 2MIN
DY MAX MIN AVG DEP HDD CDD WTR SNW DPTH SPD SPD DIR MIN PSBL S-S WX SPD DR
================================================================================
1 94 76 85 M 0 20 0.01 M M 10.0 16 150 M M 7 1 18 170
2 97 72 85 M 0 20 0.09 M M 7.4 14 150 M M 4 13 17 290
3 97 72 85 M 0 20 0.00 M M 5.7 12 160 M M 3 M M
4 99 72 86 M 0 21 0.00 M M 3.5 9 160 M M 0 M M
5 100 73 87 M 0 22 0.00 M M 5.0 12 190 M M 0 M M
6 94 76 85 M 0 20 0.00 M M 4.8 9 150 M M 2 M M
7 97 76 87 M 0 22 0.00 M M 9.3 14 180 M M 5 21 170
8 97 76 87 M 0 22 0.00 M M 9.4 13 170 M M 6 20 180
9 97 76 87 M 0 22 0.00 M M 9.9 15 170 M M 6 22 160
10 99 76 88 M 0 23 0.00 M M 9.4 14 180 M M 5 16 150
11 102 74 88 M 0 23 0.00 M M 7.1 15 170 M M 2 16 170
12 102 76 89 M 0 24 0.00 M M 5.2 10 140 M M 2 17 190
13 105 74 90 M 0 25 0.00 M M 6.8 14 160 M M 0 18 160
14 102 72 87 M 0 22 0.00 M M 9.9 21 160 M M 1 25 160
15 99 73 86 M 0 21 0.00 M M 10.0 14 190 M M 4 21 190
16 99 74 87 M 0 22 0.00 M M 8.9 15 140 M M 3 22 160
17 98 74 86 M 0 21 0.00 M M 8.1 18 150 M M 3 22 150
18 94 72 83 M 0 18 0.00 M M 7.9 15 130 M M 6 20 130
19 97 72 85 M 0 20 0.00 M M 6.0 12 170 M M 3 16 170
20 97 72 85 M 0 20 0.00 M M 6.4 14 120 M M 2 17 80
21 97 72 85 M 0 20 0.03 M M 5.3 13 90 M M 4 18 90
22 97 74 86 M 0 21 0.00 M M 6.7 14 140 M M 5 18 140
23 97 74 86 M 0 21 0.00 M M 6.8 13 110 M M 5 18 110
24 99 73 86 M 0 21 0.00 M M 5.6 16 30 M M 3 24 30
25 92 74 83 M 0 18 0.00 M M 8.3 14 90 M M 5 25 100
26 94 72 83 M 0 18 0.30 M M 8.0 15 110 M M 7 27 110
27 97 73 85 M 0 20 0.00 M M 4.5 12 150 M M 5 16 160
28 97 72 85 M 0 20 0.00 M M 5.6 14 150 M M 3 22 150
29 96 72 84 M 0 19 0.00 M M 8.9 25 160 M M 4 31 160
30 94 72 83 M 0 18 0.00 M M 11.3 17 190 M M 7 23 160
31 97 76 87 M 0 22 0.04 M M 6.5 15 40 M M 7 3 35 40
================================================================================
SM 3023 2282 0 646 0.47 M 228.2 M 119
================================================================================
AV 97.5 73.6 7.4 FASTST M M 4 MAX(MPH)
MISC ----> # 25 160 # 35 40
================================================================================
NOTES:
# LAST OF SEVERAL OCCURRENCES
COLUMN 17 PEAK WIND IN M.P.H.
PRELIMINARY LOCAL CLIMATOLOGICAL DATA (WS FORM: F-6) , PAGE 2
STATION: KERRVILLE
MONTH: JULY
YEAR: 2020
LATITUDE: 29 58 N
LONGITUDE: 99 5 W
[TEMPERATURE DATA] [PRECIPITATION DATA] SYMBOLS USED IN COLUMN 16
AVERAGE MONTHLY: 85.6 TOTAL FOR MONTH: 0.47 1 = FOG OR MIST
DPTR FM NORMAL: M DPTR FM NORMAL: M 2 = FOG REDUCING VISIBILITY
HIGHEST: 105 ON 13 GRTST 24HR 0.30 ON 26-26 TO 1/4 MILE OR LESS
LOWEST: 72 ON 30,29 3 = THUNDER
SNOW, ICE PELLETS, HAIL 4 = ICE PELLETS
TOTAL MONTH: M 5 = HAIL
GRTST 24HR M ON M 6 = FREEZING RAIN OR DRIZZLE
GRTST DEPTH: M ON M 7 = DUSTSTORM OR SANDSTORM:
VSBY 1/2 MILE OR LESS
8 = SMOKE OR HAZE
[NO. OF DAYS WITH] [WEATHER - DAYS WITH] 9 = BLOWING SNOW
X = TORNADO
MAX 32 OR BELOW: 0 0.01 INCH OR MORE: 5
MAX 90 OR ABOVE: 31 0.10 INCH OR MORE: 1
MIN 32 OR BELOW: 0 0.50 INCH OR MORE: 0
MIN 0 OR BELOW: 0 1.00 INCH OR MORE: 0
[HDD (BASE 65) ]
TOTAL THIS MO. 0 CLEAR (SCALE 0-3) 14
DPTR FM NORMAL M PTCLDY (SCALE 4-7) 17
TOTAL FM JUL 1 0 CLOUDY (SCALE 8-10) 0
DPTR FM NORMAL M
[CDD (BASE 65) ]
TOTAL THIS MO. 646
DPTR FM NORMAL M [PRESSURE DATA]
TOTAL FM JAN 1 1543 HIGHEST SLP M ON M
DPTR FM NORMAL M LOWEST SLP M ON M
[REMARKS]
#FINAL-07-20#