000
CXUS54 KEWX 011010
CF6ERV
PRELIMINARY LOCAL CLIMATOLOGICAL DATA (WS FORM: F-6)
STATION: KERRVILLE
MONTH: APRIL
YEAR: 2020
LATITUDE: 29 58 N
LONGITUDE: 99 5 W
TEMPERATURE IN F: :PCPN: SNOW: WIND :SUNSHINE: SKY :PK WND
================================================================================
1 2 3 4 5 6A 6B 7 8 9 10 11 12 13 14 15 16 17 18
12Z AVG MX 2MIN
DY MAX MIN AVG DEP HDD CDD WTR SNW DPTH SPD SPD DIR MIN PSBL S-S WX SPD DR
================================================================================
1 76 49 63 M 2 0 0.00 M M 8.5 14 160 M M 0 22 160
2 66 61 64 M 1 0 0.03 M M 8.2 14 170 M M 10 1 20 160
3 76 45 61 M 4 0 0.02 M M 7.5 15 10 M M 10 13 22 360
4 53 44 49 M 16 0 0.03 M M 4.6 13 340 M M 10 13 M M
5 63 51 57 M 8 0 0.00 M M 3.3 8 110 M M 10 1 M M
6 69 59 64 M 1 0 0.00 M M 3.4 10 160 M M 9 12 M M
7 83 61 72 M 0 7 0.00 M M 4.9 13 170 M M 5 1 17 180
8 89 65 77 M 0 12 0.00 M M 2.5 8 220 M M 3 1 M M
9 87 63 75 M 0 10 0.06 M M 4.3 22 360 M M 2 3 25 360
10 74 59 67 M 0 2 0.00 M M 6.5 12 110 M M 6 16 120
11 76 61 69 M 0 4 0.00 M M 9.2 14 160 M M 10 1 18 150
12 79 56 68 M 0 3 0.01 M M 12.8 23 270 M M 3 1 35 270
13 64 40 52 M 13 0 0.00 M M 9.4 17 350 M M 0 22 10
14 63 41 52 M 13 0 0.00 M M 7.6 13 350 M M 5 18 360
15 69 37 53 M 12 0 0.00 M M 4.8 10 170 M M 0 M M
16 73 42 58 M 7 0 0.00 M M 9.9 17 160 M M 4 23 150
17 72 52 62 M 3 0 0.01 M M 7.5 18 340 M M 10 1 17 150
18 63 51 57 M 8 0 0.00 M M 5.1 9 40 M M 10 1 M M
19 88 48 68 M 0 3 0.01 M M 7.2 23 280 M M 4 12 30 280
20 92 43 68 M 0 3 0.00 M M 4.4 16 210 M M 0 21 210
21 72 56 64 M 1 0 0.00 M M 7.1 15 160 M M 5 18 M M
22 89 53 71 M 0 6 0.03 M M 7.0 15 290 M M 6 1 24 290
23 87 49 68 M 0 3 0.00 M M 4.6 10 140 M M 0 8 M M
24 94 54 74 M 0 9 0.00 M M 6.5 17 200 M M 0 27 200
25 79 54 67 M 0 2 0.00 M M 7.5 16 20 M M 2 23 40
26 83 44 64 M 1 0 0.00 M M 6.0 15 150 M M 0 23 180
27 85 60 73 M 0 8 0.00 M M 13.3 21 160 M M 3 3 29 160
28 92 63 78 M 0 13 0.00 M M 9.9 23 160 M M 2 3 29 170
29 82 51 67 M 0 2 0.00 M M 10.4 23 40 M M 2 1 38 50
30 86 43 65 M 0 0 0.00 M M 3.0 10 150 M M 0 M M
================================================================================
SM 2324 1555 90 87 0.20 M 206.9 M 131
================================================================================
AV 77.5 51.8 6.9 FASTST M M 4 MAX(MPH)
MISC ----> # 23 270 # 38 50
================================================================================
NOTES:
# LAST OF SEVERAL OCCURRENCES
COLUMN 17 PEAK WIND IN M.P.H.
PRELIMINARY LOCAL CLIMATOLOGICAL DATA (WS FORM: F-6) , PAGE 2
STATION: KERRVILLE
MONTH: APRIL
YEAR: 2020
LATITUDE: 29 58 N
LONGITUDE: 99 5 W
[TEMPERATURE DATA] [PRECIPITATION DATA] SYMBOLS USED IN COLUMN 16
AVERAGE MONTHLY: 64.7 TOTAL FOR MONTH: 0.20 1 = FOG OR MIST
DPTR FM NORMAL: M DPTR FM NORMAL: M 2 = FOG REDUCING VISIBILITY
HIGHEST: 94 ON 24 GRTST 24HR 0.06 ON 9- 9 TO 1/4 MILE OR LESS
LOWEST: 37 ON 15 3 = THUNDER
SNOW, ICE PELLETS, HAIL 4 = ICE PELLETS
TOTAL MONTH: M 5 = HAIL
GRTST 24HR M ON M 6 = FREEZING RAIN OR DRIZZLE
GRTST DEPTH: M ON M 7 = DUSTSTORM OR SANDSTORM:
VSBY 1/2 MILE OR LESS
8 = SMOKE OR HAZE
[NO. OF DAYS WITH] [WEATHER - DAYS WITH] 9 = BLOWING SNOW
X = TORNADO
MAX 32 OR BELOW: 0 0.01 INCH OR MORE: 8
MAX 90 OR ABOVE: 3 0.10 INCH OR MORE: 0
MIN 32 OR BELOW: 0 0.50 INCH OR MORE: 0
MIN 0 OR BELOW: 0 1.00 INCH OR MORE: 0
[HDD (BASE 65) ]
TOTAL THIS MO. 90 CLEAR (SCALE 0-3) 14
DPTR FM NORMAL M PTCLDY (SCALE 4-7) 8
TOTAL FM JUL 1 1872 CLOUDY (SCALE 8-10) 8
DPTR FM NORMAL M
[CDD (BASE 65) ]
TOTAL THIS MO. 87
DPTR FM NORMAL M [PRESSURE DATA]
TOTAL FM JAN 1 180 HIGHEST SLP M ON M
DPTR FM NORMAL M LOWEST SLP M ON M
[REMARKS]
#FINAL-04-20#