000
CXUS56 KSLC 011151
CF6EVW
PRELIMINARY LOCAL CLIMATOLOGICAL DATA (WS FORM: F-6)
STATION: EVANSTON WY
MONTH: AUGUST
YEAR: 2022
LATITUDE: 41 16 N
LONGITUDE: 111 2 W
TEMPERATURE IN F: :PCPN: SNOW: WIND :SUNSHINE: SKY :PK WND
================================================================================
1 2 3 4 5 6A 6B 7 8 9 10 11 12 13 14 15 16 17 18
12Z AVG MX 2MIN
DY MAX MIN AVG DEP HDD CDD WTR SNW DPTH SPD SPD DIR MIN PSBL S-S WX SPD DR
================================================================================
1 88 57 73 4 0 8 0.26 M M 9.7 32 180 M M 5 13 42 180
2 75 57 66 -2 0 1 0.13 M M 9.4 20 250 M M 7 1 26 290
3 82 54 68 0 0 3 0.00 M M 8.3 21 260 M M 0 31 260
4 88 56 72 4 0 7 0.00 M M 8.5 22 210 M M 0 31 230
5 81 59 70 2 0 5 0.27 M M 7.6 22 220 M M 6 13 31 220
6 79 54 67 -1 0 2 0.14 M M 10.5 36 290 M M 5 13 45 290
7 78 51 65 -3 0 0 0.00 M M 5.9 14 340 M M 0 12 22 350
8 82 51 67 -1 0 2 0.00 M M 5.8 15 300 M M 0 26 320
9 87 53 70 3 0 5 0.00 M M 4.5 13 10 M M 0 20 360
10 88 59 74 7 0 9 0.09 M M 9.1 23 260 M M 3 3 32 220
11 84 57 71 4 0 6 0.66 M M 5.3 29 190 M M 3 1238 45 210
12 80 56 68 1 0 3 0.09 M M 6.0 21 190 M M 4 3 28 130
13 80 56 68 2 0 3 0.08 M M 6.2 23 10 M M 6 3 31 340
14 75 57 66 0 0 1 0.26 M M 7.0 21 70 M M 7 13 31 70
15 80 54 67 1 0 2 0.00 M M 7.2 16 70 M M 0 22 70
16 83 55 69 3 0 4 0.00 M M 8.1 20 80 M M 0 27 70
17 85 53 69 3 0 4 0.00 M M 6.6 15 70 M M 1 23 70
18 85 60 73 8 0 8 0.00 M M 4.7 14 30 M M 1 20 20
19 78 53 66 1 0 1 0.31 M M 6.9 23 190 M M 3 13 32 190
20 69 53 61 -4 4 0 0.13 M M 4.2 18 230 M M 7 13 25 220
21 79 50 65 1 0 0 0.00 M M 5.9 17 10 M M 1 3 22 10
22 81 54 68 4 0 3 0.00 M M 3.7 16 310 M M 3 22 320
23 84 52 68 4 0 3 0.00 M M 6.6 20 260 M M 0 26 240
24 84 55 70 6 0 5 0.06 M M 8.6 37 160 M M 2 3 56 150
25 83 55 69 5 0 4 0.00 M M 8.4 21 270 M M 1 28 270
26 81 54 68 5 0 3 0.00 M M 10.0 26 260 M M 1 36 260
27 83 51 67 4 0 2 0.00 M M 14.1 29 240 M M 2 41 240
28 78 51 65 2 0 0 0.00 M M 13.1 31 270 M M 0 42 270
29 83 50 67 5 0 2 0.00 0.0 0 7.8 20 300 M M 0 31 260
30 86 55 71 9 0 6 0.00 0.0 0 5.4 13 30 M M 0 19 60
31 88 58 73 11 0 8 0.00 0.0 0 6.4 15 20 M M 0 22 40
================================================================================
SM 2537 1690 4 110 2.48 0.0 231.5 M 68
================================================================================
AV 81.8 54.5 7.5 FASTST M M 2 MAX(MPH)
MISC ----> 37 160 56 150
================================================================================
NOTES:
# LAST OF SEVERAL OCCURRENCES
COLUMN 17 PEAK WIND IN M.P.H.
PRELIMINARY LOCAL CLIMATOLOGICAL DATA (WS FORM: F-6) , PAGE 2
STATION: EVANSTON WY
MONTH: AUGUST
YEAR: 2022
LATITUDE: 41 16 N
LONGITUDE: 111 2 W
[TEMPERATURE DATA] [PRECIPITATION DATA] SYMBOLS USED IN COLUMN 16
AVERAGE MONTHLY: 68.2 TOTAL FOR MONTH: 2.48 1 = FOG OR MIST
DPTR FM NORMAL: 2.6 DPTR FM NORMAL: 1.65 2 = FOG REDUCING VISIBILITY
HIGHEST: 88 ON 31,10 GRTST 24HR 0.75 ON 10-11 TO 1/4 MILE OR LESS
LOWEST: 50 ON 29,21 3 = THUNDER
SNOW, ICE PELLETS, HAIL 4 = ICE PELLETS
TOTAL MONTH: 0.0 INCH 5 = HAIL
GRTST 24HR 0.0 6 = FREEZING RAIN OR DRIZZLE
GRTST DEPTH: 0 7 = DUSTSTORM OR SANDSTORM:
VSBY 1/2 MILE OR LESS
8 = SMOKE OR HAZE
[NO. OF DAYS WITH] [WEATHER - DAYS WITH] 9 = BLOWING SNOW
X = TORNADO
MAX 32 OR BELOW: 0 0.01 INCH OR MORE: 12
MAX 90 OR ABOVE: 0 0.10 INCH OR MORE: 8
MIN 32 OR BELOW: 0 0.50 INCH OR MORE: 1
MIN 0 OR BELOW: 0 1.00 INCH OR MORE: 0
[HDD (BASE 65) ]
TOTAL THIS MO. 4 CLEAR (SCALE 0-3) 22
DPTR FM NORMAL -50 PTCLDY (SCALE 4-7) 9
TOTAL FM JUL 1 4 CLOUDY (SCALE 8-10) 0
DPTR FM NORMAL -81
[CDD (BASE 65) ]
TOTAL THIS MO. 110
DPTR FM NORMAL 37 [PRESSURE DATA]
TOTAL FM JAN 1 354 HIGHEST SLP 30.22 ON 7
DPTR FM NORMAL 157 LOWEST SLP 29.73 ON 27
[REMARKS]
#FINAL-08-22#