000
CXUS56 KSLC 011138
CF6EVW
PRELIMINARY LOCAL CLIMATOLOGICAL DATA (WS FORM: F-6)
STATION: EVANSTON WY
MONTH: OCTOBER
YEAR: 2021
LATITUDE: 41 16 N
LONGITUDE: 111 2 W
TEMPERATURE IN F: :PCPN: SNOW: WIND :SUNSHINE: SKY :PK WND
================================================================================
1 2 3 4 5 6A 6B 7 8 9 10 11 12 13 14 15 16 17 18
12Z AVG MX 2MIN
DY MAX MIN AVG DEP HDD CDD WTR SNW DPTH SPD SPD DIR MIN PSBL S-S WX SPD DR
================================================================================
1 65 32 49 -1 16 0 0.00 M M 4.5 12 350 M M 2 18 310
2 68 42 55 5 10 0 0.00 M M 4.9 15 330 M M 2 22 320
3 71 38 55 6 10 0 0.00 M M 8.2 21 250 M M 0 27 240
4 73 41 57 8 8 0 0.00 M M 8.5 22 230 M M 0 32 200
5 70 46 58 10 7 0 0.05 M M 6.4 25 210 M M 5 35 200
6 62 45 54 6 11 0 0.03 M M 7.4 22 220 M M 7 3 28 200
7 61 42 52 4 13 0 0.30 M M 8.4 25 230 M M 6 1 36 220
8 49 37 43 -4 22 0 0.23 M M 11.2 39 190 M M 7 1 55 190
9 46 36 41 -6 24 0 0.11 M M 13.2 22 270 M M 10 1 29 230
10 51 32 42 -4 23 0 0.00 M M 10.7 22 250 M M 5 29 250
11 52 34 43 -3 22 0 T M M 8.7 29 240 M M 8 1 35 240
12 34 27 31 -15 34 0 0.05 M M 14.3 29 70 M M 10 128 44 80
13 35 24 30 -15 35 0 0.02 M M 13.1 21 240 M M 8 1 28 240
14 35 24 30 -15 35 0 T M M 12.1 22 280 M M 9 1 31 270
15 43 20 32 -12 33 0 0.00 M M 9.5 21 260 M M 0 28 260
16 60 28 44 0 21 0 0.00 M M 3.8 9 20 M M 0 13 10
17 64 35 50 7 15 0 0.00 M M 9.8 25 210 M M 0 36 210
18 54 32 43 0 22 0 0.24 M M 8.3 31 230 M M 5 12 40 230
19 40 29 35 -8 30 0 0.15 M M 7.8 18 230 M M 8 12 23 240
20 51 27 39 -3 26 0 0.00 M M 5.6 20 230 M M 1 1 26 230
21 61 35 48 6 17 0 0.00 M M 6.6 18 240 M M 0 24 220
22 62 36 49 8 16 0 0.00 M M 9.7 26 210 M M 0 34 210
23 43 32 38 -3 27 0 0.06 M M 11.5 23 220 M M 8 1 31 200
24 51 32 42 1 23 0 T M M 9.7 30 220 M M 7 12 39 220
25 58 32 45 5 20 0 0.19 M M 19.8 36 210 M M 6 1 49 210
26 33 28 31 -9 34 0 0.07 M M 12.9 25 280 M M 10 1 34 280
27 41 31 36 -4 29 0 0.00 M M 15.5 30 260 M M 8 40 250
28 51 36 44 5 21 0 0.00 M M 8.0 20 250 M M 5 24 250
29 60 32 46 7 19 0 0.00 M M 9.1 21 260 M M 0 26 270
30 58 38 48 10 17 0 0.00 M M 7.3 15 220 M M 0 19 220
31 48 35 42 4 23 0 T M M 11.4 18 80 M M 2 23 70
================================================================================
SM 1650 1038 663 0 1.50 M 297.9 M 139
================================================================================
AV 53.2 33.5 9.6 FASTST M M 4 MAX(MPH)
MISC ----> 39 190 55 190
================================================================================
NOTES:
# LAST OF SEVERAL OCCURRENCES
COLUMN 17 PEAK WIND IN M.P.H.
PRELIMINARY LOCAL CLIMATOLOGICAL DATA (WS FORM: F-6) , PAGE 2
STATION: EVANSTON WY
MONTH: OCTOBER
YEAR: 2021
LATITUDE: 41 16 N
LONGITUDE: 111 2 W
[TEMPERATURE DATA] [PRECIPITATION DATA] SYMBOLS USED IN COLUMN 16
AVERAGE MONTHLY: 43.4 TOTAL FOR MONTH: 1.50 1 = FOG OR MIST
DPTR FM NORMAL: -0.5 DPTR FM NORMAL: 0.51 2 = FOG REDUCING VISIBILITY
HIGHEST: 73 ON 4 GRTST 24HR 0.39 ON 18-19 TO 1/4 MILE OR LESS
LOWEST: 20 ON 15 3 = THUNDER
SNOW, ICE PELLETS, HAIL 4 = ICE PELLETS
TOTAL MONTH: M 5 = HAIL
GRTST 24HR M ON M 6 = FREEZING RAIN OR DRIZZLE
GRTST DEPTH: M ON M 7 = DUSTSTORM OR SANDSTORM:
VSBY 1/2 MILE OR LESS
8 = SMOKE OR HAZE
[NO. OF DAYS WITH] [WEATHER - DAYS WITH] 9 = BLOWING SNOW
X = TORNADO
MAX 32 OR BELOW: 0 0.01 INCH OR MORE: 12
MAX 90 OR ABOVE: 0 0.10 INCH OR MORE: 6
MIN 32 OR BELOW: 16 0.50 INCH OR MORE: 0
MIN 0 OR BELOW: 0 1.00 INCH OR MORE: 0
[HDD (BASE 65) ]
TOTAL THIS MO. 663 CLEAR (SCALE 0-3) 13
DPTR FM NORMAL 9 PTCLDY (SCALE 4-7) 14
TOTAL FM JUL 1 906 CLOUDY (SCALE 8-10) 4
DPTR FM NORMAL -101
[CDD (BASE 65) ]
TOTAL THIS MO. 0
DPTR FM NORMAL 0 [PRESSURE DATA]
TOTAL FM JAN 1 427 HIGHEST SLP 30.50 ON 15
DPTR FM NORMAL 222 LOWEST SLP 29.44 ON 11
[REMARKS]
#FINAL-10-21#