000
CXUS56 KSLC 010830
CF6EVW
PRELIMINARY LOCAL CLIMATOLOGICAL DATA (WS FORM: F-6)
STATION: EVANSTON WY
MONTH: DECEMBER
YEAR: 2020
LATITUDE: 41 16 N
LONGITUDE: 111 2 W
TEMPERATURE IN F: :PCPN: SNOW: WIND :SUNSHINE: SKY :PK WND
================================================================================
1 2 3 4 5 6A 6B 7 8 9 10 11 12 13 14 15 16 17 18
12Z AVG MX 2MIN
DY MAX MIN AVG DEP HDD CDD WTR SNW DPTH SPD SPD DIR MIN PSBL S-S WX SPD DR
================================================================================
1 31 12 22 -1 43 0 T M 0 9.6 21 250 M M 3 1 26 270
2 26 11 19 -4 46 0 T M M 9.2 23 90 M M 2 18 27 120
3 39 6 23 1 42 0 0.00 M M 4.7 12 220 M M 0 14 210
4 43 17 30 8 35 0 0.00 M M 5.0 13 210 M M 0 14 210
5 44 17 31 9 34 0 0.00 M M 5.2 10 80 M M 0 12 90
6 48 22 35 13 30 0 0.00 M M 4.7 10 360 M M 0 11 30
7 45 18 32 11 33 0 0.00 M M 3.0 14 350 M M 0 15 350
8 50 19 35 14 30 0 0.00 M M 3.9 8 20 M M 0 10 210
9 52 22 37 16 28 0 0.00 M M 8.1 20 240 M M 0 22 240
10 36 21 29 8 36 0 0.00 M M 3.5 8 360 M M 5 10 340
11 27 12 20 -1 45 0 T M M 10.3 23 240 M M 6 27 250
12 21 7 14 -6 51 0 0.01 M M 7.9 20 350 M M 7 18 26 330
13 24 1 13 -7 52 0 T M M 5.4 14 220 M M 4 16 230
14 26 17 22 2 43 0 0.03 M M 8.3 16 260 M M 10 1 21 230
15 23 8 16 -4 49 0 T M M 12.0 24 240 M M 7 18 29 240
16 29 18 24 4 41 0 0.00 M M 12.9 25 240 M M 8 30 240
17 35 20 28 8 37 0 T M M 10.4 24 230 M M 9 1 29 230
18 28 20 24 4 41 0 T M M 9.6 17 250 M M 10 1 22 240
19 30 15 23 3 42 0 0.00 M M 13.3 31 270 M M 1 38 260
20 38 19 29 9 36 0 0.00 M M 18.9 36 250 M M 5 43 250
21 47 31 39 19 26 0 0.00 M M 11.8 26 240 M M 3 33 240
22 39 13 26 6 39 0 T M M 17.4 37 280 M M 6 1 45 280
23 21 8 15 -5 50 0 0.00 M M 9.5 22 290 M M 3 26 290
24 33 6 20 0 45 0 0.00 M M 7.2 15 210 M M 0 19 210
25 42 14 28 8 37 0 0.00 M M 5.8 20 240 M M 1 24 250
26 39 23 31 11 34 0 T M M 10.0 26 270 M M 7 18 33 290
27 30 12 21 1 44 0 0.00 M M 8.3 15 250 M M 3 19 240
28 18 10 14 -6 51 0 T M M 9.9 18 70 M M 7 128 23 80
29 29 6 18 -3 47 0 0.00 M M 7.4 13 240 M M 0 15 280
30 26 8 17 -4 48 0 T M M 12.1 22 250 M M 5 25 240
31 29 20 25 4 40 0 0.01 M M 5.8 10 360 M M 10 1 12 330
================================================================================
SM 1048 453 1255 0 0.05 M 271.1 M 122
================================================================================
AV 33.8 14.6 8.7 FASTST M M 4 MAX(MPH)
MISC ----> 37 280 45 280
================================================================================
NOTES:
# LAST OF SEVERAL OCCURRENCES
COLUMN 17 PEAK WIND IN M.P.H.
PRELIMINARY LOCAL CLIMATOLOGICAL DATA (WS FORM: F-6) , PAGE 2
STATION: EVANSTON WY
MONTH: DECEMBER
YEAR: 2020
LATITUDE: 41 16 N
LONGITUDE: 111 2 W
[TEMPERATURE DATA] [PRECIPITATION DATA] SYMBOLS USED IN COLUMN 16
AVERAGE MONTHLY: 24.2 TOTAL FOR MONTH: 0.05 1 = FOG OR MIST
DPTR FM NORMAL: 3.4 DPTR FM NORMAL: -0.53 2 = FOG REDUCING VISIBILITY
HIGHEST: 52 ON 9 GRTST 24HR 0.03 ON 13-14 TO 1/4 MILE OR LESS
LOWEST: 1 ON 13 3 = THUNDER
SNOW, ICE PELLETS, HAIL 4 = ICE PELLETS
TOTAL MONTH: M 5 = HAIL
GRTST 24HR M ON M 6 = FREEZING RAIN OR DRIZZLE
GRTST DEPTH: 0 7 = DUSTSTORM OR SANDSTORM:
VSBY 1/2 MILE OR LESS
8 = SMOKE OR HAZE
[NO. OF DAYS WITH] [WEATHER - DAYS WITH] 9 = BLOWING SNOW
X = TORNADO
MAX 32 OR BELOW: 16 0.01 INCH OR MORE: 3
MAX 90 OR ABOVE: 0 0.10 INCH OR MORE: 0
MIN 32 OR BELOW: 31 0.50 INCH OR MORE: 0
MIN 0 OR BELOW: 0 1.00 INCH OR MORE: 0
[HDD (BASE 65) ]
TOTAL THIS MO. 1255 CLEAR (SCALE 0-3) 15
DPTR FM NORMAL -115 PTCLDY (SCALE 4-7) 12
TOTAL FM JUL 1 3030 CLOUDY (SCALE 8-10) 4
DPTR FM NORMAL -450
[CDD (BASE 65) ]
TOTAL THIS MO. 0
DPTR FM NORMAL 0 [PRESSURE DATA]
TOTAL FM JAN 1 337 HIGHEST SLP M ON M
DPTR FM NORMAL 175 LOWEST SLP 29.62 ON 22
[REMARKS]
#FINAL-12-20#