000
CXUS52 KMHX 041859
CF6EWN
PRELIMINARY LOCAL CLIMATOLOGICAL DATA (WS FORM: F-6)
STATION: NEW BERN NC
MONTH: MARCH
YEAR: 2022
LATITUDE: 35 4 N
LONGITUDE: 77 3 W
TEMPERATURE IN F: :PCPN: SNOW: WIND :SUNSHINE: SKY :PK WND
================================================================================
1 2 3 4 5 6A 6B 7 8 9 10 11 12 13 14 15 16 17 18
12Z AVG MX 2MIN
DY MAX MIN AVG DEP HDD CDD WTR SNW DPTH SPD SPD DIR MIN PSBL S-S WX SPD DR
================================================================================
1 68 38 53 3 12 0 0.00 0.0 0 4.3 12 70 M M 2 15 120
2 76 42 59 9 6 0 0.00 0.0 0 6.0 13 230 M M 0 1 19 270
3 84 46 65 15 0 0 0.00 0.0 0 7.5 23 40 M M 0 27 50
4 56 43 50 0 15 0 0.00 0.0 0 12.2 22 40 M M 5 27 60
5 77 44 61 11 4 0 0.00 0.0 0 6.9 17 210 M M 5 22 210
6 81 61 71 20 0 6 0.00 0.0 0 12.5 25 200 M M 2 33 210
7 82 64 73 22 0 8 0.00 0.0 0 14.1 25 200 M M 1 34 200
8 71 47 59 8 6 0 0.14 0.0 0 9.9 17 80 M M 7 1 24 80
9 71 47 59 8 6 0 0.04 0.0 0 7.2 22 10 M M 9 12 25 10
10 52 45 49 -3 16 0 0.18 0.0 0 10.2 20 40 M M 10 1 25 50
11 55 45 50 -2 15 0 0.17 0.0 0 3.2 9 10 M M 10 12 11 30
12 73 31 52 0 13 0 0.96 0.0 0 15.1 41 210 M M 8 12 64 210
13 49 26 38 -14 27 0 0.00 0.0 0 7.5 15 190 M M 0 20 320
14 66 31 49 -4 16 0 0.00 0.0 0 4.4 15 170 M M 0 22 140
15 70 36 53 0 12 0 0.00 0.0 0 3.7 12 150 M M 1 1 14 140
16 71 50 61 8 4 0 0.08 0.0 0 5.0 15 130 M M 6 1 20 130
17 74 52 63 10 2 0 0.11 0.0 0 6.5 21 260 M M 4 12 28 290
18 78 47 63 9 2 0 0.00 0.0 0 6.3 20 160 M M 1 1 26 170
19 84 57 71 17 0 6 T 0.0 0 10.2 22 210 M M 3 31 210
20 68 51 60 6 5 0 0.00 0.0 0 11.3 22 330 M M 1 3 31 340
21 70 37 54 0 11 0 0.00 0.0 0 4.7 16 50 M M 0 20 20
22 75 44 60 5 5 0 0.00 0.0 0 5.5 14 200 M M 0 20 180
23 75 54 65 10 0 0 0.38 0.0 0 10.2 21 180 M M 8 1 29 170
24 72 61 67 12 0 2 1.54 0.0 0 10.0 18 210 M M 10 13 24 180
25 70 54 62 6 3 0 0.20 0.0 0 10.3 22 300 M M 6 1 30 280
26 66 46 56 0 9 0 0.00 0.0 0 10.4 23 270 M M 2 30 300
27 61 37 49 -7 16 0 0.00 0.0 0 9.2 22 260 M M 0 32 280
28 61 32 47 -9 18 0 0.00 0.0 0 8.7 22 280 M M 0 30 280
29 55 32 44 -13 21 0 0.00 0.0 0 6.5 16 30 M M 1 20 30
30 67 38 53 -4 12 0 0.00 0.0 0 7.2 17 190 M M 6 26 200
31 75 64 70 13 0 5 1.10 0.0 0 17.4 31 180 M M 7 3 46 210
================================================================================
SM 2153 1402 256 27 4.90 0.0 264.1 M 115
================================================================================
AV 69.5 45.2 8.5 FASTST M M 4 MAX(MPH)
MISC ----> 41 210 64 210
================================================================================
NOTES:
# LAST OF SEVERAL OCCURRENCES
COLUMN 17 PEAK WIND IN M.P.H.
PRELIMINARY LOCAL CLIMATOLOGICAL DATA (WS FORM: F-6) , PAGE 2
STATION: NEW BERN NC
MONTH: MARCH
YEAR: 2022
LATITUDE: 35 4 N
LONGITUDE: 77 3 W
[TEMPERATURE DATA] [PRECIPITATION DATA] SYMBOLS USED IN COLUMN 16
AVERAGE MONTHLY: 57.3 TOTAL FOR MONTH: 4.90 1 = FOG OR MIST
DPTR FM NORMAL: 4.1 DPTR FM NORMAL: 1.05 2 = FOG REDUCING VISIBILITY
HIGHEST: 84 ON 19, 3 GRTST 24HR 1.82 ON 23-24 TO 1/4 MILE OR LESS
LOWEST: 26 ON 13 3 = THUNDER
SNOW, ICE PELLETS, HAIL 4 = ICE PELLETS
TOTAL MONTH: 0.0 INCH 5 = HAIL
GRTST 24HR 0.0 6 = FREEZING RAIN OR DRIZZLE
GRTST DEPTH: 0 7 = DUSTSTORM OR SANDSTORM:
VSBY 1/2 MILE OR LESS
8 = SMOKE OR HAZE
[NO. OF DAYS WITH] [WEATHER - DAYS WITH] 9 = BLOWING SNOW
X = TORNADO
MAX 32 OR BELOW: 0 0.01 INCH OR MORE: 11
MAX 90 OR ABOVE: 0 0.10 INCH OR MORE: 9
MIN 32 OR BELOW: 5 0.50 INCH OR MORE: 3
MIN 0 OR BELOW: 0 1.00 INCH OR MORE: 2
[HDD (BASE 65) ]
TOTAL THIS MO. 256 CLEAR (SCALE 0-3) 17
DPTR FM NORMAL -123 PTCLDY (SCALE 4-7) 9
TOTAL FM JUL 1 2107 CLOUDY (SCALE 8-10) 5
DPTR FM NORMAL -405
[CDD (BASE 65) ]
TOTAL THIS MO. 27
DPTR FM NORMAL 14 [PRESSURE DATA]
TOTAL FM JAN 1 50 HIGHEST SLP 30.54 ON 14
DPTR FM NORMAL 31 LOWEST SLP 29.32 ON 12
[REMARKS]
#FINAL-03-22#
CORRECTED FOR SNOWFALL/SNOW DEPTH DATA.