000
CXUS52 KMHX 010700
CF6EWN
PRELIMINARY LOCAL CLIMATOLOGICAL DATA (WS FORM: F-6)
STATION: NEW BERN NC
MONTH: JANUARY
YEAR: 2022
LATITUDE: 35 4 N
LONGITUDE: 77 3 W
TEMPERATURE IN F: :PCPN: SNOW: WIND :SUNSHINE: SKY :PK WND
================================================================================
1 2 3 4 5 6A 6B 7 8 9 10 11 12 13 14 15 16 17 18
12Z AVG MX 2MIN
DY MAX MIN AVG DEP HDD CDD WTR SNW DPTH SPD SPD DIR MIN PSBL S-S WX SPD DR
================================================================================
1 80 63 72 27 0 7 0.11 0.0 0 9.9 17 220 M M 4 1 24 240
2 75 62 69 24 0 4 0.12 0.0 0 10.2 22 220 M M 7 1 31 230
3 72 33 53 8 12 0 0.82 0.0 0 13.9 33 220 M M 7 13 48 180
4 47 29 38 -7 27 0 0.00 0.0 0 8.7 15 30 M M 2 19 70
5 64 40 52 7 13 0 0.11 0.0 0 4.4 13 300 M M 8 1 17 110
6 56 42 49 4 16 0 T 0.0 0 4.7 14 10 M M 4 1 16 30
7 58 31 45 1 20 0 0.00 0.0 0 12.0 30 310 M M 2 38 310
8 42 27 35 -9 30 0 0.00 0.0 0 6.6 16 30 M M 0 21 10
9 72 28 50 6 15 0 0.19 0.0 0 8.1 22 220 M M 4 1 30 220
10 63 32 48 4 17 0 0.36 0.0 0 8.2 20 350 M M 5 1 25 360
11 41 28 35 -9 30 0 0.00 0.0 0 6.7 16 30 M M 0 21 20
12 57 24 41 -3 24 0 0.00 0.0 0 2.8 13 240 M M 0 1 16 220
13 58 29 44 0 21 0 0.00 0.0 0 1.7 9 210 M M 1 1 11 250
14 56 34 45 1 20 0 0.00 0.0 0 8.9 23 350 M M 3 32 360
15 46 30 38 -6 27 0 0.00 0.0 0 8.0 17 50 M M 1 23 50
16 63 32 48 4 17 0 1.80 T 0 12.9 32 210 M M 9 14 45 210
17 48 39 44 0 21 0 T 0.0 0 15.3 26 250 M M 8 36 250
18 49 29 39 -5 26 0 0.00 0.0 0 6.7 16 330 M M 0 20 320
19 62 25 44 0 21 0 0.00 0.0 0 5.0 16 210 M M 0 23 230
20 62 37 50 6 15 0 0.05 0.0 0 7.7 22 30 M M 4 1 28 30
21 37 28 33 -11 32 0 0.24 0.0 0 14.8 22 20 M M 10 16 32 30
22 36 23 30 -14 35 0 0.25 0.2 0 8.5 18 350 M M 7 16 25 350
23 48 19 34 -10 31 0 0.00 0.0 1 4.1 10 180 M M 0 1 14 250
24 52 26 39 -5 26 0 0.00 0.0 T 1.5 8 60 M M 0 1 11 20
25 56 29 43 -1 22 0 0.00 0.0 0 1.6 7 190 M M 5 1 10 220
26 44 27 36 -8 29 0 0.00 0.0 0 11.7 21 30 M M 3 12 26 30
27 47 25 36 -9 29 0 0.00 0.0 0 6.6 14 30 M M 0 18 50
28 49 25 37 -8 28 0 0.08 0.0 0 5.8 20 40 M M 5 1 26 30
29 39 26 33 -12 32 0 T T T 12.0 24 340 M M 6 1 35 340
30 44 19 32 -13 33 0 0.00 0.0 0 4.0 17 210 M M 0 20 220
31 53 23 38 -7 27 0 0.00 0.0 0 2.4 9 40 M M 0 11 30
================================================================================
SM 1676 964 696 11 4.13 0.2 235.4 M 105
================================================================================
AV 54.1 31.1 7.6 FASTST M M 3 MAX(MPH)
MISC ----> 33 220 48 180
================================================================================
NOTES:
# LAST OF SEVERAL OCCURRENCES
COLUMN 17 PEAK WIND IN M.P.H.
PRELIMINARY LOCAL CLIMATOLOGICAL DATA (WS FORM: F-6) , PAGE 2
STATION: NEW BERN NC
MONTH: JANUARY
YEAR: 2022
LATITUDE: 35 4 N
LONGITUDE: 77 3 W
[TEMPERATURE DATA] [PRECIPITATION DATA] SYMBOLS USED IN COLUMN 16
AVERAGE MONTHLY: 42.6 TOTAL FOR MONTH: 4.13 1 = FOG OR MIST
DPTR FM NORMAL: -1.9 DPTR FM NORMAL: 0.24 2 = FOG REDUCING VISIBILITY
HIGHEST: 80 ON 1 GRTST 24HR 3.24 ON 16-16 TO 1/4 MILE OR LESS
LOWEST: 19 ON 30,23 3 = THUNDER
SNOW, ICE PELLETS, HAIL 4 = ICE PELLETS
TOTAL MONTH: 0.2 INCH 5 = HAIL
GRTST 24HR 0.2 ON 22-22 6 = FREEZING RAIN OR DRIZZLE
GRTST DEPTH: 1 ON 23 7 = DUSTSTORM OR SANDSTORM:
VSBY 1/2 MILE OR LESS
8 = SMOKE OR HAZE
[NO. OF DAYS WITH] [WEATHER - DAYS WITH] 9 = BLOWING SNOW
X = TORNADO
MAX 32 OR BELOW: 0 0.01 INCH OR MORE: 11
MAX 90 OR ABOVE: 0 0.10 INCH OR MORE: 9
MIN 32 OR BELOW: 23 0.50 INCH OR MORE: 2
MIN 0 OR BELOW: 0 1.00 INCH OR MORE: 1
[HDD (BASE 65) ]
TOTAL THIS MO. 696 CLEAR (SCALE 0-3) 16
DPTR FM NORMAL 57 PTCLDY (SCALE 4-7) 13
TOTAL FM JUL 1 1432 CLOUDY (SCALE 8-10) 2
DPTR FM NORMAL -196
[CDD (BASE 65) ]
TOTAL THIS MO. 11
DPTR FM NORMAL 9 [PRESSURE DATA]
TOTAL FM JAN 1 11 HIGHEST SLP M ON M
DPTR FM NORMAL 9 LOWEST SLP 29.43 ON 16
[REMARKS]
#FINAL-01-22#