000
CXUS51 KOKX 010910
CF6EWR
PRELIMINARY LOCAL CLIMATOLOGICAL DATA (WS FORM: F-6)
STATION: NEWARK NJ
MONTH: MARCH
YEAR: 2022
LATITUDE: 40 42 N
LONGITUDE: 74 10 W
TEMPERATURE IN F: :PCPN: SNOW: WIND :SUNSHINE: SKY :PK WND
================================================================================
1 2 3 4 5 6A 6B 7 8 9 10 11 12 13 14 15 16 17 18
12Z AVG MX 2MIN
DY MAX MIN AVG DEP HDD CDD WTR SNW DPTH SPD SPD DIR MIN PSBL S-S WX SPD DR
================================================================================
1 48 30 39 1 26 0 T 0.0 0 5.3 13 160 M M 9 18 200
2 54 40 47 9 18 0 0.00 0.0 0 9.5 17 270 M M 5 24 290
3 46 25 36 -3 29 0 0.06 0.0 0 16.3 26 330 M M 6 35 300
4 39 20 30 -9 35 0 0.00 0.0 0 8.6 22 340 M M 2 28 280
5 46 26 36 -3 29 0 0.00 0.0 0 5.3 16 170 M M 8 22 160
6 69 44 57 17 8 0 0.04 0.0 0 10.6 26 230 M M 9 1 35 230
7 76 50 63 23 2 0 0.01 0.0 0 16.6 44 270 M M 10 60 300
8 50 38 44 4 21 0 0.00 0.0 0 16.6 31 300 M M 8 44 290
9 42 33 38 -2 27 0 0.60 0.5 0 8.2 15 360 M M 10 14 19 130
10 50 30 40 -1 25 0 0.00 0.0 0 3.9 9 140 M M 7 128 12 140
11 54 35 45 4 20 0 0.00 0.0 0 5.2 16 130 M M 6 22 130
12 46 23 35 -6 30 0 0.31 0.3 0 16.4 39 320 M M 10 14 53 320
13 35 21 28 -14 37 0 T T T 15.0 35 280 M M 7 41 270
14 58 31 45 3 20 0 0.00 0.0 0 10.7 20 220 M M 7 27 260
15 69 38 54 12 11 0 T 0.0 0 7.7 20 290 M M 7 26 310
16 66 47 57 15 8 0 0.00 0.0 0 6.7 15 140 M M 4 21 140
17 55 45 50 7 15 0 0.09 0.0 0 8.9 16 20 M M 10 12 18 20
18 74 48 61 18 4 0 0.00 0.0 0 6.6 15 130 M M 7 1 19 150
19 71 47 59 16 6 0 0.15 0.0 0 7.2 24 220 M M 8 13 31 220
20 60 47 54 10 11 0 0.00 0.0 0 15.7 28 310 M M 7 35 300
21 65 44 55 11 10 0 0.00 0.0 0 13.7 29 270 M M 3 37 270
22 61 44 53 9 12 0 0.00 0.0 0 13.6 24 300 M M 7 31 300
23 47 39 43 -2 22 0 0.11 0.0 0 10.4 17 20 M M 9 23 60
24 47 40 44 -1 21 0 0.88 0.0 0 12.3 21 40 M M 10 1 28 30
25 60 44 52 7 13 0 0.02 0.0 0 11.4 25 260 M M 8 1 35 260
26 56 41 49 3 16 0 T 0.0 0 14.3 26 280 M M 8 3 34 280
27 48 28 38 -8 27 0 T T 0 17.4 33 280 M M 7 40 270
28 35 23 29 -17 36 0 T T 0 21.6 31 330 M M 5 8 41 300
29 40 24 32 -15 33 0 0.00 0.0 0 17.1 28 320 M M 5 36 310
30 48 29 39 -8 26 0 0.00 0.0 0 6.7 13 140 M M 6 17 280
31 71 44 58 11 7 0 0.11 0.0 0 11.2 29 200 M M 10 138 37 200
================================================================================
SM 1686 1118 605 0 2.38 0.8 350.7 M 225
================================================================================
AV 54.4 36.1 11.3 FASTST M M 7 MAX(MPH)
MISC ----> 44 270 60 300
================================================================================
NOTES:
# LAST OF SEVERAL OCCURRENCES
COLUMN 17 PEAK WIND IN M.P.H.
PRELIMINARY LOCAL CLIMATOLOGICAL DATA (WS FORM: F-6) , PAGE 2
STATION: NEWARK NJ
MONTH: MARCH
YEAR: 2022
LATITUDE: 40 42 N
LONGITUDE: 74 10 W
[TEMPERATURE DATA] [PRECIPITATION DATA] SYMBOLS USED IN COLUMN 16
AVERAGE MONTHLY: 45.2 TOTAL FOR MONTH: 2.38 1 = FOG OR MIST
DPTR FM NORMAL: 2.7 DPTR FM NORMAL: -1.75 2 = FOG REDUCING VISIBILITY
HIGHEST: 76 ON 7 GRTST 24HR 0.88 ON 24-24 TO 1/4 MILE OR LESS
LOWEST: 20 ON 4 3 = THUNDER
SNOW, ICE PELLETS, HAIL 4 = ICE PELLETS
TOTAL MONTH: 0.8 INCH 5 = HAIL
GRTST 24HR 0.5 ON 9- 9 6 = FREEZING RAIN OR DRIZZLE
GRTST DEPTH: T 7 = DUSTSTORM OR SANDSTORM:
VSBY 1/2 MILE OR LESS
8 = SMOKE OR HAZE
[NO. OF DAYS WITH] [WEATHER - DAYS WITH] 9 = BLOWING SNOW
X = TORNADO
MAX 32 OR BELOW: 0 0.01 INCH OR MORE: 11
MAX 90 OR ABOVE: 0 0.10 INCH OR MORE: 6
MIN 32 OR BELOW: 12 0.50 INCH OR MORE: 2
MIN 0 OR BELOW: 0 1.00 INCH OR MORE: 0
[HDD (BASE 65) ]
TOTAL THIS MO. 605 CLEAR (SCALE 0-3) 2
DPTR FM NORMAL -92 PTCLDY (SCALE 4-7) 19
TOTAL FM JUL 1 3768 CLOUDY (SCALE 8-10) 10
DPTR FM NORMAL -432
[CDD (BASE 65) ]
TOTAL THIS MO. 0
DPTR FM NORMAL -1 [PRESSURE DATA]
TOTAL FM JAN 1 0 HIGHEST SLP M ON M
DPTR FM NORMAL -1 LOWEST SLP 29.26 ON 12
[REMARKS]
#FINAL-03-22#